000
CXUS52 KMFL 011000
CF6TMB
PRELIMINARY LOCAL CLIMATOLOGICAL DATA (WS FORM: F-6)
STATION: KENDALL-TAMIAMI EXEC ARPT
MONTH: SEPTEMBER
YEAR: 2020
LATITUDE: 25 38 N
LONGITUDE: 80 26 W
TEMPERATURE IN F: :PCPN: SNOW: WIND :SUNSHINE: SKY :PK WND
================================================================================
1 2 3 4 5 6A 6B 7 8 9 10 11 12 13 14 15 16 17 18
12Z AVG MX 2MIN
DY MAX MIN AVG DEP HDD CDD WTR SNW DPTH SPD SPD DIR MIN PSBL S-S WX SPD DR
================================================================================
1 93 78 86 4 0 21 0.00 0.0 0 6.3 17 110 M M 0 22 100
2 93 79 86 4 0 21 0.00 0.0 0 9.9 20 70 M M 2 23 80
3 93 84 89 7 0 24 T 0.0 0 9.9 16 90 M M 2 21 110
4 93 82 88 6 0 23 T 0.0 0 9.2 18 80 M M 2 26 50
5 93 77 85 4 0 20 0.57 0.0 0 7.1 21 100 M M 2 13 29 100
6 92 76 84 3 0 19 0.16 0.0 0 7.4 24 130 M M 1 13 30 130
7 88 77 83 2 0 18 0.02 0.0 0 7.1 21 90 M M 2 13 26 110
8 91 77 84 3 0 19 0.08 0.0 0 4.9 15 140 M M 3 138 20 140
9 90 78 84 3 0 19 0.75 0.0 0 3.9 14 260 M M 4 13 17 250
10 90 77 84 3 0 19 0.63 0.0 0 4.9 16 100 M M 4 1 21 100
11 92 79 86 5 0 21 0.13 0.0 0 7.0 17 90 M M 3 13 19 80
12 81 78 80 -1 0 15 1.08 0.0 0 12.7 29 110 M M 8 13 38 120
13 88 77 83 2 0 18 0.12 0.0 0 7.5 16 140 M M 3 13 28 320
14 92 80 86 5 0 21 0.00 0.0 0 7.6 15 120 M M 1 22 130
15 92 78 85 4 0 20 0.00 0.0 0 6.0 15 130 M M 1 20 110
16 92 78 85 4 0 20 0.00 0.0 0 6.8 16 140 M M 1 22 120
17 93 81 87 6 0 22 0.00 0.0 0 5.8 16 160 M M 2 20 160
18 95 81 88 7 0 23 0.16 0.0 0 6.0 18 290 M M 3 22 280
19 95 78 87 6 0 22 0.00 0.0 0 2.7 12 150 M M 2 1 15 200
20 92 79 86 5 0 21 0.37 0.0 0 3.4 14 140 M M 4 13 18 140
21 84 79 82 1 0 17 0.80 0.0 0 11.0 25 50 M M 6 13 32 80
22 90 79 85 4 0 20 0.00 0.0 0 14.6 26 90 M M 4 32 80
23 89 73 81 0 0 16 T 0.0 0 9.3 20 80 M M 3 23 90
24 86 79 83 2 0 18 0.49 0.0 0 9.1 18 90 M M 6 13 24 100
25 M M M M M M 0.78 M 0 4.3 10 230 M M 3 138 M M
26 M M M M M M 0.28 M 0 4.4 12 280 M M 2 1238 M M
27 91 74 83 2 0 18 0.00 0.0 0 2.8 14 110 M M 4 13 18 120
28 89 75 82 1 0 17 1.27 0.0 0 2.3 16 230 M M 2 13 23 220
29 91 75 83 2 0 18 0.00 0.0 0 4.8 15 150 M M 2 1 21 220
30 93 75 84 4 0 19 0.13 0.0 0 4.7 23 100 M M 3 13 27 100
================================================================================
SM 2541 2183 0 549 7.82 0.0 203.4 M 85
================================================================================
AV 90.8 78.0 6.8 FASTST M M 3 MAX(MPH)
MISC ----> # 29 110 # 38 120
================================================================================
NOTES:
# LAST OF SEVERAL OCCURRENCES
COLUMN 17 PEAK WIND IN M.P.H.
PRELIMINARY LOCAL CLIMATOLOGICAL DATA (WS FORM: F-6) , PAGE 2
STATION: KENDALL-TAMIAMI EXEC ARPT
MONTH: SEPTEMBER
YEAR: 2020
LATITUDE: 25 38 N
LONGITUDE: 80 26 W
[TEMPERATURE DATA] [PRECIPITATION DATA] SYMBOLS USED IN COLUMN 16
AVERAGE MONTHLY: 84.4 TOTAL FOR MONTH: 7.82 1 = FOG OR MIST
DPTR FM NORMAL: 3.3 DPTR FM NORMAL: -1.47 2 = FOG REDUCING VISIBILITY
HIGHEST: 95 ON 19,18 GRTST 24HR 1.69 ON 31- 1 TO 1/4 MILE OR LESS
LOWEST: 73 ON 23 3 = THUNDER
SNOW, ICE PELLETS, HAIL 4 = ICE PELLETS
TOTAL MONTH: 0.0 INCH 5 = HAIL
GRTST 24HR 0.0 6 = FREEZING RAIN OR DRIZZLE
GRTST DEPTH: 0 7 = DUSTSTORM OR SANDSTORM:
VSBY 1/2 MILE OR LESS
8 = SMOKE OR HAZE
[NO. OF DAYS WITH] [WEATHER - DAYS WITH] 9 = BLOWING SNOW
X = TORNADO
MAX 32 OR BELOW: 0 0.01 INCH OR MORE: 17
MAX 90 OR ABOVE: 21 0.10 INCH OR MORE: 15
MIN 32 OR BELOW: 0 0.50 INCH OR MORE: 7
MIN 0 OR BELOW: 0 1.00 INCH OR MORE: 2
[HDD (BASE 65) ]
TOTAL THIS MO. 0 CLEAR (SCALE 0-3) 19
DPTR FM NORMAL 0 PTCLDY (SCALE 4-7) 10
TOTAL FM JUL 1 0 CLOUDY (SCALE 8-10) 1
DPTR FM NORMAL 0
[CDD (BASE 65) ]
TOTAL THIS MO. 549
DPTR FM NORMAL 66 [PRESSURE DATA]
TOTAL FM JAN 1 3906 HIGHEST SLP 30.11 ON 5
DPTR FM NORMAL 872 LOWEST SLP 29.69 ON 12
[REMARKS]
#FINAL-09-20#