000
CDUS43 KTOP 140633
CLITOP


CLIMATE REPORT
NATIONAL WEATHER SERVICE TOPEKA KS
132 AM CDT MON MAY 14 2018


...................................

...THE TOPEKA KS CLIMATE SUMMARY FOR MAY 13 2018...

CLIMATE NORMAL PERIOD 1981 TO 2010
CLIMATE RECORD PERIOD 1887 TO 2018


WEATHER ITEM   OBSERVED TIME   RECORD YEAR NORMAL DEPARTURE LAST
                VALUE   (LST)  VALUE       VALUE  FROM      YEAR
                                                  NORMAL
..................................................................
TEMPERATURE (F)
 YESTERDAY
  MAXIMUM         92R   331 PM  92    1940  75     17       79
  MINIMUM         62    527 AM  35    1997  53      9       46
  AVERAGE         77                        64     13       63

PRECIPITATION (IN)
  YESTERDAY        0.00          1.22 1985   0.16  -0.16     0.00
  MONTH TO DATE    1.93                      2.02  -0.09     0.37
  SINCE MAR 1      4.04                      8.04  -4.00    10.44
  SINCE JAN 1      5.79                     10.22  -4.43    11.83

SNOWFALL (IN)
  YESTERDAY        0.0           T    2016   0.0    0.0      0.0
                                      1991
  MONTH TO DATE    0.0                       0.0    0.0      0.0
  SINCE JAN 1      6.0                      11.3   -5.3      3.5
  SINCE JUL 1      8.1                      17.8   -9.7      6.6
  SNOW DEPTH       0

DEGREE DAYS
 HEATING
  YESTERDAY        0                         3     -3        2
  MONTH TO DATE    0                        61    -61       53
  SINCE MAR 1   1090                      1011     79      798
  SINCE JUL 1   4870                      4978   -108     3979

 COOLING
  YESTERDAY       12                         3      9        0
  MONTH TO DATE  114                        25     89       25
  SINCE MAR 1    121                        53     68       62
  SINCE JAN 1    121                        53     68       62
..................................................................


WIND (MPH)
  HIGHEST WIND SPEED    17   HIGHEST WIND DIRECTION    SW (210)
  HIGHEST GUST SPEED    27   HIGHEST GUST DIRECTION     S (200)
  AVERAGE WIND SPEED     8.7


SKY COVER
  AVERAGE SKY COVER 0.1


WEATHER CONDITIONS
 THE FOLLOWING WEATHER WAS RECORDED YESTERDAY.
  NO SIGNIFICANT WEATHER WAS OBSERVED.


RELATIVE HUMIDITY (PERCENT)
 HIGHEST    93           500 AM
 LOWEST     49           400 PM
 AVERAGE    71

..........................................................


THE TOPEKA KS CLIMATE NORMALS FOR TODAY
                         NORMAL    RECORD    YEAR
 MAXIMUM TEMPERATURE (F)   75        95      2013
                                             1941
 MINIMUM TEMPERATURE (F)   54        33      1888


SUNRISE AND SUNSET
MAY 14 2018...........SUNRISE   610 AM CDT   SUNSET   828 PM CDT
MAY 15 2018...........SUNRISE   610 AM CDT   SUNSET   829 PM CDT


-  INDICATES NEGATIVE NUMBERS.
R  INDICATES RECORD WAS SET OR TIED.
MM INDICATES DATA IS MISSING.
T  INDICATES TRACE AMOUNT.




$$
