000
CDUS43 KTOP 070648
CLITOP


CLIMATE REPORT
NATIONAL WEATHER SERVICE TOPEKA KS
147 AM CDT SAT APR 7 2018


...................................

...THE TOPEKA KS CLIMATE SUMMARY FOR APRIL 6 2018...

CLIMATE NORMAL PERIOD 1981 TO 2010
CLIMATE RECORD PERIOD 1887 TO 2018


WEATHER ITEM   OBSERVED TIME   RECORD YEAR NORMAL DEPARTURE LAST
                VALUE   (LST)  VALUE       VALUE  FROM      YEAR
                                                  NORMAL
..................................................................
TEMPERATURE (F)
 YESTERDAY
  MAXIMUM         46   1225 AM  97    1893  64    -18       60
  MINIMUM         22    909 PM  20    1982  40    -18       38
                                      1936
  AVERAGE         34                        52    -18       49

PRECIPITATION (IN)
  YESTERDAY        T             1.81 1942   0.11  -0.11     0.00
  MONTH TO DATE    0.30                      0.61  -0.31     2.21
  SINCE MAR 1      1.35                      3.10  -1.75     6.24
  SINCE JAN 1      3.10                      5.28  -2.18     7.63

SNOWFALL (IN)
  YESTERDAY        T             1.4  1994   0.0    0.0      0.0
  MONTH TO DATE    0.7                       0.1    0.6      0.0
  SINCE JAN 1      6.0                      11.1   -5.1      3.5
  SINCE JUL 1      8.1                      17.6   -9.5      6.6
  SNOW DEPTH       T

DEGREE DAYS
 HEATING
  YESTERDAY       31                        14     17       16
  MONTH TO DATE  171                        86     85       79
  SINCE MAR 1    762                       714     48      579
  SINCE JUL 1   4542                      4681   -139     3760

 COOLING
  YESTERDAY        0                         0      0        0
  MONTH TO DATE    0                         0      0        0
  SINCE MAR 1      0                         3     -3        9
  SINCE JAN 1      0                         3     -3        9
..................................................................


WIND (MPH)
  HIGHEST WIND SPEED    29   HIGHEST WIND DIRECTION     N (360)
  HIGHEST GUST SPEED    41   HIGHEST GUST DIRECTION     N (360)
  AVERAGE WIND SPEED    15.4


SKY COVER
  AVERAGE SKY COVER 0.5


WEATHER CONDITIONS
 THE FOLLOWING WEATHER WAS RECORDED YESTERDAY.
  LIGHT SNOW
  FOG


RELATIVE HUMIDITY (PERCENT)
 HIGHEST    81           800 PM
 LOWEST     47           300 PM
 AVERAGE    64

..........................................................


THE TOPEKA KS CLIMATE NORMALS FOR TODAY
                         NORMAL    RECORD    YEAR
 MAXIMUM TEMPERATURE (F)   64        89      1893
                                             1890
 MINIMUM TEMPERATURE (F)   40        19      2007


SUNRISE AND SUNSET
APRIL  7 2018.........SUNRISE   658 AM CDT   SUNSET   752 PM CDT
APRIL  8 2018.........SUNRISE   656 AM CDT   SUNSET   753 PM CDT


-  INDICATES NEGATIVE NUMBERS.
R  INDICATES RECORD WAS SET OR TIED.
MM INDICATES DATA IS MISSING.
T  INDICATES TRACE AMOUNT.




$$
