000
CDUS43 KTOP 030633
CLITOP


CLIMATE REPORT
NATIONAL WEATHER SERVICE TOPEKA KS
132 AM CDT TUE APR 3 2018


...................................

...THE TOPEKA KS CLIMATE SUMMARY FOR APRIL 2 2018...

CLIMATE NORMAL PERIOD 1981 TO 2010
CLIMATE RECORD PERIOD 1887 TO 2018


WEATHER ITEM   OBSERVED TIME   RECORD YEAR NORMAL DEPARTURE LAST
                VALUE   (LST)  VALUE       VALUE  FROM      YEAR
                                                  NORMAL
..................................................................
TEMPERATURE (F)
 YESTERDAY
  MAXIMUM         38   1018 PM  90    1889  63    -25       59
  MINIMUM         25    730 AM  14    1970  39    -14       48
  AVERAGE         32                        51    -19       54

PRECIPITATION (IN)
  YESTERDAY        0.00          1.06 1956   0.10  -0.10     0.06
  MONTH TO DATE    0.20                      0.20   0.00     0.11
  SINCE MAR 1      1.25                      2.69  -1.44     4.14
  SINCE JAN 1      3.00                      4.87  -1.87     5.53

SNOWFALL (IN)
  YESTERDAY        0.0           7.0  1926   0.1   -0.1      0.0
  MONTH TO DATE    0.7                       0.1    0.6      0.0
  SINCE JAN 1      6.0                      11.1   -5.1      3.5
  SINCE JUL 1      8.1                      17.6   -9.5      6.6
  SNOW DEPTH       T

DEGREE DAYS
 HEATING
  YESTERDAY       33                        15     18       11
  MONTH TO DATE   68                        30     38       27
  SINCE MAR 1    659                       658      1      527
  SINCE JUL 1   4439                      4625   -186     3708

 COOLING
  YESTERDAY        0                         0      0        0
  MONTH TO DATE    0                         0      0        0
  SINCE MAR 1      0                         3     -3        9
  SINCE JAN 1      0                         3     -3        9
..................................................................


WIND (MPH)
  HIGHEST WIND SPEED    16   HIGHEST WIND DIRECTION    SE (130)
  HIGHEST GUST SPEED    21   HIGHEST GUST DIRECTION    SE (140)
  AVERAGE WIND SPEED     8.3


SKY COVER
  AVERAGE SKY COVER 1.0


WEATHER CONDITIONS
 THE FOLLOWING WEATHER WAS RECORDED YESTERDAY.
  FOG


RELATIVE HUMIDITY (PERCENT)
 HIGHEST   100           500 PM
 LOWEST     81           300 AM
 AVERAGE    91

..........................................................


THE TOPEKA KS CLIMATE NORMALS FOR TODAY
                         NORMAL    RECORD    YEAR
 MAXIMUM TEMPERATURE (F)   63        92      2011
 MINIMUM TEMPERATURE (F)   39        10      1975


SUNRISE AND SUNSET
APRIL  3 2018.........SUNRISE   704 AM CDT   SUNSET   748 PM CDT
APRIL  4 2018.........SUNRISE   702 AM CDT   SUNSET   749 PM CDT


-  INDICATES NEGATIVE NUMBERS.
R  INDICATES RECORD WAS SET OR TIED.
MM INDICATES DATA IS MISSING.
T  INDICATES TRACE AMOUNT.




$$
