019
CDUS43 KTOP 242139
CLITOP


CLIMATE REPORT
NATIONAL WEATHER SERVICE TOPEKA KS
438 PM CDT THU MAY 24 2018


...................................

...THE TOPEKA KS CLIMATE SUMMARY FOR MAY 24 2018...
VALID TODAY AS OF 430 PM LOCAL TIME.

CLIMATE NORMAL PERIOD 1981 TO 2010
CLIMATE RECORD PERIOD 1887 TO 2018


WEATHER ITEM   OBSERVED TIME   RECORD YEAR NORMAL DEPARTURE LAST
                VALUE   (LST)  VALUE       VALUE  FROM      YEAR
                                                  NORMAL
..................................................................
TEMPERATURE (F)
 TODAY
  MAXIMUM         88    148 PM  97    1939  78     10       69
  MINIMUM         68    548 AM  39    1966  57     11       48
  AVERAGE         78                        68     10       59

PRECIPITATION (IN)
  TODAY            T             2.45 1945   0.16  -0.16     0.00
  MONTH TO DATE    3.30                      3.80  -0.50     3.07
  SINCE MAR 1      5.41                      9.82  -4.41    13.14
  SINCE JAN 1      7.16                     12.00  -4.84    14.53

SNOWFALL (IN)
  TODAY            0.0           0.0    MM   0.0    0.0      0.0
  MONTH TO DATE    T                         0.0    0.0       T
  SINCE JAN 1      6.0                      11.3   -5.3      3.5
  SINCE JUL 1      8.1                      17.8   -9.7      6.6
  SNOW DEPTH       0

DEGREE DAYS
 HEATING
  TODAY            0                         2     -2        6
  MONTH TO DATE    0                        88    -88       79
  SINCE MAR 1   1090                      1038     52      824
  SINCE JUL 1   4870                      5005   -135     4005

 COOLING
  TODAY           13                         4      9        0
  MONTH TO DATE  201                        63    138       66
  SINCE MAR 1    208                        91    117      103
  SINCE JAN 1    208                        91    117      103
..................................................................


WIND (MPH)
  HIGHEST WIND SPEED    21   HIGHEST WIND DIRECTION    SE (120)
  HIGHEST GUST SPEED    27   HIGHEST GUST DIRECTION    SE (140)
  AVERAGE WIND SPEED     8.1



WEATHER CONDITIONS
 THE FOLLOWING WEATHER WAS RECORDED TODAY.
  THUNDERSTORM
  LIGHT RAIN


RELATIVE HUMIDITY (PERCENT)
 HIGHEST   100           400 AM
 LOWEST     57           200 PM
 AVERAGE    79

..........................................................


THE TOPEKA KS CLIMATE NORMALS FOR TOMORROW
                         NORMAL    RECORD    YEAR
 MAXIMUM TEMPERATURE (F)   79        95      1953
 MINIMUM TEMPERATURE (F)   57        39      1925


SUNRISE AND SUNSET
MAY 24 2018...........SUNRISE   603 AM CDT   SUNSET   837 PM CDT
MAY 25 2018...........SUNRISE   602 AM CDT   SUNSET   837 PM CDT


-  INDICATES NEGATIVE NUMBERS.
R  INDICATES RECORD WAS SET OR TIED.
MM INDICATES DATA IS MISSING.
T  INDICATES TRACE AMOUNT.




$$
