000
CDUS43 KTOP 060651
CLITOP


CLIMATE REPORT
NATIONAL WEATHER SERVICE TOPEKA KS
151 AM CDT SUN MAY 6 2018


...................................

...THE TOPEKA KS CLIMATE SUMMARY FOR MAY 5 2018...

CLIMATE NORMAL PERIOD 1981 TO 2010
CLIMATE RECORD PERIOD 1887 TO 2018


WEATHER ITEM   OBSERVED TIME   RECORD YEAR NORMAL DEPARTURE LAST
                VALUE   (LST)  VALUE       VALUE  FROM      YEAR
                                                  NORMAL
..................................................................
TEMPERATURE (F)
 YESTERDAY
  MAXIMUM         86    344 PM  97    1940  73     13       76
  MINIMUM         51    500 AM  32    1944  51      0       42
  AVERAGE         69                        62      7       59

PRECIPITATION (IN)
  YESTERDAY        0.00          2.17 1977   0.15  -0.15     0.00
  MONTH TO DATE    1.93                      0.76   1.17     0.25
  SINCE MAR 1      4.04                      6.78  -2.74    10.32
  SINCE JAN 1      5.79                      8.96  -3.17    11.71

SNOWFALL (IN)
  YESTERDAY        0.0           T    1944   0.0    0.0      0.0
  MONTH TO DATE    0.0                       0.0    0.0      0.0
  SINCE JAN 1      6.0                      11.3   -5.3      3.5
  SINCE JUL 1      8.1                      17.8   -9.7      6.6
  SNOW DEPTH       0

DEGREE DAYS
 HEATING
  YESTERDAY        0                         5     -5        6
  MONTH TO DATE    0                        28    -28       49
  SINCE MAR 1   1090                       978    112      794
  SINCE JUL 1   4870                      4945    -75     3975

 COOLING
  YESTERDAY        4                         2      2        0
  MONTH TO DATE   28                         8     20        0
  SINCE MAR 1     35                        36     -1       37
  SINCE JAN 1     35                        36     -1       37
..................................................................


WIND (MPH)
  HIGHEST WIND SPEED    15   HIGHEST WIND DIRECTION     W (280)
  HIGHEST GUST SPEED    21   HIGHEST GUST DIRECTION     W (270)
  AVERAGE WIND SPEED     3.2


SKY COVER
  AVERAGE SKY COVER 0.0


WEATHER CONDITIONS
 THE FOLLOWING WEATHER WAS RECORDED YESTERDAY.
  NO SIGNIFICANT WEATHER WAS OBSERVED.


RELATIVE HUMIDITY (PERCENT)
 HIGHEST   100           500 AM
 LOWEST     23           500 PM
 AVERAGE    62

..........................................................


THE TOPEKA KS CLIMATE NORMALS FOR TODAY
                         NORMAL    RECORD    YEAR
 MAXIMUM TEMPERATURE (F)   73        92      1916
 MINIMUM TEMPERATURE (F)   51        30      1944


SUNRISE AND SUNSET
MAY  6 2018...........SUNRISE   619 AM CDT   SUNSET   820 PM CDT
MAY  7 2018...........SUNRISE   617 AM CDT   SUNSET   821 PM CDT


-  INDICATES NEGATIVE NUMBERS.
R  INDICATES RECORD WAS SET OR TIED.
MM INDICATES DATA IS MISSING.
T  INDICATES TRACE AMOUNT.




$$
