000
CDUS43 KTOP 070642
CLITOP


CLIMATE REPORT
NATIONAL WEATHER SERVICE TOPEKA KS
140 AM CDT MON MAY 7 2018


...................................

...THE TOPEKA KS CLIMATE SUMMARY FOR MAY 6 2018...

CLIMATE NORMAL PERIOD 1981 TO 2010
CLIMATE RECORD PERIOD 1887 TO 2018


WEATHER ITEM   OBSERVED TIME   RECORD YEAR NORMAL DEPARTURE LAST
                VALUE   (LST)  VALUE       VALUE  FROM      YEAR
                                                  NORMAL
..................................................................
TEMPERATURE (F)
 YESTERDAY
  MAXIMUM         87    351 PM  92    1916  73     14       81
  MINIMUM         55    604 AM  30    1944  51      4       49
  AVERAGE         71                        62      9       65

PRECIPITATION (IN)
  YESTERDAY        T             5.10 2007   0.16  -0.16     0.00
  MONTH TO DATE    1.93                      0.92   1.01     0.25
  SINCE MAR 1      4.04                      6.94  -2.90    10.32
  SINCE JAN 1      5.79                      9.12  -3.33    11.71

SNOWFALL (IN)
  YESTERDAY        0.0           T    2001   0.0    0.0      0.0
  MONTH TO DATE    0.0                       0.0    0.0      0.0
  SINCE JAN 1      6.0                      11.3   -5.3      3.5
  SINCE JUL 1      8.1                      17.8   -9.7      6.6
  SNOW DEPTH       0

DEGREE DAYS
 HEATING
  YESTERDAY        0                         5     -5        0
  MONTH TO DATE    0                        33    -33       49
  SINCE MAR 1   1090                       983    107      794
  SINCE JUL 1   4870                      4950    -80     3975

 COOLING
  YESTERDAY        6                         2      4        0
  MONTH TO DATE   34                        10     24        0
  SINCE MAR 1     41                        38      3       37
  SINCE JAN 1     41                        38      3       37
..................................................................


WIND (MPH)
  HIGHEST WIND SPEED    15   HIGHEST WIND DIRECTION    NW (300)
  HIGHEST GUST SPEED    22   HIGHEST GUST DIRECTION     N (340)
  AVERAGE WIND SPEED     4.7


SKY COVER
  AVERAGE SKY COVER 0.1


WEATHER CONDITIONS
 THE FOLLOWING WEATHER WAS RECORDED YESTERDAY.
  NO SIGNIFICANT WEATHER WAS OBSERVED.


RELATIVE HUMIDITY (PERCENT)
 HIGHEST    93           500 AM
 LOWEST     29           300 PM
 AVERAGE    61

..........................................................


THE TOPEKA KS CLIMATE NORMALS FOR TODAY
                         NORMAL    RECORD    YEAR
 MAXIMUM TEMPERATURE (F)   73        94      1934
 MINIMUM TEMPERATURE (F)   51        32      1989
                                             1890


SUNRISE AND SUNSET
MAY  7 2018...........SUNRISE   617 AM CDT   SUNSET   821 PM CDT
MAY  8 2018...........SUNRISE   616 AM CDT   SUNSET   822 PM CDT


-  INDICATES NEGATIVE NUMBERS.
R  INDICATES RECORD WAS SET OR TIED.
MM INDICATES DATA IS MISSING.
T  INDICATES TRACE AMOUNT.




$$
