000
CDUS43 KTOP 160634
CLITOP


CLIMATE REPORT
NATIONAL WEATHER SERVICE TOPEKA KS
134 AM CDT MON APR 16 2018


...................................

...THE TOPEKA KS CLIMATE SUMMARY FOR APRIL 15 2018...

CLIMATE NORMAL PERIOD 1981 TO 2010
CLIMATE RECORD PERIOD 1887 TO 2018


WEATHER ITEM   OBSERVED TIME   RECORD YEAR NORMAL DEPARTURE LAST
                VALUE   (LST)  VALUE       VALUE  FROM      YEAR
                                                  NORMAL
..................................................................
TEMPERATURE (F)
 YESTERDAY
  MAXIMUM         35    327 PM  90    1924  67    -32       82
                                      1896
  MINIMUM         27    709 AM  25    1928  43    -16       60
  AVERAGE         31                        55    -24       71

PRECIPITATION (IN)
  YESTERDAY        T             4.12 1945   0.11  -0.11     1.49
  MONTH TO DATE    0.40                      1.60  -1.20     3.87
  SINCE MAR 1      1.45                      4.09  -2.64     7.90
  SINCE JAN 1      3.20                      6.27  -3.07     9.29

SNOWFALL (IN)
  YESTERDAY        T   R         T    2017   0.0    0.0       T
                                      2006
                                      1947
  MONTH TO DATE    0.7                       0.2    0.5       T
  SINCE JAN 1      6.0                      11.2   -5.2      3.5
  SINCE JUL 1      8.1                      17.7   -9.6      6.6
  SNOW DEPTH       0

DEGREE DAYS
 HEATING
  YESTERDAY       34                        11     23        0
  MONTH TO DATE  339                       194    145      120
  SINCE MAR 1    930                       822    108      620
  SINCE JUL 1   4710                      4789    -79     3801

 COOLING
  YESTERDAY        0                         1     -1        6
  MONTH TO DATE    2                         8     -6       21
  SINCE MAR 1      2                        11     -9       30
  SINCE JAN 1      2                        11     -9       30
..................................................................


WIND (MPH)
  HIGHEST WIND SPEED    28   HIGHEST WIND DIRECTION    NW (310)
  HIGHEST GUST SPEED    38   HIGHEST GUST DIRECTION    NW (320)
  AVERAGE WIND SPEED    16.6


SKY COVER
  AVERAGE SKY COVER 1.0


WEATHER CONDITIONS
 THE FOLLOWING WEATHER WAS RECORDED YESTERDAY.
  LIGHT SNOW
  FOG


RELATIVE HUMIDITY (PERCENT)
 HIGHEST    85          1200 AM
 LOWEST     61           200 PM
 AVERAGE    73

..........................................................


THE TOPEKA KS CLIMATE NORMALS FOR TODAY
                         NORMAL    RECORD    YEAR
 MAXIMUM TEMPERATURE (F)   67        87      1964
 MINIMUM TEMPERATURE (F)   44        26      1953
                                             1921


SUNRISE AND SUNSET
APRIL 16 2018.........SUNRISE   644 AM CDT   SUNSET   801 PM CDT
APRIL 17 2018.........SUNRISE   643 AM CDT   SUNSET   802 PM CDT


-  INDICATES NEGATIVE NUMBERS.
R  INDICATES RECORD WAS SET OR TIED.
MM INDICATES DATA IS MISSING.
T  INDICATES TRACE AMOUNT.




$$
