079
CDUS43 KTOP 200632
CLITOP


CLIMATE REPORT
NATIONAL WEATHER SERVICE TOPEKA KS
131 AM CDT SUN MAY 20 2018


...................................

...THE TOPEKA KS CLIMATE SUMMARY FOR MAY 19 2018...

CLIMATE NORMAL PERIOD 1981 TO 2010
CLIMATE RECORD PERIOD 1887 TO 2018


WEATHER ITEM   OBSERVED TIME   RECORD YEAR NORMAL DEPARTURE LAST
                VALUE   (LST)  VALUE       VALUE  FROM      YEAR
                                                  NORMAL
..................................................................
TEMPERATURE (F)
 YESTERDAY
  MAXIMUM         83    314 PM  96    2006  77      6       69
                                      1975
                                      1944
  MINIMUM         65   1159 PM  30    1888  55     10       60
  AVERAGE         74                        66      8       65

PRECIPITATION (IN)
  YESTERDAY        0.30          2.04 1977   0.16   0.14     1.03
  MONTH TO DATE    2.89                      2.98  -0.09     2.83
  SINCE MAR 1      5.00                      9.00  -4.00    12.90
  SINCE JAN 1      6.75                     11.18  -4.43    14.29

SNOWFALL (IN)
  YESTERDAY        0.0           0.0    MM   0.0    0.0      0.0
  MONTH TO DATE    T                         0.0    0.0       T
  SINCE JAN 1      6.0                      11.3   -5.3      3.5
  SINCE JUL 1      8.1                      17.8   -9.7      6.6
  SNOW DEPTH       0

DEGREE DAYS
 HEATING
  YESTERDAY        0                         2     -2        0
  MONTH TO DATE    0                        78    -78       53
  SINCE MAR 1   1090                      1028     62      798
  SINCE JUL 1   4870                      4995   -125     3979

 COOLING
  YESTERDAY        9                         3      6        0
  MONTH TO DATE  164                        43    121       66
  SINCE MAR 1    171                        71    100      103
  SINCE JAN 1    171                        71    100      103
..................................................................


WIND (MPH)
  HIGHEST WIND SPEED    16   HIGHEST WIND DIRECTION    NE (60)
  HIGHEST GUST SPEED    23   HIGHEST GUST DIRECTION     W (280)
  AVERAGE WIND SPEED     5.4


SKY COVER
  AVERAGE SKY COVER 0.3


WEATHER CONDITIONS
 THE FOLLOWING WEATHER WAS RECORDED YESTERDAY.
  THUNDERSTORM
  RAIN
  LIGHT RAIN
  FOG


RELATIVE HUMIDITY (PERCENT)
 HIGHEST   100           500 AM
 LOWEST     54           400 PM
 AVERAGE    77

..........................................................


THE TOPEKA KS CLIMATE NORMALS FOR TODAY
                         NORMAL    RECORD    YEAR
 MAXIMUM TEMPERATURE (F)   77        91      1964
                                             1937
                                             1933
 MINIMUM TEMPERATURE (F)   56        36      1981


SUNRISE AND SUNSET
MAY 20 2018...........SUNRISE   605 AM CDT   SUNSET   833 PM CDT
MAY 21 2018...........SUNRISE   605 AM CDT   SUNSET   834 PM CDT


-  INDICATES NEGATIVE NUMBERS.
R  INDICATES RECORD WAS SET OR TIED.
MM INDICATES DATA IS MISSING.
T  INDICATES TRACE AMOUNT.




$$
