000
CDUS43 KTOP 130634
CLITOP


CLIMATE REPORT
NATIONAL WEATHER SERVICE TOPEKA KS
133 AM CDT SUN MAY 13 2018


...................................

...THE TOPEKA KS CLIMATE SUMMARY FOR MAY 12 2018...

CLIMATE NORMAL PERIOD 1981 TO 2010
CLIMATE RECORD PERIOD 1887 TO 2018


WEATHER ITEM   OBSERVED TIME   RECORD YEAR NORMAL DEPARTURE LAST
                VALUE   (LST)  VALUE       VALUE  FROM      YEAR
                                                  NORMAL
..................................................................
TEMPERATURE (F)
 YESTERDAY
  MAXIMUM         89    311 PM  93    1956  75     14       75
  MINIMUM         73    602 AM  34    1960  53     20       52
  AVERAGE         81                        64     17       64

PRECIPITATION (IN)
  YESTERDAY        T             3.24 1934   0.16  -0.16     0.00
  MONTH TO DATE    1.93                      1.86   0.07     0.37
  SINCE MAR 1      4.04                      7.88  -3.84    10.44
  SINCE JAN 1      5.79                     10.06  -4.27    11.83

SNOWFALL (IN)
  YESTERDAY        0.0           T    1990   0.0    0.0      0.0
  MONTH TO DATE    0.0                       0.0    0.0      0.0
  SINCE JAN 1      6.0                      11.3   -5.3      3.5
  SINCE JUL 1      8.1                      17.8   -9.7      6.6
  SNOW DEPTH       0

DEGREE DAYS
 HEATING
  YESTERDAY        0                         4     -4        1
  MONTH TO DATE    0                        58    -58       51
  SINCE MAR 1   1090                      1008     82      796
  SINCE JUL 1   4870                      4975   -105     3977

 COOLING
  YESTERDAY       16                         2     14        0
  MONTH TO DATE  102                        22     80       25
  SINCE MAR 1    109                        50     59       62
  SINCE JAN 1    109                        50     59       62
..................................................................


WIND (MPH)
  HIGHEST WIND SPEED    21   HIGHEST WIND DIRECTION     S (190)
  HIGHEST GUST SPEED    31   HIGHEST GUST DIRECTION    SW (210)
  AVERAGE WIND SPEED    11.4


SKY COVER
  AVERAGE SKY COVER 0.3


WEATHER CONDITIONS
 THE FOLLOWING WEATHER WAS RECORDED YESTERDAY.
  THUNDERSTORM
  LIGHT RAIN


RELATIVE HUMIDITY (PERCENT)
 HIGHEST    76          1100 PM
 LOWEST     48           200 PM
 AVERAGE    62

..........................................................


THE TOPEKA KS CLIMATE NORMALS FOR TODAY
                         NORMAL    RECORD    YEAR
 MAXIMUM TEMPERATURE (F)   75        92      1940
 MINIMUM TEMPERATURE (F)   53        35      1997


SUNRISE AND SUNSET
MAY 13 2018...........SUNRISE   611 AM CDT   SUNSET   827 PM CDT
MAY 14 2018...........SUNRISE   610 AM CDT   SUNSET   828 PM CDT


-  INDICATES NEGATIVE NUMBERS.
R  INDICATES RECORD WAS SET OR TIED.
MM INDICATES DATA IS MISSING.
T  INDICATES TRACE AMOUNT.




$$
