000
CDUS43 KTOP 052247
CLITOP


CLIMATE REPORT
NATIONAL WEATHER SERVICE TOPEKA KS
545 PM CDT THU APR 5 2018


...................................

...THE TOPEKA KS CLIMATE SUMMARY FOR APRIL 5 2018...
VALID TODAY AS OF 0500 PM LOCAL TIME.

CLIMATE NORMAL PERIOD 1981 TO 2010
CLIMATE RECORD PERIOD 1887 TO 2018


WEATHER ITEM   OBSERVED TIME   RECORD YEAR NORMAL DEPARTURE LAST
                VALUE   (LST)  VALUE       VALUE  FROM      YEAR
                                                  NORMAL
..................................................................
TEMPERATURE (F)
 TODAY
  MAXIMUM         73    357 PM  89    2000  64      9       60
  MINIMUM         34    654 AM  13    1920  40     -6       39
  AVERAGE         54                        52      2       50

PRECIPITATION (IN)
  TODAY            0.00          1.56 1928   0.10  -0.10     0.46
  MONTH TO DATE    0.30                      0.50  -0.20     2.21
  SINCE MAR 1      1.35                      2.99  -1.64     6.24
  SINCE JAN 1      3.10                      5.17  -2.07     7.63

SNOWFALL (IN)
  TODAY            0.0           T    2010   0.0    0.0      0.0
                                      2009
                                      1996
  MONTH TO DATE    0.7                       0.1    0.6      0.0
  SINCE JAN 1      6.0                      11.1   -5.1      3.5
  SINCE JUL 1      8.1                      17.6   -9.5      6.6
  SNOW DEPTH       0

DEGREE DAYS
 HEATING
  TODAY           11                        14     -3       15
  MONTH TO DATE  140                        72     68       63
  SINCE MAR 1    731                       700     31      563
  SINCE JUL 1   4511                      4667   -156     3744

 COOLING
  TODAY            0                         0      0        0
  MONTH TO DATE    0                         0      0        0
  SINCE MAR 1      0                         3     -3        9
  SINCE JAN 1      0                         3     -3        9
..................................................................


WIND (MPH)
  HIGHEST WIND SPEED    15   HIGHEST WIND DIRECTION    SW (230)
  HIGHEST GUST SPEED    23   HIGHEST GUST DIRECTION     S (200)
  AVERAGE WIND SPEED     7.0



WEATHER CONDITIONS
 THE FOLLOWING WEATHER WAS RECORDED TODAY.
  NO SIGNIFICANT WEATHER WAS OBSERVED.


RELATIVE HUMIDITY (PERCENT)
 HIGHEST    82           700 AM
 LOWEST     25           400 PM
 AVERAGE    54

..........................................................


THE TOPEKA KS CLIMATE NORMALS FOR TOMORROW
                         NORMAL    RECORD    YEAR
 MAXIMUM TEMPERATURE (F)   64        97      1893
 MINIMUM TEMPERATURE (F)   40        20      1982
                                             1936


SUNRISE AND SUNSET
APRIL  5 2018.........SUNRISE   701 AM CDT   SUNSET   750 PM CDT
APRIL  6 2018.........SUNRISE   659 AM CDT   SUNSET   751 PM CDT


-  INDICATES NEGATIVE NUMBERS.
R  INDICATES RECORD WAS SET OR TIED.
MM INDICATES DATA IS MISSING.
T  INDICATES TRACE AMOUNT.




$$
