681
CDUS43 KTOP 120636
CLITOP


CLIMATE REPORT
NATIONAL WEATHER SERVICE TOPEKA KS
136 AM CDT THU APR 12 2018


...................................

...THE TOPEKA KS CLIMATE SUMMARY FOR APRIL 11 2018...

CLIMATE NORMAL PERIOD 1981 TO 2010
CLIMATE RECORD PERIOD 1887 TO 2018


WEATHER ITEM   OBSERVED TIME   RECORD YEAR NORMAL DEPARTURE LAST
                VALUE   (LST)  VALUE       VALUE  FROM      YEAR
                                                  NORMAL
..................................................................
TEMPERATURE (F)
 YESTERDAY
  MAXIMUM         84    323 PM  90    1996  65     19       68
  MINIMUM         44    145 AM  25    1940  42      2       38
  AVERAGE         64                        54     10       53

PRECIPITATION (IN)
  YESTERDAY        0.00          1.09 1920   0.11  -0.11     0.00
  MONTH TO DATE    0.35                      1.15  -0.80     2.21
  SINCE MAR 1      1.40                      3.64  -2.24     6.24
  SINCE JAN 1      3.15                      5.82  -2.67     7.63

SNOWFALL (IN)
  YESTERDAY        0.0           1.1  1957   0.0    0.0      0.0
  MONTH TO DATE    0.7                       0.2    0.5      0.0
  SINCE JAN 1      6.0                      11.2   -5.2      3.5
  SINCE JUL 1      8.1                      17.7   -9.6      6.6
  SNOW DEPTH       0

DEGREE DAYS
 HEATING
  YESTERDAY        1                        12    -11       12
  MONTH TO DATE  279                       149    130      116
  SINCE MAR 1    870                       777     93      616
  SINCE JUL 1   4650                      4744    -94     3797

 COOLING
  YESTERDAY        0                         1     -1        0
  MONTH TO DATE    0                         4     -4        8
  SINCE MAR 1      0                         7     -7       17
  SINCE JAN 1      0                         7     -7       17
..................................................................


WIND (MPH)
  HIGHEST WIND SPEED    24   HIGHEST WIND DIRECTION    SW (210)
  HIGHEST GUST SPEED    38   HIGHEST GUST DIRECTION     S (200)
  AVERAGE WIND SPEED     9.7


SKY COVER
  AVERAGE SKY COVER 0.0


WEATHER CONDITIONS
 THE FOLLOWING WEATHER WAS RECORDED YESTERDAY.
  HAZE


RELATIVE HUMIDITY (PERCENT)
 HIGHEST    71           100 AM
 LOWEST     23           400 PM
 AVERAGE    47

..........................................................


THE TOPEKA KS CLIMATE NORMALS FOR TODAY
                         NORMAL    RECORD    YEAR
 MAXIMUM TEMPERATURE (F)   66        87      1972
 MINIMUM TEMPERATURE (F)   42        20      1957


SUNRISE AND SUNSET
APRIL 12 2018.........SUNRISE   650 AM CDT   SUNSET   757 PM CDT
APRIL 13 2018.........SUNRISE   649 AM CDT   SUNSET   758 PM CDT


-  INDICATES NEGATIVE NUMBERS.
R  INDICATES RECORD WAS SET OR TIED.
MM INDICATES DATA IS MISSING.
T  INDICATES TRACE AMOUNT.




$$
