000
CDUS43 KTOP 200632
CLITOP


CLIMATE REPORT
NATIONAL WEATHER SERVICE TOPEKA KS
131 AM CDT FRI APR 20 2018


...................................

...THE TOPEKA KS CLIMATE SUMMARY FOR APRIL 19 2018...

CLIMATE NORMAL PERIOD 1981 TO 2010
CLIMATE RECORD PERIOD 1887 TO 2018


WEATHER ITEM   OBSERVED TIME   RECORD YEAR NORMAL DEPARTURE LAST
                VALUE   (LST)  VALUE       VALUE  FROM      YEAR
                                                  NORMAL
..................................................................
TEMPERATURE (F)
 YESTERDAY
  MAXIMUM         61    412 PM  91    1987  68     -7       82
  MINIMUM         33    611 AM  27    1953  45    -12       58
  AVERAGE         47                        56     -9       70

PRECIPITATION (IN)
  YESTERDAY        0.00          3.19 2003   0.11  -0.11     0.02
  MONTH TO DATE    0.40                      2.06  -1.66     4.21
  SINCE MAR 1      1.45                      4.55  -3.10     8.24
  SINCE JAN 1      3.20                      6.73  -3.53     9.63

SNOWFALL (IN)
  YESTERDAY        0.0           T    1993   0.0    0.0      0.0
  MONTH TO DATE    0.7                       0.3    0.4       T
  SINCE JAN 1      6.0                      11.3   -5.3      3.5
  SINCE JUL 1      8.1                      17.8   -9.7      6.6
  SNOW DEPTH       0

DEGREE DAYS
 HEATING
  YESTERDAY       18                        10      8        0
  MONTH TO DATE  409                       235    174      127
  SINCE MAR 1   1000                       863    137      627
  SINCE JUL 1   4780                      4830    -50     3808

 COOLING
  YESTERDAY        0                         1     -1        5
  MONTH TO DATE    2                        12    -10       28
  SINCE MAR 1      2                        15    -13       37
  SINCE JAN 1      2                        15    -13       37
..................................................................


WIND (MPH)
  HIGHEST WIND SPEED    15   HIGHEST WIND DIRECTION     E (80)
  HIGHEST GUST SPEED    20   HIGHEST GUST DIRECTION     E (80)
  AVERAGE WIND SPEED     6.7


SKY COVER
  AVERAGE SKY COVER 0.2


WEATHER CONDITIONS
 THE FOLLOWING WEATHER WAS RECORDED YESTERDAY.
  NO SIGNIFICANT WEATHER WAS OBSERVED.


RELATIVE HUMIDITY (PERCENT)
 HIGHEST    82           700 AM
 LOWEST     32           400 PM
 AVERAGE    57

..........................................................


THE TOPEKA KS CLIMATE NORMALS FOR TODAY
                         NORMAL    RECORD    YEAR
 MAXIMUM TEMPERATURE (F)   68        94      1902
 MINIMUM TEMPERATURE (F)   45        24      1953


SUNRISE AND SUNSET
APRIL 20 2018.........SUNRISE   639 AM CDT   SUNSET   805 PM CDT
APRIL 21 2018.........SUNRISE   637 AM CDT   SUNSET   806 PM CDT


-  INDICATES NEGATIVE NUMBERS.
R  INDICATES RECORD WAS SET OR TIED.
MM INDICATES DATA IS MISSING.
T  INDICATES TRACE AMOUNT.




$$
