000
CDUS43 KTOP 180632
CLITOP


CLIMATE REPORT
NATIONAL WEATHER SERVICE TOPEKA KS
131 AM CDT FRI MAY 18 2018


...................................

...THE TOPEKA KS CLIMATE SUMMARY FOR MAY 17 2018...

CLIMATE NORMAL PERIOD 1981 TO 2010
CLIMATE RECORD PERIOD 1887 TO 2018


WEATHER ITEM   OBSERVED TIME   RECORD YEAR NORMAL DEPARTURE LAST
                VALUE   (LST)  VALUE       VALUE  FROM      YEAR
                                                  NORMAL
..................................................................
TEMPERATURE (F)
 YESTERDAY
  MAXIMUM         86    423 PM  92    1907  76     10       79
  MINIMUM         57    518 AM  36    2014  55      2       64
  AVERAGE         72                        65      7       72

PRECIPITATION (IN)
  YESTERDAY        0.00          2.25 1940   0.17  -0.17     0.10
  MONTH TO DATE    2.59                      2.66  -0.07     0.47
  SINCE MAR 1      4.70                      8.68  -3.98    10.54
  SINCE JAN 1      6.45                     10.86  -4.41    11.93

SNOWFALL (IN)
  YESTERDAY        0.0           T    1995   0.0    0.0      0.0
  MONTH TO DATE    T                         0.0    0.0      0.0
  SINCE JAN 1      6.0                      11.3   -5.3      3.5
  SINCE JUL 1      8.1                      17.8   -9.7      6.6
  SNOW DEPTH       0

DEGREE DAYS
 HEATING
  YESTERDAY        0                         3     -3        0
  MONTH TO DATE    0                        73    -73       53
  SINCE MAR 1   1090                      1023     67      798
  SINCE JUL 1   4870                      4990   -120     3979

 COOLING
  YESTERDAY        7                         3      4        7
  MONTH TO DATE  148                        37    111       64
  SINCE MAR 1    155                        65     90      101
  SINCE JAN 1    155                        65     90      101
..................................................................


WIND (MPH)
  HIGHEST WIND SPEED    21   HIGHEST WIND DIRECTION    SE (120)
  HIGHEST GUST SPEED    26   HIGHEST GUST DIRECTION    SE (130)
  AVERAGE WIND SPEED     4.9


SKY COVER
  AVERAGE SKY COVER 0.1


WEATHER CONDITIONS
 THE FOLLOWING WEATHER WAS RECORDED YESTERDAY.
  FOG


RELATIVE HUMIDITY (PERCENT)
 HIGHEST   100          1200 AM
 LOWEST     42           300 PM
 AVERAGE    71

..........................................................


THE TOPEKA KS CLIMATE NORMALS FOR TODAY
                         NORMAL    RECORD    YEAR
 MAXIMUM TEMPERATURE (F)   77        94      1975
 MINIMUM TEMPERATURE (F)   55        38      1976


SUNRISE AND SUNSET
MAY 18 2018...........SUNRISE   607 AM CDT   SUNSET   831 PM CDT
MAY 19 2018...........SUNRISE   606 AM CDT   SUNSET   832 PM CDT


-  INDICATES NEGATIVE NUMBERS.
R  INDICATES RECORD WAS SET OR TIED.
MM INDICATES DATA IS MISSING.
T  INDICATES TRACE AMOUNT.




$$
