000
CDUS43 KTOP 110636
CLITOP


CLIMATE REPORT
NATIONAL WEATHER SERVICE TOPEKA KS
135 AM CDT FRI MAY 11 2018


...................................

...THE TOPEKA KS CLIMATE SUMMARY FOR MAY 10 2018...

CLIMATE NORMAL PERIOD 1981 TO 2010
CLIMATE RECORD PERIOD 1887 TO 2018


WEATHER ITEM   OBSERVED TIME   RECORD YEAR NORMAL DEPARTURE LAST
                VALUE   (LST)  VALUE       VALUE  FROM      YEAR
                                                  NORMAL
..................................................................
TEMPERATURE (F)
 YESTERDAY
  MAXIMUM         89    333 PM  92    2011  74     15       79
  MINIMUM         62   1232 AM  35    1981  52     10       66
  AVERAGE         76                        63     13       73

PRECIPITATION (IN)
  YESTERDAY        0.00          1.67 2003   0.16  -0.16     0.06
  MONTH TO DATE    1.93                      1.54   0.39     0.31
  SINCE MAR 1      4.04                      7.56  -3.52    10.38
  SINCE JAN 1      5.79                      9.74  -3.95    11.77

SNOWFALL (IN)
  YESTERDAY        0.0           T    1971   0.0    0.0      0.0
  MONTH TO DATE    0.0                       0.0    0.0      0.0
  SINCE JAN 1      6.0                      11.3   -5.3      3.5
  SINCE JUL 1      8.1                      17.8   -9.7      6.6
  SNOW DEPTH       0

DEGREE DAYS
 HEATING
  YESTERDAY        0                         4     -4        0
  MONTH TO DATE    0                        50    -50       49
  SINCE MAR 1   1090                      1000     90      794
  SINCE JUL 1   4870                      4967    -97     3975

 COOLING
  YESTERDAY       11                         2      9        8
  MONTH TO DATE   73                        18     55       25
  SINCE MAR 1     80                        46     34       62
  SINCE JAN 1     80                        46     34       62
..................................................................


WIND (MPH)
  HIGHEST WIND SPEED    16   HIGHEST WIND DIRECTION    SE (140)
  HIGHEST GUST SPEED    21   HIGHEST GUST DIRECTION    SE (150)
  AVERAGE WIND SPEED     5.0


SKY COVER
  AVERAGE SKY COVER 0.0


WEATHER CONDITIONS
 THE FOLLOWING WEATHER WAS RECORDED YESTERDAY.
  NO SIGNIFICANT WEATHER WAS OBSERVED.


RELATIVE HUMIDITY (PERCENT)
 HIGHEST    87           100 AM
 LOWEST     36           100 PM
 AVERAGE    62

..........................................................


THE TOPEKA KS CLIMATE NORMALS FOR TODAY
                         NORMAL    RECORD    YEAR
 MAXIMUM TEMPERATURE (F)   74        95      2000
 MINIMUM TEMPERATURE (F)   53        31      1981


SUNRISE AND SUNSET
MAY 11 2018...........SUNRISE   613 AM CDT   SUNSET   825 PM CDT
MAY 12 2018...........SUNRISE   612 AM CDT   SUNSET   826 PM CDT


-  INDICATES NEGATIVE NUMBERS.
R  INDICATES RECORD WAS SET OR TIED.
MM INDICATES DATA IS MISSING.
T  INDICATES TRACE AMOUNT.




$$
