000
CXUS55 KCYS 011807
CF6TOR
PRELIMINARY LOCAL CLIMATOLOGICAL DATA (WS FORM: F-6)
STATION: TORRINGTON WY AIRPORT
MONTH: NOVEMBER
YEAR: 2022
LATITUDE: 42 3 N
LONGITUDE: 104 9 W
TEMPERATURE IN F: :PCPN: SNOW: WIND :SUNSHINE: SKY :PK WND
================================================================================
1 2 3 4 5 6A 6B 7 8 9 10 11 12 13 14 15 16 17 18
12Z AVG MX 2MIN
DY MAX MIN AVG DEP HDD CDD WTR SNW DPTH SPD SPD DIR MIN PSBL S-S WX SPD DR
================================================================================
1 76 28 52 10 13 0 0.00 M M 7.9 23 170 M M 0 32 170
2 75 33 54 12 11 0 0.00 M M 8.2 22 160 M M 0 32 260
3 45 26 36 -5 29 0 T M M 10.1 20 340 M M 5 1 29 330
4 45 11 28 -13 37 0 0.00 M M 7.3 23 270 M M 1 12 35 270
5 59 35 47 7 18 0 T M M 20.6 45 280 M M 2 69 280
6 45 23 34 -6 31 0 T M M 8.3 20 10 M M 5 26 360
7 51 37 44 4 21 0 0.00 M M 21.5 38 160 M M 5 49 160
8 57 24 41 2 24 0 0.00 M M 8.7 28 30 M M 2 12 34 30
9 30 22 26 -13 39 0 T M M 9.4 21 30 M M 10 16 28 360
10 31 12 22 -17 43 0 0.00 M M 9.7 22 320 M M 5 32 320
11 39 6 23 -15 42 0 0.00 M M 6.0 18 300 M M 0 25 290
12 48 6 27 -11 38 0 0.00 M M 5.8 13 100 M M 0 17 110
13 43 15 29 -9 36 0 0.00 M M 11.3 29 360 M M 2 37 320
14 40 12 26 -11 39 0 0.00 M M 9.3 22 320 M M 5 35 340
15 35 9 22 -15 43 0 0.00 M M 10.6 25 310 M M 5 38 310
16 41 8 25 -11 40 0 T M M 11.6 30 320 M M 9 40 310
17 31 6 19 -17 46 0 T M M 12.9 24 10 M M 6 36 330
18 28 1 15 -21 50 0 0.00 M M 8.2 18 300 M M 1 25 280
19 42 14 28 -7 37 0 0.00 M M 10.4 18 280 M M 0 26 230
20 54 13 34 -1 31 0 0.00 M M 6.8 21 290 M M 0 25 290
21 57 9 33 -1 32 0 0.00 M M 5.8 18 250 M M 0 26 240
22 58 19 39 5 26 0 0.00 M M 6.1 15 220 M M 0 19 220
23 52 13 33 -1 32 0 0.00 M M 13.2 30 270 M M 2 43 260
24 48 21 35 2 30 0 0.00 M M 10.6 23 330 M M 4 35 330
25 63 19 41 8 24 0 0.00 M M 5.8 13 140 M M 0 18 140
26 57 18 38 6 27 0 0.07 M M 9.9 26 10 M M 2 12 36 360
27 46 30 38 6 27 0 0.04 M M 9.7 31 270 M M 4 1 41 280
28 45 20 33 1 32 0 T M M 13.3 25 270 M M 4 1 36 280
29 20 1 11 -21 54 0 T M M 6.8 15 30 M M 5 18 21 350
30 28 -7 11 -20 54 0 0.00 M M 8.1 22 150 M M 0 27 140
================================================================================
SM 1389 484 1006 0 0.11 M 293.9 M 84
================================================================================
AV 46.3 16.1 9.8 FASTST M M 3 MAX(MPH)
MISC ----> 45 280 69 280
================================================================================
NOTES:
# LAST OF SEVERAL OCCURRENCES
COLUMN 17 PEAK WIND IN M.P.H.
PRELIMINARY LOCAL CLIMATOLOGICAL DATA (WS FORM: F-6) , PAGE 2
STATION: TORRINGTON WY AIRPORT
MONTH: NOVEMBER
YEAR: 2022
LATITUDE: 42 3 N
LONGITUDE: 104 9 W
[TEMPERATURE DATA] [PRECIPITATION DATA] SYMBOLS USED IN COLUMN 16
AVERAGE MONTHLY: 31.2 TOTAL FOR MONTH: 0.11 1 = FOG OR MIST
DPTR FM NORMAL: -5.3 DPTR FM NORMAL: -0.15 2 = FOG REDUCING VISIBILITY
HIGHEST: 76 ON 1 GRTST 24HR 0.11 ON 26-27 TO 1/4 MILE OR LESS
LOWEST: -7 ON 30 3 = THUNDER
SNOW, ICE PELLETS, HAIL 4 = ICE PELLETS
TOTAL MONTH: M 5 = HAIL
GRTST 24HR M ON M 6 = FREEZING RAIN OR DRIZZLE
GRTST DEPTH: M ON M 7 = DUSTSTORM OR SANDSTORM:
VSBY 1/2 MILE OR LESS
8 = SMOKE OR HAZE
[NO. OF DAYS WITH] [WEATHER - DAYS WITH] 9 = BLOWING SNOW
X = TORNADO
MAX 32 OR BELOW: 6 0.01 INCH OR MORE: 2
MAX 90 OR ABOVE: 0 0.10 INCH OR MORE: 0
MIN 32 OR BELOW: 27 0.50 INCH OR MORE: 0
MIN 0 OR BELOW: 1 1.00 INCH OR MORE: 0
[HDD (BASE 65) ]
TOTAL THIS MO. 1006 CLEAR (SCALE 0-3) 17
DPTR FM NORMAL 151 PTCLDY (SCALE 4-7) 11
TOTAL FM JUL 1 1508 CLOUDY (SCALE 8-10) 2
DPTR FM NORMAL -34
[CDD (BASE 65) ]
TOTAL THIS MO. 0
DPTR FM NORMAL 0 [PRESSURE DATA]
TOTAL FM JAN 1 1016 HIGHEST SLP 30.61 ON 17
DPTR FM NORMAL 291 LOWEST SLP 29.32 ON 5
[REMARKS]
#FINAL-11-22#