000
CXUS56 KLKN 071943
CF6TPH
PRELIMINARY LOCAL CLIMATOLOGICAL DATA (WS FORM: F-6)
STATION: TONOPAH AIRPORT NV
MONTH: JUNE
YEAR: 2020
LATITUDE: 38 3 N
LONGITUDE: 117 5 W
TEMPERATURE IN F: :PCPN: SNOW: WIND :SUNSHINE: SKY :PK WND
================================================================================
1 2 3 4 5 6A 6B 7 8 9 10 11 12 13 14 15 16 17 18
12Z AVG MX 2MIN
DY MAX MIN AVG DEP HDD CDD WTR SNW DPTH SPD SPD DIR MIN PSBL S-S WX SPD DR
================================================================================
1 81 50 66 2 0 1 0.00 M M 9.3 26 200 M M 0 34 190
2 88 56 72 8 0 7 0.00 M M 9.6 24 220 M M 0 31 220
3 91 53 72 8 0 7 0.00 M M 8.2 18 260 M M 0 23 260
4 93 58 76 12 0 11 0.00 M M 8.4 22 250 M M 0 30 230
5 91 57 74 9 0 9 T M M 11.6 30 250 M M 1 37 160
6 78 51 65 0 0 0 T M M 14.3 32 330 M M 2 44 260
7 62 38 50 -16 15 0 0.00 M M 21.1 39 330 M M 0 49 340
8 66 36 51 -15 14 0 0.00 M M 14.3 26 320 M M 0 36 330
9 78 38 58 -8 7 0 0.00 M M 6.9 16 340 M M 0 21 310
10 84 48 66 0 0 1 0.00 M M 8.0 17 180 M M 0 24 190
11 88 49 69 2 0 4 0.00 M M 13.4 28 180 M M 0 8 42 160
12 84 50 67 0 0 2 0.00 M M 18.1 39 190 M M 0 53 170
13 75 50 63 -4 2 0 0.00 M M 10.7 23 340 M M 1 31 300
14 78 45 62 -6 3 0 0.00 M M 8.8 18 320 M M 0 22 250
15 87 49 68 0 0 3 0.00 M M 12.1 25 220 M M 0 8 32 200
16 88 56 72 4 0 7 0.00 M M 16.7 39 330 M M 0 48 340
17 77 49 63 -6 2 0 0.00 M M 12.8 26 340 M M 0 31 340
18 80 48 64 -5 1 0 0.00 M M 10.2 22 10 M M 0 24 10
19 85 52 69 0 0 4 0.00 M M 9.7 20 310 M M 0 26 330
20 91 54 73 3 0 8 0.00 M M 6.3 17 20 M M 0 8 20 210
21 95 57 76 6 0 11 0.00 M M 7.5 21 270 M M 0 26 270
22 96 62 79 9 0 14 0.00 M M 6.9 17 250 M M 0 23 250
23 97 65 81 10 0 16 0.00 M M 8.9 18 190 M M 0 28 210
24 97 62 80 9 0 15 0.00 M M 9.4 25 40 M M 0 34 190
25 91 59 75 4 0 10 0.22 M M 12.4 45 10 M M 4 13 56 10
26 91 58 75 4 0 10 0.00 M M 8.4 26 60 M M 2 31 60
27 97 59 78 6 0 13 T M M 9.1 31 260 M M 0 3 40 260
28 94 55 75 3 0 10 0.00 M M 16.5 39 350 M M 1 8 52 340
29 72 49 61 -11 4 0 0.00 M M 15.5 25 320 M M 1 36 320
30 81 45 63 -9 2 0 0.00 M M 6.4 16 290 M M 0 24 320
================================================================================
SM 2556 1558 50 163 0.22 M 331.5 M 12
================================================================================
AV 85.2 51.9 11.1 FASTST M M 0 MAX(MPH)
MISC ----> # 45 10 # 56 10
================================================================================
NOTES:
# LAST OF SEVERAL OCCURRENCES
COLUMN 17 PEAK WIND IN M.P.H.
PRELIMINARY LOCAL CLIMATOLOGICAL DATA (WS FORM: F-6) , PAGE 2
STATION: TONOPAH AIRPORT NV
MONTH: JUNE
YEAR: 2020
LATITUDE: 38 3 N
LONGITUDE: 117 5 W
[TEMPERATURE DATA] [PRECIPITATION DATA] SYMBOLS USED IN COLUMN 16
AVERAGE MONTHLY: 68.6 TOTAL FOR MONTH: 0.22 1 = FOG OR MIST
DPTR FM NORMAL: 0.5 DPTR FM NORMAL: -0.06 2 = FOG REDUCING VISIBILITY
HIGHEST: 97 ON 27,24 GRTST 24HR 0.22 ON 25-25 TO 1/4 MILE OR LESS
LOWEST: 36 ON 8 3 = THUNDER
SNOW, ICE PELLETS, HAIL 4 = ICE PELLETS
TOTAL MONTH: M 5 = HAIL
GRTST 24HR M ON M 6 = FREEZING RAIN OR DRIZZLE
GRTST DEPTH: M ON M 7 = DUSTSTORM OR SANDSTORM:
VSBY 1/2 MILE OR LESS
8 = SMOKE OR HAZE
[NO. OF DAYS WITH] [WEATHER - DAYS WITH] 9 = BLOWING SNOW
X = TORNADO
MAX 32 OR BELOW: 0 0.01 INCH OR MORE: 1
MAX 90 OR ABOVE: 12 0.10 INCH OR MORE: 1
MIN 32 OR BELOW: 0 0.50 INCH OR MORE: 0
MIN 0 OR BELOW: 0 1.00 INCH OR MORE: 0
[HDD (BASE 65) ]
TOTAL THIS MO. 50 CLEAR (SCALE 0-3) 29
DPTR FM NORMAL 0 PTCLDY (SCALE 4-7) 1
TOTAL FM JUL 1 5192 CLOUDY (SCALE 8-10) 0
DPTR FM NORMAL -269
[CDD (BASE 65) ]
TOTAL THIS MO. 163
DPTR FM NORMAL 18 [PRESSURE DATA]
TOTAL FM JAN 1 221 HIGHEST SLP 30.23 ON 9
DPTR FM NORMAL 49 LOWEST SLP 29.25 ON 28
[REMARKS]
#FINAL-06-20#