000
CXUS54 KFWD 010733
CF6TPL
PRELIMINARY LOCAL CLIMATOLOGICAL DATA (WS FORM: F-6)
STATION: TEMPLE
MONTH: AUGUST
YEAR: 2021
LATITUDE: 31 8 N
LONGITUDE: 97 25 W
TEMPERATURE IN F: :PCPN: SNOW: WIND :SUNSHINE: SKY :PK WND
================================================================================
1 2 3 4 5 6A 6B 7 8 9 10 11 12 13 14 15 16 17 18
12Z AVG MX 2MIN
DY MAX MIN AVG DEP HDD CDD WTR SNW DPTH SPD SPD DIR MIN PSBL S-S WX SPD DR
================================================================================
1 97 76 87 3 0 22 T M M 7.8 13 330 M M 1 8 21 330
2 88 73 81 -3 0 16 0.32 M M 6.3 15 310 M M 6 1 23 310
3 89 69 79 -5 0 14 0.00 M M 6.8 12 50 M M 5 1 16 30
4 91 67 79 -5 0 14 0.00 M M 7.0 13 70 M M 2 8 17 50
5 87 71 79 -5 0 14 0.00 M M 7.2 13 160 M M 3 M M
6 94 72 83 -1 0 18 0.00 M M 7.2 17 140 M M 3 1 M M
7 95 74 85 1 0 20 0.00 M M 13.0 18 190 M M 3 25 190
8 95 76 86 2 0 21 0.00 M M 17.2 23 160 M M 2 33 180
9 97 77 87 3 0 22 0.00 M M 17.0 23 180 M M 4 31 180
10 97 76 87 3 0 22 0.00 M M 15.2 23 170 M M 5 28 170
11 97 74 86 2 0 21 0.00 M M 13.6 20 160 M M 3 24 190
12 97 75 86 2 0 21 0.00 M M 11.5 15 150 M M 2 22 180
13 96 74 85 1 0 20 0.00 M M 7.9 12 150 M M 1 M M
14 95 74 85 1 0 20 0.00 M M 5.9 17 50 M M 2 8 25 50
15 85 71 78 -6 0 13 1.55 M M 3.7 23 340 M M 2 123 30 350
16 95 69 82 -2 0 17 M M M 4.1 12 160 M M 1 12 M M
17 93 73 83 -1 0 18 0.33 M M 8.9 14 170 M M 3 13 20 170
18 94 74 84 0 0 19 0.32 M M 9.8 18 120 M M 5 13 22 90
19 95 78 87 3 0 22 0.00 M M 14.3 18 180 M M 4 26 180
20 95 76 86 2 0 21 0.00 M M 14.3 21 170 M M 2 23 210
21 96 74 85 2 0 20 0.00 M M 10.9 17 170 M M 2 21 170
22 95 71 83 0 0 18 0.00 M M 9.3 15 170 M M 0 20 140
23 95 71 83 0 0 18 0.00 M M 8.4 14 130 M M 0 20 99
24 96 74 85 2 0 20 0.00 M M 8.9 13 150 M M 0 18 130
25 95 74 85 2 0 20 0.00 M M 7.0 13 130 M M 0 8 16 130
26 97 73 85 2 0 20 0.00 M M 5.4 13 70 M M 1 1 M M
27 92 74 83 1 0 18 0.22 M M 7.1 18 120 M M 3 18 24 120
28 92 70 81 -1 0 16 0.00 M M 5.9 12 50 M M 2 16 90
29 91 74 83 1 0 18 0.00 M M 5.7 13 70 M M 4 1 M M
30 93 72 83 1 0 18 0.00 M M 6.5 13 50 M M 2 18 20
31 99 74 87 5 0 22 0.00 M M 5.8 9 160 M M 1 20 99
================================================================================
SM 2913 2270 0 583 2.74 M 279.7 M 74
================================================================================
AV 94.0 73.2 9.0 FASTST M M 2 MAX(MPH)
MISC ----> # 23 160 33 180
================================================================================
NOTES:
# LAST OF SEVERAL OCCURRENCES
COLUMN 17 PEAK WIND IN M.P.H.
PRELIMINARY LOCAL CLIMATOLOGICAL DATA (WS FORM: F-6) , PAGE 2
STATION: TEMPLE
MONTH: AUGUST
YEAR: 2021
LATITUDE: 31 8 N
LONGITUDE: 97 25 W
[TEMPERATURE DATA] [PRECIPITATION DATA] SYMBOLS USED IN COLUMN 16
AVERAGE MONTHLY: 83.6 TOTAL FOR MONTH: 2.74 1 = FOG OR MIST
DPTR FM NORMAL: 0.2 DPTR FM NORMAL: 0.10 2 = FOG REDUCING VISIBILITY
HIGHEST: 99 ON 31 GRTST 24HR 1.55 ON 15-15 TO 1/4 MILE OR LESS
LOWEST: 67 ON 4 3 = THUNDER
SNOW, ICE PELLETS, HAIL 4 = ICE PELLETS
TOTAL MONTH: M 5 = HAIL
GRTST 24HR M ON M 6 = FREEZING RAIN OR DRIZZLE
GRTST DEPTH: M ON M 7 = DUSTSTORM OR SANDSTORM:
VSBY 1/2 MILE OR LESS
8 = SMOKE OR HAZE
[NO. OF DAYS WITH] [WEATHER - DAYS WITH] 9 = BLOWING SNOW
X = TORNADO
MAX 32 OR BELOW: 0 0.01 INCH OR MORE: 5
MAX 90 OR ABOVE: 27 0.10 INCH OR MORE: 5
MIN 32 OR BELOW: 0 0.50 INCH OR MORE: 1
MIN 0 OR BELOW: 0 1.00 INCH OR MORE: 1
[HDD (BASE 65) ]
TOTAL THIS MO. 0 CLEAR (SCALE 0-3) 20
DPTR FM NORMAL 0 PTCLDY (SCALE 4-7) 11
TOTAL FM JUL 1 0 CLOUDY (SCALE 8-10) 0
DPTR FM NORMAL 0
[CDD (BASE 65) ]
TOTAL THIS MO. 583
DPTR FM NORMAL 11 [PRESSURE DATA]
TOTAL FM JAN 1 1939 HIGHEST SLP M ON M
DPTR FM NORMAL -16 LOWEST SLP M ON M
[REMARKS]
#FINAL-08-21#