000
CXUS54 KMRX 011030
CF6TRI
PRELIMINARY LOCAL CLIMATOLOGICAL DATA (WS FORM: F-6)
STATION: TRI-CITIES AIRPORT
MONTH: JULY
YEAR: 2022
LATITUDE: 36 28 N
LONGITUDE: 82 24 W
TEMPERATURE IN F: :PCPN: SNOW: WIND :SUNSHINE: SKY :PK WND
================================================================================
1 2 3 4 5 6A 6B 7 8 9 10 11 12 13 14 15 16 17 18
12Z AVG MX 2MIN
DY MAX MIN AVG DEP HDD CDD WTR SNW DPTH SPD SPD DIR MIN PSBL S-S WX SPD DR
================================================================================
1 93 65 79 4 0 14 T 0.0 0 2.3 12 290 M M 4 3 18 130
2 89 68 79 4 0 14 0.00 0.0 0 3.5 10 300 M M 7 15 300
3 89 69 79 4 0 14 0.30 0.0 0 1.9 17 350 M M 7 13 26 350
4 93 68 81 6 0 16 0.00 0.0 0 2.3 10 230 M M 6 123 14 160
5 94 68 81 6 0 16 0.44 0.0 0 3.3 17 310 M M 4 13 28 210
6 92 67 80 4 0 15 0.23 0.0 0 2.3 18 320 M M 8 1238 27 330
7 88 71 80 4 0 15 0.28 0.0 0 4.0 21 310 M M 8 138 29 290
8 89 70 80 4 0 15 0.10 0.0 0 2.8 22 340 M M 9 138 32 340
9 82 68 75 -1 0 10 0.46 0.0 0 3.3 9 280 M M 9 138 12 200
10 77 68 73 -3 0 8 0.66 0.0 0 2.5 12 70 M M 9 13 22 60
11 87 63 75 -1 0 10 0.00 0.0 0 1.8 8 270 M M 5 12 240
12 88 66 77 1 0 12 T 0.0 0 5.6 15 290 M M 6 1 21 280
13 86 67 77 1 0 12 0.02 0.0 0 2.8 10 310 M M 8 8 14 260
14 87 64 76 0 0 11 0.00 0.0 0 1.7 10 230 M M 5 128 13 230
15 88 63 76 0 0 11 0.00 0.0 0 2.3 9 230 M M 4 1 12 300
16 89 65 77 1 0 12 0.00 0.0 0 1.6 9 250 M M 6 13 250
17 89 65 77 1 0 12 0.00 0.0 0 3.1 21 180 M M 7 3 30 170
18 91 68 80 4 0 15 0.15 0.0 0 5.2 31 290 M M 6 13 40 290
19 86 69 78 2 0 13 T 0.0 0 3.1 14 210 M M 7 18 200
20 87 69 78 2 0 13 0.02 0.0 0 4.2 15 240 M M 7 1 20 230
21 86 70 78 2 0 13 0.46 0.0 0 6.4 21 280 M M 7 13 31 280
22 92 70 81 5 0 16 0.00 0.0 0 2.9 10 250 M M 5 18 15 260
23 93 67 80 4 0 15 0.00 0.0 0 1.8 10 10 M M 5 1 19 360
24 90 65 78 2 0 13 0.00 0.0 0 1.9 9 110 M M 6 1 15 90
25 83 70 77 1 0 12 0.06 0.0 0 4.5 23 220 M M 8 13 30 220
26 86 70 78 2 0 13 0.50 0.0 0 4.3 21 300 M M 9 13 29 310
27 90 71 81 5 0 16 T 0.0 0 5.9 18 220 M M 7 13 24 210
28 85 71 78 2 0 13 1.06 0.0 0 2.4 23 300 M M 8 1238 33 300
29 83 70 77 1 0 12 0.53 0.0 0 3.4 16 300 M M 9 138 24 310
30 86 67 77 2 0 12 0.00 0.0 0 1.0 7 340 M M 7 12 12 330
31 85 71 78 3 0 13 0.65 0.0 0 5.0 18 260 M M 8 13 25 250
================================================================================
SM 2723 2103 0 406 5.92 0.0 99.1 M 211
================================================================================
AV 87.8 67.8 3.2 FASTST M M 7 MAX(MPH)
MISC ----> 31 290 40 290
================================================================================
NOTES:
# LAST OF SEVERAL OCCURRENCES
COLUMN 17 PEAK WIND IN M.P.H.
PRELIMINARY LOCAL CLIMATOLOGICAL DATA (WS FORM: F-6) , PAGE 2
STATION: TRI-CITIES AIRPORT
MONTH: JULY
YEAR: 2022
LATITUDE: 36 28 N
LONGITUDE: 82 24 W
[TEMPERATURE DATA] [PRECIPITATION DATA] SYMBOLS USED IN COLUMN 16
AVERAGE MONTHLY: 77.8 TOTAL FOR MONTH: 5.92 1 = FOG OR MIST
DPTR FM NORMAL: 2.2 DPTR FM NORMAL: 0.92 2 = FOG REDUCING VISIBILITY
HIGHEST: 94 ON 5 GRTST 24HR 1.16 ON 28-29 TO 1/4 MILE OR LESS
LOWEST: 63 ON 15,11 3 = THUNDER
SNOW, ICE PELLETS, HAIL 4 = ICE PELLETS
TOTAL MONTH: 0.0 INCH 5 = HAIL
GRTST 24HR 0.0 6 = FREEZING RAIN OR DRIZZLE
GRTST DEPTH: 0 7 = DUSTSTORM OR SANDSTORM:
VSBY 1/2 MILE OR LESS
8 = SMOKE OR HAZE
[NO. OF DAYS WITH] [WEATHER - DAYS WITH] 9 = BLOWING SNOW
X = TORNADO
MAX 32 OR BELOW: 0 0.01 INCH OR MORE: 16
MAX 90 OR ABOVE: 9 0.10 INCH OR MORE: 13
MIN 32 OR BELOW: 0 0.50 INCH OR MORE: 5
MIN 0 OR BELOW: 0 1.00 INCH OR MORE: 1
[HDD (BASE 65) ]
TOTAL THIS MO. 0 CLEAR (SCALE 0-3) 0
DPTR FM NORMAL 0 PTCLDY (SCALE 4-7) 24
TOTAL FM JUL 1 0 CLOUDY (SCALE 8-10) 7
DPTR FM NORMAL 0
[CDD (BASE 65) ]
TOTAL THIS MO. 406
DPTR FM NORMAL 79 [PRESSURE DATA]
TOTAL FM JAN 1 808 HIGHEST SLP 30.16 ON 30
DPTR FM NORMAL 161 LOWEST SLP 29.75 ON 21
[REMARKS]
#FINAL-07-22#