000
CXUS56 KPQR 011155
CF6TTD
PRELIMINARY LOCAL CLIMATOLOGICAL DATA (WS FORM: F-6)
STATION: TROUTDALE OR
MONTH: DECEMBER
YEAR: 2021
LATITUDE: 45 33 N
LONGITUDE: 122 25 W
TEMPERATURE IN F: :PCPN: SNOW: WIND :SUNSHINE: SKY :PK WND
================================================================================
1 2 3 4 5 6A 6B 7 8 9 10 11 12 13 14 15 16 17 18
12Z AVG MX 2MIN
DY MAX MIN AVG DEP HDD CDD WTR SNW DPTH SPD SPD DIR MIN PSBL S-S WX SPD DR
================================================================================
1 65 46 56 13 9 0 0.00 M M 2.9 7 260 M M 6 11 260
2 56 44 50 7 15 0 0.00 M M 3.4 9 310 M M 8 14 320
3 48 34 41 -2 24 0 0.00 M M 1.7 8 300 M M 3 12 10 260
4 54 36 45 2 20 0 0.08 M M 5.9 23 220 M M 9 18 29 220
5 48 33 41 -2 24 0 T M M 1.5 13 80 M M 3 1 17 80
6 47 40 44 2 21 0 0.50 M M 7.5 18 90 M M 10 1 25 90
7 47 43 45 3 20 0 0.08 M M 10.8 23 90 M M 10 18 30 90
8 51 35 43 1 22 0 0.01 M M 4.3 14 310 M M 8 1 21 260
9 44 39 42 0 23 0 0.09 M M 6.6 17 230 M M 10 1 22 230
10 51 42 47 5 18 0 0.01 M M 8.9 21 190 M M 9 29 190
11 51 45 48 6 17 0 0.61 M M 12.0 26 200 M M 10 43 220
12 47 41 44 2 21 0 0.21 M M 6.6 16 190 M M 9 22 200
13 45 39 42 0 23 0 0.25 M M 7.7 22 90 M M 10 1 27 80
14 46 29 38 -3 27 0 T M M 3.1 14 190 M M 5 18 220
15 42 37 40 -1 25 0 0.47 M M 15.1 26 90 M M 10 1 33 90
16 46 38 42 1 23 0 T M M 5.6 18 80 M M 10 128 24 80
17 45 37 41 0 24 0 0.04 M M 10.2 23 90 M M 8 12 27 90
18 55 34 45 4 20 0 1.13 M M 13.2 25 90 M M 10 1 33 80
19 41 34 38 -3 27 0 0.82 M M 8.3 25 90 M M 10 1 32 80
20 41 39 40 -1 25 0 0.37 M M 19.5 28 90 M M 8 1 34 90
21 42 38 40 -1 25 0 0.07 M M 17.0 25 90 M M 4 1 34 80
22 50 38 44 3 21 0 0.11 M M 6.9 17 80 M M 9 1 24 80
23 50 43 47 6 18 0 0.19 M M 10.5 20 230 M M 9 26 240
24 45 38 42 1 23 0 0.48 M M 10.6 24 200 M M 10 33 210
25 43 35 39 -2 26 0 0.01 M M 9.2 20 200 M M 9 27 220
26 38 33 36 -5 29 0 0.02 M M 11.1 21 200 M M 8 18 28 200
27 35 28 32 -9 33 0 0.03 M M 3.3 10 260 M M 10 1 14 260
28 34 31 33 -8 32 0 0.02 M M 11.1 22 90 M M 10 18 29 90
29 32 27 30 -11 35 0 T M M 13.3 22 90 M M 8 29 90
30 43 29 36 -5 29 0 0.21 M M 7.5 23 210 M M 10 18 31 220
31 39 26 33 -8 32 0 0.01 M M 11.8 22 80 M M 6 29 80
================================================================================
SM 1421 1131 731 0 5.82 M 267.1 M 259
================================================================================
AV 45.8 36.5 8.6 FASTST M M 8 MAX(MPH)
MISC ----> 28 90 43 220
================================================================================
NOTES:
# LAST OF SEVERAL OCCURRENCES
COLUMN 17 PEAK WIND IN M.P.H.
PRELIMINARY LOCAL CLIMATOLOGICAL DATA (WS FORM: F-6) , PAGE 2
STATION: TROUTDALE OR
MONTH: DECEMBER
YEAR: 2021
LATITUDE: 45 33 N
LONGITUDE: 122 25 W
[TEMPERATURE DATA] [PRECIPITATION DATA] SYMBOLS USED IN COLUMN 16
AVERAGE MONTHLY: 41.2 TOTAL FOR MONTH: 5.82 1 = FOG OR MIST
DPTR FM NORMAL: -0.4 DPTR FM NORMAL: -0.33 2 = FOG REDUCING VISIBILITY
HIGHEST: 65 ON 1 GRTST 24HR 1.67 ON 18-19 TO 1/4 MILE OR LESS
LOWEST: 26 ON 31 3 = THUNDER
SNOW, ICE PELLETS, HAIL 4 = ICE PELLETS
TOTAL MONTH: M 5 = HAIL
GRTST 24HR M ON M 6 = FREEZING RAIN OR DRIZZLE
GRTST DEPTH: M ON M 7 = DUSTSTORM OR SANDSTORM:
VSBY 1/2 MILE OR LESS
8 = SMOKE OR HAZE
[NO. OF DAYS WITH] [WEATHER - DAYS WITH] 9 = BLOWING SNOW
X = TORNADO
MAX 32 OR BELOW: 1 0.01 INCH OR MORE: 24
MAX 90 OR ABOVE: 0 0.10 INCH OR MORE: 12
MIN 32 OR BELOW: 6 0.50 INCH OR MORE: 4
MIN 0 OR BELOW: 0 1.00 INCH OR MORE: 1
[HDD (BASE 65) ]
TOTAL THIS MO. 731 CLEAR (SCALE 0-3) 1
DPTR FM NORMAL 6 PTCLDY (SCALE 4-7) 9
TOTAL FM JUL 1 1554 CLOUDY (SCALE 8-10) 21
DPTR FM NORMAL -115
[CDD (BASE 65) ]
TOTAL THIS MO. 0
DPTR FM NORMAL 0 [PRESSURE DATA]
TOTAL FM JAN 1 755 HIGHEST SLP 30.57 ON 5
DPTR FM NORMAL 328 LOWEST SLP 29.33 ON 24
[REMARKS]
#FINAL-12-21#