899
CXUS54 KTSA 012010
CF6TUL
PRELIMINARY LOCAL CLIMATOLOGICAL DATA (WS FORM: F-6)
STATION: TULSA OKLAHOMA
MONTH: JUNE
YEAR: 2020
LATITUDE: 36 12 N
LONGITUDE: 95 54 W
TEMPERATURE IN F: :PCPN: SNOW: WIND :SUNSHINE: SKY :PK WND
================================================================================
1 2 3 4 5 6A 6B 7 8 9 10 11 12 13 14 15 16 17 18
12Z AVG MX 2MIN
DY MAX MIN AVG DEP HDD CDD WTR SNW DPTH SPD SPD DIR MIN PSBL S-S WX SPD DR
================================================================================
1 85 68 77 3 0 12 0.00 0.0 0 8.2 16 180 M M 6 23 180
2 87 70 79 5 0 14 0.00 0.0 0 9.2 15 180 M M 7 22 180
3 92 74 83 9 0 18 0.00 0.0 0 10.0 16 190 M M 3 24 210
4 95 77 86 12 0 21 0.00 0.0 0 10.7 17 190 M M 5 3 27 130
5 96 68 82 7 0 17 0.00 0.0 0 6.8 15 190 M M 2 24 130
6 97 77 87 12 0 22 0.00 0.0 0 6.5 14 110 M M 2 19 140
7 93 72 83 8 0 18 0.00 0.0 0 7.6 16 140 M M 1 23 110
8 94 73 84 8 0 19 0.00 0.0 0 6.3 17 90 M M 5 23 90
9 96 64 80 4 0 15 0.00 0.0 0 14.8 35 260 M M 2 7 49 250
10 85 62 74 -2 0 9 0.00 0.0 0 15.2 29 310 M M 4 40 240
11 91 58 75 -1 0 10 0.00 0.0 0 4.3 13 160 M M 1 20 170
12 92 69 81 4 0 16 T 0.0 0 9.1 17 190 M M 3 25 190
13 94 69 82 5 0 17 T 0.0 0 4.9 14 190 M M 2 3 21 170
14 94 67 81 4 0 16 0.00 0.0 0 7.1 16 190 M M 3 23 180
15 94 69 82 4 0 17 0.00 0.0 0 6.9 16 160 M M 2 25 160
16 94 71 83 5 0 18 0.00 0.0 0 9.0 15 180 M M 3 23 170
17 92 74 83 5 0 18 0.00 0.0 0 11.3 17 130 M M 2 27 180
18 93 73 83 5 0 18 0.00 0.0 0 12.3 22 180 M M 2 32 180
19 83 69 76 -3 0 11 0.00 0.0 0 8.5 24 180 M M 7 3 32 170
20 86 69 78 -1 0 13 0.00 0.0 0 6.3 15 130 M M 7 21 140
21 89 68 79 0 0 14 0.00 0.0 0 8.4 18 190 M M 8 25 140
22 93 70 82 3 0 17 0.05 0.0 0 6.0 20 120 M M 5 29 120
23 90 66 78 -2 0 13 0.06 0.0 0 8.2 21 340 M M 5 3 27 340
24 92 61 77 -3 0 12 0.00 0.0 0 3.7 12 110 M M 3 16 180
25 94 73 84 4 0 19 0.00 0.0 0 10.0 20 180 M M 4 28 160
26 93 75 84 4 0 19 0.00 0.0 0 11.7 18 180 M M 5 28 170
27 92 75 84 3 0 19 0.00 0.0 0 15.1 26 190 M M 5 8 35 200
28 91 78 85 4 0 20 0.00 0.0 0 16.0 29 180 M M 7 43 180
29 93 80 87 6 0 22 0.00 0.0 0 15.3 24 180 M M 7 36 160
30 92 79 86 5 0 21 0.00 0.0 0 14.6 24 180 M M 5 35 160
================================================================================
SM 2752 2118 0 495 0.11 0.0 284.0 M 123
================================================================================
AV 91.7 70.6 9.5 FASTST M M 4 MAX(MPH)
MISC ----> # 35 260 # 49 250
================================================================================
NOTES:
# LAST OF SEVERAL OCCURRENCES
COLUMN 17 PEAK WIND IN M.P.H.
PRELIMINARY LOCAL CLIMATOLOGICAL DATA (WS FORM: F-6) , PAGE 2
STATION: TULSA OKLAHOMA
MONTH: JUNE
YEAR: 2020
LATITUDE: 36 12 N
LONGITUDE: 95 54 W
[TEMPERATURE DATA] [PRECIPITATION DATA] SYMBOLS USED IN COLUMN 16
AVERAGE MONTHLY: 81.2 TOTAL FOR MONTH: 0.11 1 = FOG OR MIST
DPTR FM NORMAL: 3.6 DPTR FM NORMAL: -4.61 2 = FOG REDUCING VISIBILITY
HIGHEST: 97 ON 6 GRTST 24HR 0.06 ON 23-23 TO 1/4 MILE OR LESS
LOWEST: 58 ON 11 3 = THUNDER
SNOW, ICE PELLETS, HAIL 4 = ICE PELLETS
TOTAL MONTH: 0.0 INCH 5 = HAIL
GRTST 24HR 0.0 6 = FREEZING RAIN OR DRIZZLE
GRTST DEPTH: 0 7 = DUSTSTORM OR SANDSTORM:
VSBY 1/2 MILE OR LESS
8 = SMOKE OR HAZE
[NO. OF DAYS WITH] [WEATHER - DAYS WITH] 9 = BLOWING SNOW
X = TORNADO
MAX 32 OR BELOW: 0 0.01 INCH OR MORE: 2
MAX 90 OR ABOVE: 24 0.10 INCH OR MORE: 0
MIN 32 OR BELOW: 0 0.50 INCH OR MORE: 0
MIN 0 OR BELOW: 0 1.00 INCH OR MORE: 0
[HDD (BASE 65) ]
TOTAL THIS MO. 0 CLEAR (SCALE 0-3) 13
DPTR FM NORMAL -1 PTCLDY (SCALE 4-7) 17
TOTAL FM JUL 1 3263 CLOUDY (SCALE 8-10) 0
DPTR FM NORMAL -310
[CDD (BASE 65) ]
TOTAL THIS MO. 495
DPTR FM NORMAL 116 [PRESSURE DATA]
TOTAL FM JAN 1 698 HIGHEST SLP M ON M
DPTR FM NORMAL 85 LOWEST SLP 29.44 ON 9
[REMARKS]
#FINAL-06-20#