000
CXUS55 KTWC 010855
CF6TUS
PRELIMINARY LOCAL CLIMATOLOGICAL DATA (WS FORM: F-6)
STATION: TUCSON AZ
MONTH: OCTOBER
YEAR: 2022
LATITUDE: 32 7 N
LONGITUDE: 110 56 W
TEMPERATURE IN F: :PCPN: SNOW: WIND :SUNSHINE: SKY :PK WND
================================================================================
1 2 3 4 5 6A 6B 7 8 9 10 11 12 13 14 15 16 17 18
12Z AVG MX 2MIN
DY MAX MIN AVG DEP HDD CDD WTR SNW DPTH SPD SPD DIR MIN PSBL S-S WX SPD DR
================================================================================
1 91 65 78 0 0 13 0.00 M M 6.1 17 180 M M 3 21 180
2 92 65 79 1 0 14 T M M 6.1 15 150 M M 3 21 190
3 94 68 81 4 0 16 0.00 M M 6.8 17 270 M M 1 8 24 260
4 81 65 73 -4 0 8 0.40 M M 9.2 28 310 M M 4 38 48 310
5 89 62 76 0 0 11 0.03 M M 7.7 25 50 M M 1 38 37 60
6 86 63 75 -1 0 10 0.00 M M 7.4 18 120 M M 1 3 24 130
7 86 65 76 0 0 11 0.00 M M 12.4 33 180 M M 0 38 43 170
8 84 65 75 0 0 10 T M M 10.3 26 140 M M 3 3 37 140
9 83 62 73 -2 0 8 0.00 M M 9.2 22 130 M M 1 3 29 120
10 86 60 73 -2 0 8 0.10 M M 7.3 22 160 M M M 3 33 150
11 88 59 74 0 0 9 0.00 M M 6.2 13 140 M M M 17 130
12 91 61 76 2 0 11 0.00 M M 5.5 12 150 M M M 16 140
13 92 63 78 4 0 13 0.00 M M 5.8 13 260 M M M 18 140
14 87 64 76 3 0 11 0.00 M M 6.9 13 200 M M M 23 130
15 87 66 77 4 0 12 T M M 7.5 28 200 M M M 3 42 260
16 76 58 67 -6 0 2 T M M 4.8 14 350 M M M 123 20 360
17 82 54 68 -4 0 3 0.00 M M 6.9 22 120 M M 1 31 120
18 83 62 73 1 0 8 0.00 M M 14.5 28 130 M M 0 36 130
19 85 66 76 4 0 11 0.00 M M 16.7 31 130 M M 0 47 120
20 89 61 75 4 0 10 0.00 M M 6.5 16 150 M M 0 22 120
21 91 59 75 4 0 10 0.00 M M 6.6 17 270 M M 0 24 270
22 88 66 77 6 0 12 0.00 M M 10.9 24 200 M M 1 34 200
23 75 60 68 -2 0 3 T M M 8.3 21 240 M M 4 32 240
24 67 49 58 -12 7 0 T M M 8.2 21 290 M M 3 28 300
25 77 43 60 -10 5 0 0.00 M M 5.4 10 150 M M 0 16 160
26 81 48 65 -4 0 0 0.00 M M 6.6 15 290 M M 0 20 310
27 76 50 63 -6 2 0 0.00 M M 6.3 21 350 M M 0 28 340
28 78 47 63 -5 2 0 0.00 M M 11.5 28 120 M M 0 36 130
29 81 49 65 -3 0 0 0.00 M M 6.1 16 110 M M 0 23 120
30 79 48 64 -4 1 0 0.00 M M 6.0 14 360 M M 0 20 330
31 81 48 65 -2 0 0 0.00 M M 5.5 13 150 M M 0 21 210
================================================================================
SM 2606 1821 17 224 0.53 M 245.2 M 26
================================================================================
AV 84.1 58.7 7.9 FASTST M M 1 MAX(MPH)
MISC ----> 33 180 48 310
================================================================================
NOTES:
# LAST OF SEVERAL OCCURRENCES
COLUMN 17 PEAK WIND IN M.P.H.
PRELIMINARY LOCAL CLIMATOLOGICAL DATA (WS FORM: F-6) , PAGE 2
STATION: TUCSON AZ
MONTH: OCTOBER
YEAR: 2022
LATITUDE: 32 7 N
LONGITUDE: 110 56 W
[TEMPERATURE DATA] [PRECIPITATION DATA] SYMBOLS USED IN COLUMN 16
AVERAGE MONTHLY: 71.4 TOTAL FOR MONTH: 0.53 1 = FOG OR MIST
DPTR FM NORMAL: -1.2 DPTR FM NORMAL: -0.14 2 = FOG REDUCING VISIBILITY
HIGHEST: 94 ON 3 GRTST 24HR 0.40 ON 4- 4 TO 1/4 MILE OR LESS
LOWEST: 43 ON 25 3 = THUNDER
SNOW, ICE PELLETS, HAIL 4 = ICE PELLETS
TOTAL MONTH: M 5 = HAIL
GRTST 24HR M ON M 6 = FREEZING RAIN OR DRIZZLE
GRTST DEPTH: M ON M 7 = DUSTSTORM OR SANDSTORM:
VSBY 1/2 MILE OR LESS
8 = SMOKE OR HAZE
[NO. OF DAYS WITH] [WEATHER - DAYS WITH] 9 = BLOWING SNOW
X = TORNADO
MAX 32 OR BELOW: 0 0.01 INCH OR MORE: 3
MAX 90 OR ABOVE: 6 0.10 INCH OR MORE: 2
MIN 32 OR BELOW: 0 0.50 INCH OR MORE: 0
MIN 0 OR BELOW: 0 1.00 INCH OR MORE: 0
[HDD (BASE 65) ]
TOTAL THIS MO. 17 CLEAR (SCALE 0-3) 22
DPTR FM NORMAL -1 PTCLDY (SCALE 4-7) 2
TOTAL FM JUL 1 17 CLOUDY (SCALE 8-10) 7
DPTR FM NORMAL 2
[CDD (BASE 65) ]
TOTAL THIS MO. 224
DPTR FM NORMAL -32 [PRESSURE DATA]
TOTAL FM JAN 1 3704 HIGHEST SLP M ON M
DPTR FM NORMAL 327 LOWEST SLP 29.58 ON 22
[REMARKS]
#FINAL-10-22#