000
CXUS55 KTWC 011052
CF6TUS
PRELIMINARY LOCAL CLIMATOLOGICAL DATA (WS FORM: F-6)
STATION: TUCSON AZ
MONTH: NOVEMBER
YEAR: 2021
LATITUDE: 32 7 N
LONGITUDE: 110 56 W
TEMPERATURE IN F: :PCPN: SNOW: WIND :SUNSHINE: SKY :PK WND
================================================================================
1 2 3 4 5 6A 6B 7 8 9 10 11 12 13 14 15 16 17 18
12Z AVG MX 2MIN
DY MAX MIN AVG DEP HDD CDD WTR SNW DPTH SPD SPD DIR MIN PSBL S-S WX SPD DR
================================================================================
1 85 55 70 3 0 5 0.00 M M 6.5 15 150 M M 0 18 180
2 84 53 69 2 0 4 0.00 M M 6.4 15 340 M M 0 19 330
3 84 49 67 1 0 2 0.00 M M 5.9 13 140 M M 0 17 150
4 89 52 71 5 0 6 0.00 M M 6.7 14 150 M M 0 18 100
5 90 54 72 6 0 7 0.00 M M 5.6 13 150 M M 0 19 160
6 91 54 73 8 0 8 0.00 M M 6.0 14 140 M M 0 18 200
7 89 56 73 8 0 8 0.00 M M 6.9 15 140 M M 0 20 110
8 85 55 70 6 0 5 0.00 M M 6.8 15 160 M M 0 21 200
9 83 51 67 3 0 2 0.00 M M 6.2 15 150 M M 0 20 150
10 81 48 65 1 0 0 0.00 M M 6.1 14 340 M M 0 19 340
11 83 46 65 2 0 0 0.00 M M 5.6 9 330 M M 0 M M
12 86 45 66 3 0 1 0.00 M M 5.5 10 150 M M 0 8 17 140
13 88 50 69 7 0 4 0.00 M M 6.4 14 140 M M 0 8 17 340
14 88 50 69 7 0 4 0.00 M M 6.0 14 140 M M 0 17 140
15 88 50 69 7 0 4 0.00 M M 6.9 15 140 M M 0 19 150
16 85 51 68 7 0 3 0.00 M M 6.9 14 360 M M 0 23 120
17 79 50 65 4 0 0 0.00 M M 6.1 12 130 M M 0 18 150
18 81 46 64 4 1 0 0.00 M M 10.3 21 120 M M 0 30 110
19 85 55 70 10 0 5 0.00 M M 7.9 20 110 M M 0 27 110
20 81 51 66 6 0 1 0.00 M M 6.2 15 140 M M 0 25 120
21 80 52 66 7 0 1 0.00 M M 5.4 10 150 M M 0 15 60
22 79 63 71 12 0 6 0.00 M M 12.6 25 110 M M 0 38 110
23 81 61 71 13 0 6 0.00 M M 8.8 17 200 M M 3 26 100
24 74 52 63 5 2 0 0.01 M M 4.7 14 340 M M 4 19 330
25 69 53 61 3 4 0 0.00 M M 8.3 26 130 M M 2 32 130
26 73 51 62 5 3 0 0.00 M M 11.2 28 130 M M 0 35 110
27 74 45 60 3 5 0 0.00 M M 6.6 14 330 M M 0 18 300
28 80 44 62 5 3 0 0.00 M M 8.3 20 100 M M 0 27 110
29 82 48 65 9 0 0 0.00 M M 5.9 20 120 M M M 26 100
30 81 49 65 9 0 0 0.00 M M 6.2 15 140 M M M 22 150
================================================================================
SM 2478 1539 18 82 0.01 M 208.9 M 9
================================================================================
AV 82.6 51.3 7.0 FASTST M M 0 MAX(MPH)
MISC ----> 28 130 38 110
================================================================================
NOTES:
# LAST OF SEVERAL OCCURRENCES
COLUMN 17 PEAK WIND IN M.P.H.
PRELIMINARY LOCAL CLIMATOLOGICAL DATA (WS FORM: F-6) , PAGE 2
STATION: TUCSON AZ
MONTH: NOVEMBER
YEAR: 2021
LATITUDE: 32 7 N
LONGITUDE: 110 56 W
[TEMPERATURE DATA] [PRECIPITATION DATA] SYMBOLS USED IN COLUMN 16
AVERAGE MONTHLY: 67.0 TOTAL FOR MONTH: 0.01 1 = FOG OR MIST
DPTR FM NORMAL: 5.4 DPTR FM NORMAL: -0.55 2 = FOG REDUCING VISIBILITY
HIGHEST: 91 ON 6 GRTST 24HR 0.01 ON 24-24 TO 1/4 MILE OR LESS
LOWEST: 44 ON 28 3 = THUNDER
SNOW, ICE PELLETS, HAIL 4 = ICE PELLETS
TOTAL MONTH: M 5 = HAIL
GRTST 24HR M ON M 6 = FREEZING RAIN OR DRIZZLE
GRTST DEPTH: M ON M 7 = DUSTSTORM OR SANDSTORM:
VSBY 1/2 MILE OR LESS
8 = SMOKE OR HAZE
[NO. OF DAYS WITH] [WEATHER - DAYS WITH] 9 = BLOWING SNOW
X = TORNADO
MAX 32 OR BELOW: 0 0.01 INCH OR MORE: 1
MAX 90 OR ABOVE: 2 0.10 INCH OR MORE: 0
MIN 32 OR BELOW: 0 0.50 INCH OR MORE: 0
MIN 0 OR BELOW: 0 1.00 INCH OR MORE: 0
[HDD (BASE 65) ]
TOTAL THIS MO. 18 CLEAR (SCALE 0-3) 27
DPTR FM NORMAL -133 PTCLDY (SCALE 4-7) 1
TOTAL FM JUL 1 39 CLOUDY (SCALE 8-10) 2
DPTR FM NORMAL -129
[CDD (BASE 65) ]
TOTAL THIS MO. 82
DPTR FM NORMAL 36 [PRESSURE DATA]
TOTAL FM JAN 1 3593 HIGHEST SLP 30.21 ON 28
DPTR FM NORMAL 170 LOWEST SLP 29.81 ON 23
[REMARKS]
#FINAL-11-21#