000
CXUS55 KTWC 010855
CF6TUS
PRELIMINARY LOCAL CLIMATOLOGICAL DATA (WS FORM: F-6)
STATION: TUCSON AZ
MONTH: AUGUST
YEAR: 2021
LATITUDE: 32 7 N
LONGITUDE: 110 56 W
TEMPERATURE IN F: :PCPN: SNOW: WIND :SUNSHINE: SKY :PK WND
================================================================================
1 2 3 4 5 6A 6B 7 8 9 10 11 12 13 14 15 16 17 18
12Z AVG MX 2MIN
DY MAX MIN AVG DEP HDD CDD WTR SNW DPTH SPD SPD DIR MIN PSBL S-S WX SPD DR
================================================================================
1 97 76 87 0 0 22 0.00 M M 6.6 14 280 M M 1 21 290
2 101 76 89 2 0 24 0.00 M M 6.7 29 80 M M 1 43 80
3 104 79 92 5 0 27 0.00 M M 8.1 16 320 M M 0 8 22 340
4 107 76 92 5 0 27 0.00 M M 5.4 14 330 M M 0 21 320
5 103 82 93 6 0 28 0.00 M M 7.5 18 140 M M 0 22 130
6 102 81 92 5 0 27 T M M 7.7 26 150 M M 0 3 35 140
7 100 75 88 1 0 23 0.00 M M 7.0 17 340 M M 0 23 340
8 99 76 88 1 0 23 0.00 M M 9.0 26 130 M M 1 3 37 120
9 90 75 83 -4 0 18 T M M 4.3 16 150 M M 3 22 140
10 93 73 83 -4 0 18 0.03 M M 7.0 17 140 M M 4 13 22 200
11 91 70 81 -6 0 16 0.68 M M 6.2 16 200 M M 3 13 23 200
12 91 71 81 -6 0 16 0.21 M M 4.7 18 190 M M 2 13 23 190
13 92 74 83 -4 0 18 T M M 8.6 35 140 M M 3 3 42 140
14 89 69 79 -8 0 14 2.15 M M 5.4 13 170 M M 5 138 19 40
15 90 74 82 -5 0 17 0.00 M M 7.4 20 130 M M 1 25 130
16 95 73 84 -3 0 19 0.24 M M 7.8 28 150 M M M 13 36 150
17 89 70 80 -7 0 15 0.30 M M 7.1 28 130 M M 4 13 41 120
18 90 75 83 -4 0 18 0.02 M M 8.6 18 210 M M M 25 210
19 91 72 82 -5 0 17 0.00 M M 6.9 16 240 M M M 24 240
20 93 71 82 -5 0 17 0.00 M M 4.5 10 240 M M M 19 130
21 97 71 84 -3 0 19 0.00 M M 6.5 15 140 M M M 25 80
22 97 72 85 -2 0 20 0.00 M M 5.8 12 180 M M M 22 160
23 99 71 85 -2 0 20 0.00 M M 6.8 13 140 M M 0 18 20
24 99 75 87 0 0 22 0.00 M M 6.9 15 150 M M 0 21 170
25 104 73 89 2 0 24 0.00 M M 5.2 12 280 M M 0 16 280
26 106 76 91 4 0 26 0.00 M M 5.5 13 30 M M 0 24 240
27 103 77 90 4 0 25 0.00 M M 8.3 28 140 M M 0 3 35 140
28 102 77 90 4 0 25 0.00 M M 7.2 26 120 M M 0 3 36 120
29 103 77 90 4 0 25 0.00 M M 6.0 14 280 M M 0 3 31 190
30 101 76 89 3 0 24 0.04 M M 7.8 30 150 M M 1 3 39 160
31 88 72 80 -6 0 15 0.18 M M 6.3 16 250 M M 5 1 23 250
================================================================================
SM 3006 2305 0 649 3.85 M 208.8 M 34
================================================================================
AV 97.0 74.4 6.7 FASTST M M 1 MAX(MPH)
MISC ----> 35 140 43 80
================================================================================
NOTES:
# LAST OF SEVERAL OCCURRENCES
COLUMN 17 PEAK WIND IN M.P.H.
PRELIMINARY LOCAL CLIMATOLOGICAL DATA (WS FORM: F-6) , PAGE 2
STATION: TUCSON AZ
MONTH: AUGUST
YEAR: 2021
LATITUDE: 32 7 N
LONGITUDE: 110 56 W
[TEMPERATURE DATA] [PRECIPITATION DATA] SYMBOLS USED IN COLUMN 16
AVERAGE MONTHLY: 85.7 TOTAL FOR MONTH: 3.85 1 = FOG OR MIST
DPTR FM NORMAL: -1.2 DPTR FM NORMAL: 1.87 2 = FOG REDUCING VISIBILITY
HIGHEST: 107 ON 4 GRTST 24HR 2.15 ON 14-14 TO 1/4 MILE OR LESS
LOWEST: 69 ON 14 3 = THUNDER
SNOW, ICE PELLETS, HAIL 4 = ICE PELLETS
TOTAL MONTH: M 5 = HAIL
GRTST 24HR M ON M 6 = FREEZING RAIN OR DRIZZLE
GRTST DEPTH: M ON M 7 = DUSTSTORM OR SANDSTORM:
VSBY 1/2 MILE OR LESS
8 = SMOKE OR HAZE
[NO. OF DAYS WITH] [WEATHER - DAYS WITH] 9 = BLOWING SNOW
X = TORNADO
MAX 32 OR BELOW: 0 0.01 INCH OR MORE: 9
MAX 90 OR ABOVE: 28 0.10 INCH OR MORE: 6
MIN 32 OR BELOW: 0 0.50 INCH OR MORE: 2
MIN 0 OR BELOW: 0 1.00 INCH OR MORE: 1
[HDD (BASE 65) ]
TOTAL THIS MO. 0 CLEAR (SCALE 0-3) 20
DPTR FM NORMAL 0 PTCLDY (SCALE 4-7) 5
TOTAL FM JUL 1 0 CLOUDY (SCALE 8-10) 6
DPTR FM NORMAL 0
[CDD (BASE 65) ]
TOTAL THIS MO. 649
DPTR FM NORMAL -30 [PRESSURE DATA]
TOTAL FM JAN 1 2746 HIGHEST SLP M ON M
DPTR FM NORMAL 157 LOWEST SLP 29.59 ON 30
[REMARKS]
#FINAL-08-21#