000
CXUS53 KAPX 010730
CF6TVC
PRELIMINARY LOCAL CLIMATOLOGICAL DATA (WS FORM: F-6)
STATION: TRAVERSE CITY MI
MONTH: SEPTEMBER
YEAR: 2023
LATITUDE: 44 44 N
LONGITUDE: 85 34 W
TEMPERATURE IN F: :PCPN: SNOW: WIND :SUNSHINE: SKY :PK WND
================================================================================
1 2 3 4 5 6A 6B 7 8 9 10 11 12 13 14 15 16 17 18
12Z AVG MX 2MIN
DY MAX MIN AVG DEP HDD CDD WTR SNW DPTH SPD SPD DIR MIN PSBL S-S WX SPD DR
================================================================================
1 82 51 67 0 0 2 0.00 M M 6.1 15 190 M M 4 24 190
2 81 66 74 8 0 9 0.06 M M 9.2 17 240 M M 4 13 26 230
3 89 71 80 14 0 15 0.00 M M 10.2 18 210 M M 4 27 230
4 92 72 82 16 0 17 0.00 M M 7.3 16 220 M M 1 24 210
5 94 69 82 16 0 17 0.00 M M 7.2 18 200 M M 5 29 200
6 80 66 73 8 0 8 2.48 M M 4.8 16 10 M M 7 138 24 20
7 66 60 63 -2 2 0 0.10 M M 9.5 16 10 M M 10 1 23 340
8 70 50 60 -5 5 0 0.00 M M 5.2 12 350 M M 6 18 350
9 72 43 58 -6 7 0 0.00 M M 2.2 9 330 M M 2 16 30
10 67 47 57 -7 8 0 T M M 2.0 8 40 M M 7 1 12 20
11 65 60 63 -1 2 0 0.40 M M 2.7 9 340 M M 10 1 15 340
12 62 57 60 -3 5 0 0.14 M M 9.7 15 330 M M 10 1 23 310
13 64 46 55 -8 10 0 0.07 M M 4.2 13 30 M M 6 1 22 10
14 71 44 58 -5 7 0 0.00 M M 1.8 10 40 M M 4 14 10
15 76 46 61 -1 4 0 0.00 M M 4.8 15 190 M M 4 22 200
16 77 57 67 5 0 2 0.00 M M 6.1 15 270 M M 8 20 270
17 68 59 64 2 1 0 0.03 M M 7.6 14 340 M M 8 23 360
18 66 46 56 -5 9 0 0.00 M M 5.6 12 310 M M 7 18 360
19 71 42 57 -4 8 0 0.00 M M 1.5 9 20 M M 3 15 10
20 78 58 68 8 0 3 0.00 M M 2.7 10 180 M M 6 1 15 160
21 82 56 69 9 0 4 0.00 M M 1.7 10 20 M M 6 1 16 350
22 83 56 70 10 0 5 0.01 M M 2.8 13 170 M M 3 13 21 170
23 79 57 68 9 0 3 0.00 M M 3.9 15 90 M M 2 26 120
24 79 47 63 4 2 0 0.00 M M 3.1 13 100 M M 3 1 21 80
25 79 54 67 9 0 2 T M M 4.6 14 100 M M 6 22 120
26 71 61 66 8 0 1 0.04 M M 5.5 17 100 M M 10 1 26 110
27 70 60 65 7 0 0 0.02 M M 7.2 17 100 M M 10 26 100
28 76 57 67 10 0 2 0.00 M M 3.9 13 90 M M 6 19 90
29 72 49 61 4 4 0 0.00 M M 3.3 13 140 M M 4 1 20 140
30 80 52 66 10 0 1 T M M 3.2 14 280 M M 4 1 18 180
================================================================================
SM 2262 1659 74 91 3.35 M 149.6 M 170
================================================================================
AV 75.4 55.3 5.0 FASTST M M 6 MAX(MPH)
MISC ----> # 18 210 29 200
================================================================================
NOTES:
# LAST OF SEVERAL OCCURRENCES
COLUMN 17 PEAK WIND IN M.P.H.
PRELIMINARY LOCAL CLIMATOLOGICAL DATA (WS FORM: F-6) , PAGE 2
STATION: TRAVERSE CITY MI
MONTH: SEPTEMBER
YEAR: 2023
LATITUDE: 44 44 N
LONGITUDE: 85 34 W
[TEMPERATURE DATA] [PRECIPITATION DATA] SYMBOLS USED IN COLUMN 16
AVERAGE MONTHLY: 65.4 TOTAL FOR MONTH: 3.35 1 = FOG OR MIST
DPTR FM NORMAL: 3.4 DPTR FM NORMAL: -0.02 2 = FOG REDUCING VISIBILITY
HIGHEST: 94 ON 5 GRTST 24HR 2.58 ON 6- 7 TO 1/4 MILE OR LESS
LOWEST: 42 ON 19 3 = THUNDER
SNOW, ICE PELLETS, HAIL 4 = ICE PELLETS
TOTAL MONTH: M 5 = HAIL
GRTST 24HR M ON M 6 = FREEZING RAIN OR DRIZZLE
GRTST DEPTH: M ON M 7 = DUSTSTORM OR SANDSTORM:
VSBY 1/2 MILE OR LESS
8 = SMOKE OR HAZE
[NO. OF DAYS WITH] [WEATHER - DAYS WITH] 9 = BLOWING SNOW
X = TORNADO
MAX 32 OR BELOW: 0 0.01 INCH OR MORE: 10
MAX 90 OR ABOVE: 2 0.10 INCH OR MORE: 4
MIN 32 OR BELOW: 0 0.50 INCH OR MORE: 1
MIN 0 OR BELOW: 0 1.00 INCH OR MORE: 1
[HDD (BASE 65) ]
TOTAL THIS MO. 74 CLEAR (SCALE 0-3) 5
DPTR FM NORMAL -79 PTCLDY (SCALE 4-7) 19
TOTAL FM JUL 1 104 CLOUDY (SCALE 8-10) 6
DPTR FM NORMAL -95
[CDD (BASE 65) ]
TOTAL THIS MO. 91
DPTR FM NORMAL 33 [PRESSURE DATA]
TOTAL FM JAN 1 560 HIGHEST SLP 30.26 ON 30
DPTR FM NORMAL 32 LOWEST SLP 29.69 ON 6
[REMARKS]
#FINAL-09-23#