000
CXUS53 KAPX 010624
CLMTVC
CLIMATE REPORT
NATIONAL WEATHER SERVICE
224 AM EDT THU JUN 01 2023
...................................
...THE TRAVERSE CITY MI CLIMATE SUMMARY FOR THE MONTH OF MAY 2023...
CLIMATE NORMAL PERIOD: 1991 TO 2020
CLIMATE RECORD PERIOD: 1896 TO 2023
WEATHER OBSERVED NORMAL DEPART LAST YEAR`S
VALUE DATE(S) VALUE FROM VALUE
NORMAL
..............................................................
TEMPERATURE (F)
HIGHEST 93 05/31 MM MM
LOWEST 31 05/04 MM MM
AVG. MAXIMUM 69.5 67.2 2.3
AVG. MINIMUM 43.6 43.4 0.2
MEAN 56.5 55.3 1.2
DAYS MAX >= 90 2 1.0 1.0
DAYS MAX <= 32 0 0.0 0.0
DAYS MIN <= 32 2 3.5 -1.5
DAYS MIN <= 0 0 0.0 0.0
PRECIPITATION (INCHES)
TOTALS 1.42 2.84 -1.42
DAYS >= .01 7 11.9 -4.9
DAYS >= .10 4 6.3 -2.3
DAYS >= .50 0 1.9 -1.9
DAYS >= 1.00 0 0.5 -0.5
GREATEST
24 HR. TOTAL 0.44 05/01 TO 05/02
DEGREE DAYS
HEATING TOTAL 275 327 -52
SINCE 7/1 6127 7021 -894
COOLING TOTAL 22 27 -5
SINCE 1/1 42 30 12
..............................................................
WIND (MPH)
AVERAGE WIND SPEED 5.6
HIGHEST WIND SPEED/DIRECTION 28/300 DATE 05/07
HIGHEST GUST SPEED/DIRECTION 38/320 DATE 05/02
SKY COVER
AVERAGE SKY COVER 0.53
AVERAGE RH (PERCENT) 62
- INDICATES NEGATIVE NUMBERS.
R INDICATES RECORD WAS SET OR TIED.
MM INDICATES DATA IS MISSING.
T INDICATES TRACE AMOUNT.
$$