000
CXUS55 KBOI 011002
CF6TWF
PRELIMINARY LOCAL CLIMATOLOGICAL DATA (WS FORM: F-6)
STATION: TWIN FALLS ID
MONTH: JULY
YEAR: 2022
LATITUDE: 42 28 N
LONGITUDE: 114 29 W
TEMPERATURE IN F: :PCPN: SNOW: WIND :SUNSHINE: SKY :PK WND
================================================================================
1 2 3 4 5 6A 6B 7 8 9 10 11 12 13 14 15 16 17 18
12Z AVG MX 2MIN
DY MAX MIN AVG DEP HDD CDD WTR SNW DPTH SPD SPD DIR MIN PSBL S-S WX SPD DR
================================================================================
1 90 57 74 5 0 9 0.00 M M 8.1 14 330 M M 0 20 340
2 88 62 75 5 0 10 0.05 M M 6.7 22 100 M M 0 30 90
3 85 58 72 2 0 7 T M M 8.3 17 250 M M 0 24 240
4 83 59 71 1 0 6 0.00 M M 10.2 16 310 M M 0 24 330
5 89 59 74 3 0 9 0.00 M M 9.0 14 210 M M 0 20 60
6 90 61 76 5 0 11 0.00 M M 10.8 21 290 M M 0 26 290
7 92 63 78 7 0 13 0.00 M M 8.9 15 200 M M 0 22 200
8 93 65 79 7 0 14 0.00 M M 8.7 16 210 M M 0 21 220
9 93 66 80 8 0 15 0.00 M M 9.4 15 310 M M 0 20 330
10 89 62 76 4 0 11 0.00 M M 12.7 22 300 M M 0 28 320
11 87 59 73 1 0 8 0.00 M M 9.5 20 230 M M 0 26 230
12 96 56 76 3 0 11 T M M 7.0 14 210 M M 0 18 210
13 100 72 86 13 0 21 0.08 M M 9.5 23 190 M M 0 3 35 190
14 97 71 84 11 0 19 0.00 M M 9.3 24 190 M M 0 33 180
15 98 67 83 9 0 18 0.00 M M 10.9 23 190 M M 0 38 200
16 100 71 86 12 0 21 0.00 M M 9.8 17 200 M M 0 24 190
17 96 73 85 11 0 20 0.00 M M 12.8 28 180 M M 0 38 180
18 90 66 78 4 0 13 T M M 14.2 25 190 M M 1 36 190
19 93 63 78 4 0 13 0.00 M M 8.5 18 190 M M 0 26 180
20 97 68 83 9 0 18 0.00 M M 9.1 17 320 M M 0 25 310
21 97 66 82 8 0 17 0.00 M M 7.7 14 210 M M 0 21 200
22 95 60 78 3 0 13 0.00 M M 10.7 18 310 M M 0 25 340
23 92 67 80 5 0 15 0.00 M M 9.2 16 300 M M 0 22 230
24 92 63 78 3 0 13 0.00 M M 12.3 18 310 M M 0 23 310
25 92 63 78 3 0 13 0.00 M M 10.2 17 310 M M 0 25 300
26 96 66 81 6 0 16 0.00 M M 11.9 17 310 M M 0 25 320
27 96 73 85 10 0 20 0.00 M M 12.2 20 300 M M 0 27 230
28 97 69 83 8 0 18 T M M 8.8 31 350 M M 0 45 360
29 96 65 81 6 0 16 0.00 M M 8.2 18 20 M M 0 24 30
30 98 59 79 4 0 14 0.00 0.0 0 8.7 18 210 M M 0 22 210
31 100 64 82 7 0 17 0.00 0.0 0 9.0 15 210 M M 0 21 350
================================================================================
SM 2897 1993 0 439 0.13 0.0 302.3 M 1
================================================================================
AV 93.5 64.3 9.8 FASTST M M 0 MAX(MPH)
MISC ----> 31 350 45 360
================================================================================
NOTES:
# LAST OF SEVERAL OCCURRENCES
COLUMN 17 PEAK WIND IN M.P.H.
PRELIMINARY LOCAL CLIMATOLOGICAL DATA (WS FORM: F-6) , PAGE 2
STATION: TWIN FALLS ID
MONTH: JULY
YEAR: 2022
LATITUDE: 42 28 N
LONGITUDE: 114 29 W
[TEMPERATURE DATA] [PRECIPITATION DATA] SYMBOLS USED IN COLUMN 16
AVERAGE MONTHLY: 78.9 TOTAL FOR MONTH: 0.13 1 = FOG OR MIST
DPTR FM NORMAL: 5.9 DPTR FM NORMAL: -0.18 2 = FOG REDUCING VISIBILITY
HIGHEST: 100 ON 31,16 GRTST 24HR 0.08 ON 13-13 TO 1/4 MILE OR LESS
LOWEST: 56 ON 12 3 = THUNDER
SNOW, ICE PELLETS, HAIL 4 = ICE PELLETS
TOTAL MONTH: 0.0 INCH 5 = HAIL
GRTST 24HR 0.0 6 = FREEZING RAIN OR DRIZZLE
GRTST DEPTH: 0 7 = DUSTSTORM OR SANDSTORM:
VSBY 1/2 MILE OR LESS
8 = SMOKE OR HAZE
[NO. OF DAYS WITH] [WEATHER - DAYS WITH] 9 = BLOWING SNOW
X = TORNADO
MAX 32 OR BELOW: 0 0.01 INCH OR MORE: 2
MAX 90 OR ABOVE: 25 0.10 INCH OR MORE: 0
MIN 32 OR BELOW: 0 0.50 INCH OR MORE: 0
MIN 0 OR BELOW: 0 1.00 INCH OR MORE: 0
[HDD (BASE 65) ]
TOTAL THIS MO. 0 CLEAR (SCALE 0-3) 31
DPTR FM NORMAL -10 PTCLDY (SCALE 4-7) 0
TOTAL FM JUL 1 0 CLOUDY (SCALE 8-10) 0
DPTR FM NORMAL -7
[CDD (BASE 65) ]
TOTAL THIS MO. 439
DPTR FM NORMAL 180 [PRESSURE DATA]
TOTAL FM JAN 1 523 HIGHEST SLP 30.12 ON 10
DPTR FM NORMAL 175 LOWEST SLP 29.55 ON 2
[REMARKS]
#FINAL-07-22#