000
CXUS55 KBOI 011002
CF6TWF
PRELIMINARY LOCAL CLIMATOLOGICAL DATA (WS FORM: F-6)
STATION: TWIN FALLS ID
MONTH: JANUARY
YEAR: 2022
LATITUDE: 42 28 N
LONGITUDE: 114 29 W
TEMPERATURE IN F: :PCPN: SNOW: WIND :SUNSHINE: SKY :PK WND
================================================================================
1 2 3 4 5 6A 6B 7 8 9 10 11 12 13 14 15 16 17 18
12Z AVG MX 2MIN
DY MAX MIN AVG DEP HDD CDD WTR SNW DPTH SPD SPD DIR MIN PSBL S-S WX SPD DR
================================================================================
1 16 -2 7 -21 58 0 0.00 M M 12.4 22 230 M M 0 28 230
2 16 -4 6 -22 59 0 0.00 M M 8.4 16 120 M M 1 19 120
3 37 3 20 -8 45 0 0.00 M M 12.6 36 200 M M 1 8 50 190
4 41 29 35 7 30 0 0.15 M M 13.9 48 240 M M 9 12 61 240
5 39 31 35 7 30 0 0.30 M M 17.6 40 250 M M 10 1 53 250
6 42 32 37 9 28 0 0.03 M M 11.1 26 250 M M 7 12 33 250
7 45 33 39 10 26 0 0.03 M M 16.8 36 260 M M 5 1 45 270
8 34 20 27 -2 38 0 0.00 M M 12.5 20 260 M M 3 25 230
9 28 12 20 -9 45 0 0.00 M M 8.2 20 80 M M 0 23 90
10 29 9 19 -10 46 0 0.00 M M 6.4 15 110 M M 0 18 110
11 31 16 24 -5 41 0 0.00 M M 6.4 15 170 M M 1 18 180
12 34 20 27 -2 38 0 0.00 M M 7.2 14 120 M M 0 1 17 130
13 41 20 31 2 34 0 0.00 M M 10.6 23 250 M M 2 30 260
14 37 22 30 1 35 0 0.00 M M 8.1 21 280 M M 3 12 27 260
15 28 18 23 -6 42 0 0.00 M M 7.3 16 90 M M 8 12 19 90
16 27 17 22 -7 43 0 0.00 M M 3.0 9 210 M M 6 12 11 200
17 29 14 22 -7 43 0 0.00 M M 2.7 9 210 M M 4 128 12 200
18 27 17 22 -7 43 0 T M M 3.1 8 290 M M 10 128 10 280
19 28 25 27 -2 38 0 0.00 M M 2.5 7 10 M M 10 12 9 300
20 37 25 31 2 34 0 0.14 M M 6.7 20 210 M M 10 126 25 200
21 37 27 32 3 33 0 T M M 12.2 29 280 M M 9 12 38 280
22 29 25 27 -2 38 0 0.00 M M 4.5 12 80 M M 10 12 13 80
23 27 24 26 -3 39 0 0.00 M M 3.6 8 210 M M 10 12 11 170
24 26 21 24 -5 41 0 0.04 M M 3.9 12 340 M M 10 12 14 340
25 27 9 18 -12 47 0 0.02 M M 3.7 14 210 M M 8 1 18 200
26 24 4 14 -16 51 0 0.00 M M 5.5 14 280 M M 4 128 17 280
27 20 8 14 -16 51 0 0.00 M M 4.6 14 70 M M 10 12 17 80
28 20 3 12 -18 53 0 0.00 M M 8.7 15 110 M M 2 128 19 110
29 24 1 13 -17 52 0 0.00 M M 5.8 14 200 M M 0 16 190
30 26 2 14 -16 51 0 0.00 M M 4.4 14 160 M M 0 16 140
31 36 14 25 -5 40 0 0.00 M M 14.8 25 280 M M 4 33 290
================================================================================
SM 942 495 1292 0 0.71 M 249.2 M 157
================================================================================
AV 30.4 16.0 8.0 FASTST M M 5 MAX(MPH)
MISC ----> 48 240 61 240
================================================================================
NOTES:
# LAST OF SEVERAL OCCURRENCES
COLUMN 17 PEAK WIND IN M.P.H.
PRELIMINARY LOCAL CLIMATOLOGICAL DATA (WS FORM: F-6) , PAGE 2
STATION: TWIN FALLS ID
MONTH: JANUARY
YEAR: 2022
LATITUDE: 42 28 N
LONGITUDE: 114 29 W
[TEMPERATURE DATA] [PRECIPITATION DATA] SYMBOLS USED IN COLUMN 16
AVERAGE MONTHLY: 23.2 TOTAL FOR MONTH: 0.71 1 = FOG OR MIST
DPTR FM NORMAL: -5.9 DPTR FM NORMAL: -0.24 2 = FOG REDUCING VISIBILITY
HIGHEST: 45 ON 7 GRTST 24HR 0.32 ON 4- 5 TO 1/4 MILE OR LESS
LOWEST: -4 ON 2 3 = THUNDER
SNOW, ICE PELLETS, HAIL 4 = ICE PELLETS
TOTAL MONTH: M 5 = HAIL
GRTST 24HR M ON M 6 = FREEZING RAIN OR DRIZZLE
GRTST DEPTH: M ON M 7 = DUSTSTORM OR SANDSTORM:
VSBY 1/2 MILE OR LESS
8 = SMOKE OR HAZE
[NO. OF DAYS WITH] [WEATHER - DAYS WITH] 9 = BLOWING SNOW
X = TORNADO
MAX 32 OR BELOW: 19 0.01 INCH OR MORE: 7
MAX 90 OR ABOVE: 0 0.10 INCH OR MORE: 3
MIN 32 OR BELOW: 30 0.50 INCH OR MORE: 0
MIN 0 OR BELOW: 2 1.00 INCH OR MORE: 0
[HDD (BASE 65) ]
TOTAL THIS MO. 1292 CLEAR (SCALE 0-3) 12
DPTR FM NORMAL 178 PTCLDY (SCALE 4-7) 9
TOTAL FM JUL 1 3510 CLOUDY (SCALE 8-10) 10
DPTR FM NORMAL -254
[CDD (BASE 65) ]
TOTAL THIS MO. 0
DPTR FM NORMAL 0 [PRESSURE DATA]
TOTAL FM JAN 1 0 HIGHEST SLP 30.80 ON 28
DPTR FM NORMAL 0 LOWEST SLP 29.54 ON 7
[REMARKS]
#FINAL-01-22#