957
CXUS55 KBOI 011002
CF6TWF
PRELIMINARY LOCAL CLIMATOLOGICAL DATA (WS FORM: F-6)
STATION: TWIN FALLS ID
MONTH: MAY
YEAR: 2020
LATITUDE: 42 28 N
LONGITUDE: 114 29 W
TEMPERATURE IN F: :PCPN: SNOW: WIND :SUNSHINE: SKY :PK WND
================================================================================
1 2 3 4 5 6A 6B 7 8 9 10 11 12 13 14 15 16 17 18
12Z AVG MX 2MIN
DY MAX MIN AVG DEP HDD CDD WTR SNW DPTH SPD SPD DIR MIN PSBL S-S WX SPD DR
================================================================================
1 68 41 55 3 10 0 0.00 M M 7.6 17 210 M M 1 21 210
2 74 41 58 6 7 0 0.00 M M 8.1 17 110 M M 3 3 20 120
3 60 40 50 -3 15 0 0.00 M M 17.5 31 280 M M 1 40 280
4 64 35 50 -3 15 0 0.00 M M 9.0 17 220 M M 1 23 320
5 76 36 56 3 9 0 0.00 M M 11.1 26 170 M M 0 33 170
6 69 37 53 -1 12 0 0.00 M M 21.5 41 310 M M 1 8 57 290
7 61 33 47 -7 18 0 0.00 M M 9.7 18 280 M M 0 22 230
8 71 30 51 -3 14 0 0.00 M M 7.5 15 110 M M 0 22 320
9 75 40 58 4 7 0 0.00 M M 13.9 25 90 M M 0 34 90
10 81 35 58 3 7 0 0.00 M M 10.9 23 160 M M 0 33 150
11 80 46 63 8 2 0 0.00 M M 8.6 22 260 M M 1 32 300
12 68 42 55 0 10 0 T M M 13.6 24 290 M M 5 31 250
13 59 39 49 -7 16 0 0.06 M M 10.5 28 290 M M 3 32 280
14 59 43 51 -5 14 0 0.12 M M 8.4 21 250 M M 9 13 26 260
15 63 41 52 -4 13 0 0.00 M M 12.6 23 310 M M 4 29 310
16 68 32 50 -7 15 0 0.00 M M 8.2 17 220 M M 0 21 80
17 76 54 65 8 0 0 T M M 9.8 23 270 M M 2 28 280
18 71 45 58 1 7 0 T M M 12.7 40 280 M M 4 8 52 280
19 52 41 47 -10 18 0 0.23 M M 8.6 26 260 M M 9 13 33 250
20 54 42 48 -10 17 0 0.25 M M 13.0 28 280 M M 10 1 36 270
21 61 41 51 -7 14 0 0.06 M M 11.2 26 310 M M 6 1 34 310
22 44 36 40 -18 25 0 0.35 M M 11.7 21 290 M M 5 1 24 290
23 60 35 48 -10 17 0 0.00 M M 17.7 28 270 M M 1 33 260
24 65 41 53 -6 12 0 0.00 M M 9.4 15 220 M M 0 19 220
25 74 43 59 0 6 0 0.00 M M 8.4 15 310 M M 0 8 21 300
26 76 51 64 5 1 0 T M M 11.2 17 300 M M 3 23 320
27 80 56 68 9 0 3 0.00 M M 12.7 18 300 M M 2 8 24 290
28 85 52 69 9 0 4 0.00 M M 7.4 14 210 M M 0 8 18 210
29 94 57 76 16 0 11 T M M 7.6 20 240 M M 0 3 34 290
30 94 61 78 18 0 13 0.00 M M 11.9 37 180 M M 0 51 180
31 77 51 64 4 1 0 0.00 M M 10.3 28 250 M M 0 35 250
================================================================================
SM 2159 1317 302 31 1.07 M 342.3 M 71
================================================================================
AV 69.6 42.5 11.0 FASTST M M 2 MAX(MPH)
MISC ----> 41 310 57 290
================================================================================
NOTES:
# LAST OF SEVERAL OCCURRENCES
COLUMN 17 PEAK WIND IN M.P.H.
PRELIMINARY LOCAL CLIMATOLOGICAL DATA (WS FORM: F-6) , PAGE 2
STATION: TWIN FALLS ID
MONTH: MAY
YEAR: 2020
LATITUDE: 42 28 N
LONGITUDE: 114 29 W
[TEMPERATURE DATA] [PRECIPITATION DATA] SYMBOLS USED IN COLUMN 16
AVERAGE MONTHLY: 56.1 TOTAL FOR MONTH: 1.07 1 = FOG OR MIST
DPTR FM NORMAL: -0.4 DPTR FM NORMAL: -0.29 2 = FOG REDUCING VISIBILITY
HIGHEST: 94 ON 30,29 GRTST 24HR 0.41 ON 21-22 TO 1/4 MILE OR LESS
LOWEST: 30 ON 8 3 = THUNDER
SNOW, ICE PELLETS, HAIL 4 = ICE PELLETS
TOTAL MONTH: M 5 = HAIL
GRTST 24HR M ON M 6 = FREEZING RAIN OR DRIZZLE
GRTST DEPTH: M ON M 7 = DUSTSTORM OR SANDSTORM:
VSBY 1/2 MILE OR LESS
8 = SMOKE OR HAZE
[NO. OF DAYS WITH] [WEATHER - DAYS WITH] 9 = BLOWING SNOW
X = TORNADO
MAX 32 OR BELOW: 0 0.01 INCH OR MORE: 6
MAX 90 OR ABOVE: 2 0.10 INCH OR MORE: 4
MIN 32 OR BELOW: 2 0.50 INCH OR MORE: 0
MIN 0 OR BELOW: 0 1.00 INCH OR MORE: 0
[HDD (BASE 65) ]
TOTAL THIS MO. 302 CLEAR (SCALE 0-3) 23
DPTR FM NORMAL 16 PTCLDY (SCALE 4-7) 5
TOTAL FM JUL 1 6143 CLOUDY (SCALE 8-10) 3
DPTR FM NORMAL 57
[CDD (BASE 65) ]
TOTAL THIS MO. 31
DPTR FM NORMAL 10 [PRESSURE DATA]
TOTAL FM JAN 1 31 HIGHEST SLP 30.33 ON 7
DPTR FM NORMAL 9 LOWEST SLP 29.46 ON 17
[REMARKS]
#FINAL-05-20#