000
CXUS54 KSHV 011500
CF6TXK
PRELIMINARY LOCAL CLIMATOLOGICAL DATA (WS FORM: F-6)
STATION: TEXARKANA
MONTH: SEPTEMBER
YEAR: 2020
LATITUDE: 33 27 N
LONGITUDE: 94 0 W
TEMPERATURE IN F: :PCPN: SNOW: WIND :SUNSHINE: SKY :PK WND
================================================================================
1 2 3 4 5 6A 6B 7 8 9 10 11 12 13 14 15 16 17 18
12Z AVG MX 2MIN
DY MAX MIN AVG DEP HDD CDD WTR SNW DPTH SPD SPD DIR MIN PSBL S-S WX SPD DR
================================================================================
1 90 76 83 3 0 18 0.51 0.0 0 9.1 29 310 M M 2 138 34 300
2 81 71 76 -3 0 11 0.67 0.0 0 5.8 17 230 M M 5 13 22 240
3 83 73 78 -1 0 13 0.31 0.0 0 3.7 13 250 M M 4 1 15 240
4 82 74 78 -1 0 13 T 0.0 0 1.6 13 50 M M 2 1 14 40
5 85 71 78 0 0 13 T 0.0 0 3.8 9 30 M M 1 1 11 20
6 90 66 78 0 0 13 0.00 0.0 0 3.5 10 230 M M 0 14 210
7 89 69 79 1 0 14 0.00 0.0 0 5.0 12 230 M M 0 14 230
8 90 72 81 3 0 16 0.00 0.0 0 5.3 12 150 M M 1 16 160
9 90 71 81 4 0 16 0.00 0.0 0 3.6 12 140 M M 1 16 180
10 88 73 81 4 0 16 T 0.0 0 4.6 12 250 M M 5 14 260
11 88 69 79 3 0 14 T 0.0 0 3.6 12 250 M M 6 1 14 240
12 90 71 81 5 0 16 0.00 0.0 0 4.0 10 330 M M 2 18 13 330
13 90 72 81 5 0 16 0.00 0.0 0 5.0 13 50 M M 3 1 17 50
14 87 71 79 3 0 14 0.00 0.0 0 7.6 14 20 M M 5 19 360
15 89 68 79 4 0 14 0.00 0.0 0 5.1 12 50 M M 1 16 50
16 87 70 79 4 0 14 0.00 0.0 0 4.1 10 20 M M 2 1 14 50
17 85 69 77 3 0 12 0.00 0.0 0 3.2 10 350 M M 3 13 14 360
18 83 65 74 0 0 9 0.00 0.0 0 6.0 14 50 M M 0 18 19 40
19 78 58 68 -6 0 3 0.00 0.0 0 6.9 14 50 M M 0 19 40
20 81 56 69 -4 0 4 0.00 0.0 0 7.0 15 60 M M 1 21 50
21 67 63 65 -8 0 0 2.29 0.0 0 7.1 13 70 M M 9 1 19 80
22 75 62 69 -4 0 4 1.83 0.0 0 6.4 12 80 M M 10 1 20 120
23 67 62 65 -7 0 0 0.01 0.0 0 8.1 13 50 M M 10 1 18 40
24 73 62 68 -4 0 3 0.00 0.0 0 4.7 10 20 M M 9 1 14 10
25 77 61 69 -3 0 4 0.00 0.0 0 3.3 8 160 M M 5 12 140
26 74 58 66 -5 0 1 0.00 0.0 0 4.2 10 200 M M 4 12 13 210
27 85 62 74 3 0 9 0.00 0.0 0 7.9 13 210 M M 5 21 210
28 76 57 67 -3 0 2 T 0.0 0 9.9 25 320 M M 3 33 320
29 77 50 64 -6 1 0 0.00 0.0 0 5.6 18 290 M M 0 25 300
30 85 52 69 -1 0 4 0.00 0.0 0 6.8 14 210 M M 0 8 19 210
================================================================================
SM 2482 1974 1 286 5.62 0.0 162.5 M 99
================================================================================
AV 82.7 65.8 5.4 FASTST M M 3 MAX(MPH)
MISC ----> # 29 310 # 34 300
================================================================================
NOTES:
# LAST OF SEVERAL OCCURRENCES
COLUMN 17 PEAK WIND IN M.P.H.
PRELIMINARY LOCAL CLIMATOLOGICAL DATA (WS FORM: F-6) , PAGE 2
STATION: TEXARKANA
MONTH: SEPTEMBER
YEAR: 2020
LATITUDE: 33 27 N
LONGITUDE: 94 0 W
[TEMPERATURE DATA] [PRECIPITATION DATA] SYMBOLS USED IN COLUMN 16
AVERAGE MONTHLY: 74.3 TOTAL FOR MONTH: 5.62 1 = FOG OR MIST
DPTR FM NORMAL: -0.5 DPTR FM NORMAL: 2.19 2 = FOG REDUCING VISIBILITY
HIGHEST: 90 ON 13,12 GRTST 24HR 2.29 ON 21-21 TO 1/4 MILE OR LESS
LOWEST: 50 ON 29 3 = THUNDER
SNOW, ICE PELLETS, HAIL 4 = ICE PELLETS
TOTAL MONTH: 0.0 INCH 5 = HAIL
GRTST 24HR 0.0 6 = FREEZING RAIN OR DRIZZLE
GRTST DEPTH: 0 7 = DUSTSTORM OR SANDSTORM:
VSBY 1/2 MILE OR LESS
8 = SMOKE OR HAZE
[NO. OF DAYS WITH] [WEATHER - DAYS WITH] 9 = BLOWING SNOW
X = TORNADO
MAX 32 OR BELOW: 0 0.01 INCH OR MORE: 6
MAX 90 OR ABOVE: 6 0.10 INCH OR MORE: 5
MIN 32 OR BELOW: 0 0.50 INCH OR MORE: 4
MIN 0 OR BELOW: 0 1.00 INCH OR MORE: 2
[HDD (BASE 65) ]
TOTAL THIS MO. 1 CLEAR (SCALE 0-3) 17
DPTR FM NORMAL -10 PTCLDY (SCALE 4-7) 9
TOTAL FM JUL 1 1 CLOUDY (SCALE 8-10) 4
DPTR FM NORMAL -10
[CDD (BASE 65) ]
TOTAL THIS MO. 286
DPTR FM NORMAL -20 [PRESSURE DATA]
TOTAL FM JAN 1 2028 HIGHEST SLP 30.28 ON 5
DPTR FM NORMAL -66 LOWEST SLP 29.69 ON 27
[REMARKS]
#FINAL-09-20#