000
CXUS53 KLOT 011810
CLMUGN
CLIMATE REPORT
NATIONAL WEATHER SERVICE CHICAGO IL
1210 PM CST FRI DEC 01 2023
...................................
...THE WAUKEGAN IL CLIMATE SUMMARY FOR THE MONTH OF NOVEMBER 2023...
CLIMATE NORMAL PERIOD: 1991 TO 2020
CLIMATE RECORD PERIOD: 2000 TO 2023
WEATHER OBSERVED NORMAL DEPART LAST YEAR`S
VALUE DATE(S) VALUE FROM VALUE DATE(S)
NORMAL
................................................................
TEMPERATURE (F)
RECORD
HIGH 76 11/09/2020
11/01/2016
07/06/2012
LOW 5 11/12/2019
HIGHEST 70 11/06 75 11/10
LOWEST 14 11/28 12 11/20
AVG. MAXIMUM 50.8 47.5 3.3 51.1
AVG. MINIMUM 32.9 31.4 1.5 33.0
MEAN 41.8 39.5 2.3 42.0
DAYS MAX >= 90 0 0.0 0.0 0
DAYS MAX <= 32 2 2.2 -0.2 3
DAYS MIN <= 32 14 15.8 -1.8 15
DAYS MIN <= 0 0 0.0 0.0 0
PRECIPITATION (INCHES)
RECORD
MAXIMUM 5.24 2003
MINIMUM 0.26 1999
TOTALS 1.14 2.26 -1.12 1.13
DAILY AVG. 0.04 0.08 -0.04 0.04
DAYS >= .01 5 9.6 -4.6 5
DAYS >= .10 3 4.7 -1.7 3
DAYS >= .50 1 1.3 -0.3 1
DAYS >= 1.00 0 0.2 -0.2 0
GREATEST
24 HR. TOTAL 0.80 11/20 TO 11/21 0.59
DEGREE DAYS
HEATING TOTAL 689 767 -78 684
SINCE 7/1 1089 1330 -241 MM
COOLING TOTAL 0 0 0 3
SINCE 1/1 722 626 96 MM
................................................................
WIND (MPH)
AVERAGE WIND SPEED 9.3
HIGHEST WIND SPEED/DIRECTION 30/240 DATE 11/06
30/220 11/16
HIGHEST GUST SPEED/DIRECTION 42/220 DATE 11/16
AVERAGE RH (PERCENT) 62
WEATHER CONDITIONS. NUMBER OF DAYS WITH
THUNDERSTORM 1 MIXED PRECIP 1
HEAVY RAIN 1 RAIN 2
LIGHT RAIN 6 FREEZING RAIN 0
LT FREEZING RAIN 0 HAIL 0
HEAVY SNOW 0 SNOW 1
LIGHT SNOW 1 SLEET 0
FOG 7 FOG W/VIS <= 1/4 MILE 0
HAZE 7
- INDICATES NEGATIVE NUMBERS.
R INDICATES RECORD WAS SET OR TIED.
MM INDICATES DATA IS MISSING.
T INDICATES TRACE AMOUNT.
$$