000
CXUS55 KSEW 010930
CF6UIL
PRELIMINARY LOCAL CLIMATOLOGICAL DATA (WS FORM: F-6)
STATION: QUILLAYUTE WA AIRPORT
MONTH: MAY
YEAR: 2023
LATITUDE: 47 57 N
LONGITUDE: 124 33 W
TEMPERATURE IN F: :PCPN: SNOW: WIND :SUNSHINE: SKY :PK WND
================================================================================
1 2 3 4 5 6A 6B 7 8 9 10 11 12 13 14 15 16 17 18
12Z AVG MX 2MIN
DY MAX MIN AVG DEP HDD CDD WTR SNW DPTH SPD SPD DIR MIN PSBL S-S WX SPD DR
================================================================================
1 60 45 53 4 12 0 T M M 5.3 14 320 M M 5 22 290
2 67 42 55 6 10 0 0.00 M M 5.7 13 250 M M 1 22 210
3 63 50 57 7 8 0 T M M 4.7 12 220 M M 10 12 16 190
4 54 49 52 2 13 0 0.12 M M 4.0 10 170 M M 10 1 17 140
5 51 46 49 -1 16 0 0.18 M M 4.6 12 240 M M 10 128 18 210
6 59 43 51 1 14 0 0.00 M M 2.4 10 210 M M 8 12 16 190
7 58 43 51 1 14 0 0.07 M M 3.9 13 250 M M 9 1 18 170
8 62 40 51 1 14 0 0.00 M M 3.8 14 290 M M 5 21 260
9 64 41 53 2 12 0 0.00 M M 3.7 16 270 M M 4 1 21 270
10 65 39 52 1 13 0 0.00 M M 4.6 14 280 M M 1 8 19 230
11 69 38 54 3 11 0 0.00 M M 3.5 13 240 M M 0 18 19 290
12 78 41 60 9 5 0 0.00 M M 4.6 14 330 M M 0 21 320
13 90 47 69 18 0 4 0.00 M M 5.3 13 20 M M 0 20 10
14 92 53 73 21 0 8 0.00 M M 6.8 22 50 M M 0 32 60
15 86 56 71 19 0 6 0.00 M M 5.2 12 210 M M 5 21 99
16 63 55 59 7 6 0 0.00 M M 4.8 12 230 M M 9 16 230
17 75 53 64 12 1 0 0.00 M M 4.0 12 220 M M 5 1 17 220
18 61 53 57 5 8 0 0.00 M M 4.6 10 230 M M 10 12 16 210
19 70 54 62 10 3 0 0.00 M M 6.7 14 330 M M 6 22 340
20 63 52 58 6 7 0 0.01 M M 5.5 13 320 M M 10 18 21 330
21 58 52 55 2 10 0 0.06 M M 7.3 16 270 M M 10 1 25 270
22 60 47 54 1 11 0 T M M 7.3 15 270 M M 9 8 23 280
23 63 42 53 0 12 0 0.00 M M 4.5 14 230 M M 4 19 230
24 69 41 55 2 10 0 0.00 M M 4.8 15 260 M M 1 18 21 260
25 72 43 58 5 7 0 0.00 M M 4.5 14 320 M M 0 20 330
26 68 46 57 4 8 0 0.00 M M 5.7 14 270 M M 4 128 20 290
27 61 52 57 4 8 0 0.02 M M 5.8 14 240 M M 9 1 20 240
28 61 50 56 2 9 0 0.00 M M 5.0 15 250 M M 9 1 20 270
29 59 45 52 -2 13 0 0.01 M M 5.5 14 270 M M 9 1 18 320
30 60 42 51 -3 14 0 0.00 M M 6.9 16 330 M M 7 26 270
31 62 39 51 -3 14 0 0.00 M M 5.1 15 290 M M 6 23 270
================================================================================
SM 2043 1439 283 18 0.47 M 156.1 M 176
================================================================================
AV 65.9 46.4 5.0 FASTST M M 6 MAX(MPH)
MISC ----> 22 50 32 60
================================================================================
NOTES:
# LAST OF SEVERAL OCCURRENCES
COLUMN 17 PEAK WIND IN M.P.H.
PRELIMINARY LOCAL CLIMATOLOGICAL DATA (WS FORM: F-6) , PAGE 2
STATION: QUILLAYUTE WA AIRPORT
MONTH: MAY
YEAR: 2023
LATITUDE: 47 57 N
LONGITUDE: 124 33 W
[TEMPERATURE DATA] [PRECIPITATION DATA] SYMBOLS USED IN COLUMN 16
AVERAGE MONTHLY: 56.2 TOTAL FOR MONTH: 0.47 1 = FOG OR MIST
DPTR FM NORMAL: 4.5 DPTR FM NORMAL: -3.78 2 = FOG REDUCING VISIBILITY
HIGHEST: 92 ON 14 GRTST 24HR 0.24 ON 4- 5 TO 1/4 MILE OR LESS
LOWEST: 38 ON 11 3 = THUNDER
SNOW, ICE PELLETS, HAIL 4 = ICE PELLETS
TOTAL MONTH: M 5 = HAIL
GRTST 24HR M ON M 6 = FREEZING RAIN OR DRIZZLE
GRTST DEPTH: M ON M 7 = DUSTSTORM OR SANDSTORM:
VSBY 1/2 MILE OR LESS
8 = SMOKE OR HAZE
[NO. OF DAYS WITH] [WEATHER - DAYS WITH] 9 = BLOWING SNOW
X = TORNADO
MAX 32 OR BELOW: 0 0.01 INCH OR MORE: 7
MAX 90 OR ABOVE: 2 0.10 INCH OR MORE: 2
MIN 32 OR BELOW: 0 0.50 INCH OR MORE: 0
MIN 0 OR BELOW: 0 1.00 INCH OR MORE: 0
[HDD (BASE 65) ]
TOTAL THIS MO. 283 CLEAR (SCALE 0-3) 8
DPTR FM NORMAL -130 PTCLDY (SCALE 4-7) 10
TOTAL FM JUL 1 4951 CLOUDY (SCALE 8-10) 13
DPTR FM NORMAL -413
[CDD (BASE 65) ]
TOTAL THIS MO. 18
DPTR FM NORMAL 17 [PRESSURE DATA]
TOTAL FM JAN 1 18 HIGHEST SLP M ON M
DPTR FM NORMAL 17 LOWEST SLP 29.72 ON 2
[REMARKS]
#FINAL-05-23#