000
CXUS53 KLSX 020855 CCB
CF6UIN
PRELIMINARY LOCAL CLIMATOLOGICAL DATA (WS FORM: F-6)
STATION: QUINCY IL
MONTH: MAY
YEAR: 2020
LATITUDE: 39 57 N
LONGITUDE: 91 12 W
TEMPERATURE IN F: :PCPN: SNOW: WIND :SUNSHINE: SKY :PK WND
================================================================================
1 2 3 4 5 6A 6B 7 8 9 10 11 12 13 14 15 16 17 18
12Z AVG MX 2MIN
DY MAX MIN AVG DEP HDD CDD WTR SNW DPTH SPD SPD DIR MIN PSBL S-S WX SPD DR
================================================================================
1 75 46 61 3 4 0 0.00 0.0 0 8.1 17 160 M M 0 26 150
2 82 59 71 12 0 6 T 0.0 0 8.5 20 340 M M 3 3 29 360
3 69 52 61 2 4 0 T 0.0 0 7.9 22 10 M M 5 28 10
4 58 47 53 -6 12 0 0.27 0.0 0 10.8 28 100 M M 4 13 39 90
5 57 45 51 -9 14 0 0.14 0.0 0 10.0 20 20 M M 10 1 25 20
6 62 39 51 -9 14 0 0.00 0.0 0 7.8 16 310 M M 5 12 22 300
7 67 42 55 -5 10 0 0.08 0.0 0 7.5 16 270 M M 4 1 21 270
8 57 43 50 -10 15 0 0.12 0.0 0 11.7 26 10 M M 3 1 38 330
9 64 35 50 -11 15 0 T 0.0 0 6.1 24 250 M M 0 39 230
10 58 40 49 -12 16 0 0.01 0.0 0 15.6 28 300 M M 7 37 310
11 57 35 46 -15 19 0 0.00 0.0 0 7.7 18 310 M M 4 24 310
12 60 40 50 -12 15 0 0.00 0.0 0 5.3 16 210 M M 5 22 220
13 55 44 50 -12 15 0 0.00 0.0 0 12.5 18 140 M M 10 1 26 140
14 79 55 67 5 0 2 0.52 0.0 0 13.4 26 340 M M 6 13 36 200
15 71 60 66 3 0 1 1.15 0.0 0 5.4 16 150 M M 7 138 23 150
16 74 56 65 2 0 0 0.36 0.0 0 8.2 15 120 M M 6 13 23 110
17 69 56 63 0 2 0 0.59 0.0 0 12.0 22 280 M M 10 1 32 290
18 59 54 57 -6 8 0 0.05 0.0 0 11.3 20 300 M M 10 18 25 290
19 62 54 58 -6 7 0 0.02 0.0 0 12.7 18 20 M M 10 18 25 20
20 66 56 61 -3 4 0 T 0.0 0 10.3 17 60 M M 10 18 23 60
21 64 55 60 -4 5 0 T 0.0 0 6.6 14 110 M M 10 1 17 110
22 75 59 67 2 0 2 0.00 0.0 0 8.0 15 130 M M 8 20 140
23 83 62 73 8 0 8 0.00 0.0 0 9.2 23 240 M M 3 1 32 270
24 87 65 76 11 0 11 0.39 0.0 0 8.5 29 270 M M 2 13 41 290
25 83 65 74 8 0 9 0.05 0.0 0 8.1 31 170 M M 1 3 44 190
26 85 66 76 10 0 11 T 0.0 0 12.1 23 160 M M 2 3 34 170
27 75 67 71 5 0 6 0.04 0.0 0 7.6 16 110 M M 6 18 22 120
28 78 64 71 5 0 6 0.05 0.0 0 9.1 18 310 M M 8 13 24 270
29 75 56 66 -1 0 1 0.00 0.0 0 11.5 25 310 M M 2 32 340
30 74 51 63 -4 2 0 0.00 0.0 0 4.3 13 320 M M 0 18 310
31 77 54 66 -1 0 1 0.00 0.0 0 6.0 10 150 M M 1 18 40
================================================================================
SM 2157 1622 181 64 3.84 0.0 283.8 M 162
================================================================================
AV 69.6 52.3 9.2 FASTST M M 5 MAX(MPH)
MISC ----> 31 170 44 190
================================================================================
NOTES:
# LAST OF SEVERAL OCCURRENCES
COLUMN 17 PEAK WIND IN M.P.H.
PRELIMINARY LOCAL CLIMATOLOGICAL DATA (WS FORM: F-6) , PAGE 2
STATION: QUINCY IL
MONTH: MAY
YEAR: 2020
LATITUDE: 39 57 N
LONGITUDE: 91 12 W
[TEMPERATURE DATA] [PRECIPITATION DATA] SYMBOLS USED IN COLUMN 16
AVERAGE MONTHLY: 61.0 TOTAL FOR MONTH: 3.84 1 = FOG OR MIST
DPTR FM NORMAL: -1.8 DPTR FM NORMAL: -0.70 2 = FOG REDUCING VISIBILITY
HIGHEST: 87 ON 24 GRTST 24HR 1.67 ON 14-15 TO 1/4 MILE OR LESS
LOWEST: 35 ON 11, 9 3 = THUNDER
SNOW, ICE PELLETS, HAIL 4 = ICE PELLETS
TOTAL MONTH: 0.0 INCH 5 = HAIL
GRTST 24HR 0.0 6 = FREEZING RAIN OR DRIZZLE
GRTST DEPTH: 0 7 = DUSTSTORM OR SANDSTORM:
VSBY 1/2 MILE OR LESS
8 = SMOKE OR HAZE
[NO. OF DAYS WITH] [WEATHER - DAYS WITH] 9 = BLOWING SNOW
X = TORNADO
MAX 32 OR BELOW: 0 0.01 INCH OR MORE: 15
MAX 90 OR ABOVE: 0 0.10 INCH OR MORE: 8
MIN 32 OR BELOW: 0 0.50 INCH OR MORE: 3
MIN 0 OR BELOW: 0 1.00 INCH OR MORE: 1
[HDD (BASE 65) ]
TOTAL THIS MO. 181 CLEAR (SCALE 0-3) 11
DPTR FM NORMAL 45 PTCLDY (SCALE 4-7) 11
TOTAL FM JUL 1 5361 CLOUDY (SCALE 8-10) 9
DPTR FM NORMAL -205
[CDD (BASE 65) ]
TOTAL THIS MO. 64
DPTR FM NORMAL -4 [PRESSURE DATA]
TOTAL FM JAN 1 71 HIGHEST SLP 30.31 ON 31
DPTR FM NORMAL -15 LOWEST SLP 29.71 ON 18
[REMARKS]
#FINAL-05-20#