000
CXUS56 KEKA 011230
CF6UKI
PRELIMINARY LOCAL CLIMATOLOGICAL DATA (WS FORM: F-6)
STATION: UKIAH CA
MONTH: APRIL
YEAR: 2023
LATITUDE: 39 7 N
LONGITUDE: 123 12 W
TEMPERATURE IN F: :PCPN: SNOW: WIND :SUNSHINE: SKY :PK WND
================================================================================
1 2 3 4 5 6A 6B 7 8 9 10 11 12 13 14 15 16 17 18
12Z AVG MX 2MIN
DY MAX MIN AVG DEP HDD CDD WTR SNW DPTH SPD SPD DIR MIN PSBL S-S WX SPD DR
================================================================================
1 57 39 48 -6 17 0 T M M 2.0 10 340 M M 9 18 15 130
2 56 39 48 -6 17 0 0.05 M M 7.6 17 260 M M 5 27 250
3 55 34 45 -9 20 0 T M M 6.4 18 320 M M 2 28 280
4 57 32 45 -9 20 0 0.00 M M 4.5 18 310 M M 0 27 310
5 64 36 50 -4 15 0 0.00 M M 2.6 12 310 M M 0 18 290
6 60 41 51 -3 14 0 0.11 M M 4.6 15 150 M M 7 18 20 140
7 62 46 54 0 11 0 0.29 M M 6.1 16 180 M M 6 1 23 190
8 69 45 57 3 8 0 0.00 M M 2.4 10 140 M M 5 15 130
9 78 42 60 5 5 0 0.00 M M 1.7 12 310 M M 0 16 330
10 79 46 63 8 2 0 0.00 M M 4.0 20 260 M M 2 26 270
11 64 46 55 0 10 0 0.00 M M 7.6 16 310 M M 3 22 320
12 59 41 50 -5 15 0 0.00 0.0 M 9.4 22 300 M M 0 36 330
13 66 34 50 -5 15 0 0.00 M M 4.7 18 300 M M 0 27 340
14 70 36 53 -2 12 0 0.00 M M 3.5 16 340 M M 0 24 360
15 73 37 55 -1 10 0 0.00 0.0 M 3.4 13 30 M M 0 22 270
16 67 40 54 -2 11 0 0.00 M M 6.1 18 300 M M 3 26 300
17 60 41 51 -5 14 0 0.21 M M 5.5 17 340 M M 7 1 24 340
18 59 38 49 -7 16 0 0.01 M M 3.3 14 270 M M 7 1 20 280
19 62 38 50 -6 15 0 T M M 5.6 16 300 M M 2 23 350
20 71 37 54 -3 11 0 0.00 M M 4.7 16 360 M M 0 25 350
21 81 43 62 5 3 0 0.00 M M 3.9 17 310 M M 0 28 310
22 80 48 64 7 1 0 0.00 M M 5.0 18 330 M M 0 25 50
23 77 48 63 6 2 0 0.00 M M 7.3 18 340 M M 1 32 360
24 76 43 60 2 5 0 0.00 M M 4.9 17 350 M M 0 25 340
25 89 44 67 9 0 2 0.00 M M 1.4 13 340 M M 0 17 340
26 92 47 70 12 0 5 0.00 M M 2.0 13 290 M M 0 23 310
27 95 49 72 14 0 7 0.00 M M 1.9 14 290 M M 0 19 280
28 92 50 71 12 0 6 0.00 M M 3.1 13 140 M M 0 19 140
29 89 48 69 10 0 4 0.00 M M 3.5 17 350 M M 0 25 340
30 65 48 57 -2 8 0 0.00 M M 9.1 21 270 M M 2 33 270
================================================================================
SM 2124 1256 277 24 0.67 0.0 137.8 M 61
================================================================================
AV 70.8 41.9 4.6 FASTST M M 2 MAX(MPH)
MISC ----> 22 300 36 330
================================================================================
NOTES:
# LAST OF SEVERAL OCCURRENCES
COLUMN 17 PEAK WIND IN M.P.H.
PRELIMINARY LOCAL CLIMATOLOGICAL DATA (WS FORM: F-6) , PAGE 2
STATION: UKIAH CA
MONTH: APRIL
YEAR: 2023
LATITUDE: 39 7 N
LONGITUDE: 123 12 W
[TEMPERATURE DATA] [PRECIPITATION DATA] SYMBOLS USED IN COLUMN 16
AVERAGE MONTHLY: 56.3 TOTAL FOR MONTH: 0.67 1 = FOG OR MIST
DPTR FM NORMAL: 0.4 DPTR FM NORMAL: -1.88 2 = FOG REDUCING VISIBILITY
HIGHEST: 95 ON 27 GRTST 24HR 0.40 ON 6- 7 TO 1/4 MILE OR LESS
LOWEST: 32 ON 4 3 = THUNDER
SNOW, ICE PELLETS, HAIL 4 = ICE PELLETS
TOTAL MONTH: 0.0 INCH 5 = HAIL
GRTST 24HR 0.0 6 = FREEZING RAIN OR DRIZZLE
GRTST DEPTH: M ON M 7 = DUSTSTORM OR SANDSTORM:
VSBY 1/2 MILE OR LESS
8 = SMOKE OR HAZE
[NO. OF DAYS WITH] [WEATHER - DAYS WITH] 9 = BLOWING SNOW
X = TORNADO
MAX 32 OR BELOW: 0 0.01 INCH OR MORE: 5
MAX 90 OR ABOVE: 3 0.10 INCH OR MORE: 3
MIN 32 OR BELOW: 1 0.50 INCH OR MORE: 0
MIN 0 OR BELOW: 0 1.00 INCH OR MORE: 0
[HDD (BASE 65) ]
TOTAL THIS MO. 277 CLEAR (SCALE 0-3) 22
DPTR FM NORMAL -1 PTCLDY (SCALE 4-7) 7
TOTAL FM JUL 1 3028 CLOUDY (SCALE 8-10) 1
DPTR FM NORMAL 298
[CDD (BASE 65) ]
TOTAL THIS MO. 24
DPTR FM NORMAL 17 [PRESSURE DATA]
TOTAL FM JAN 1 24 HIGHEST SLP 30.39 ON 20
DPTR FM NORMAL 16 LOWEST SLP 29.82 ON 30
[REMARKS]
#FINAL-04-23#