000
CXUS56 KEKA 011230
CF6UKI
PRELIMINARY LOCAL CLIMATOLOGICAL DATA (WS FORM: F-6)
STATION: UKIAH CA
MONTH: OCTOBER
YEAR: 2023
LATITUDE: 39 7 N
LONGITUDE: 123 12 W
TEMPERATURE IN F: :PCPN: SNOW: WIND :SUNSHINE: SKY :PK WND
================================================================================
1 2 3 4 5 6A 6B 7 8 9 10 11 12 13 14 15 16 17 18
12Z AVG MX 2MIN
DY MAX MIN AVG DEP HDD CDD WTR SNW DPTH SPD SPD DIR MIN PSBL S-S WX SPD DR
================================================================================
1 77 50 64 -2 1 0 0.00 M M 1.6 14 290 M M 4 12 23 300
2 82 43 63 -3 2 0 0.00 M M 2.2 13 330 M M 0 18 330
3 88 51 70 4 0 5 0.00 M M 1.2 12 270 M M 0 15 300
4 92 50 71 5 0 6 0.00 M M 2.1 12 190 M M 0 17 190
5 95 50 73 8 0 8 0.00 M M 1.6 13 310 M M 0 8 18 310
6 96 51 74 9 0 9 0.00 M M 1.1 13 300 M M 0 20 310
7 95 49 72 7 0 7 0.00 M M 1.3 13 310 M M 0 17 320
8 92 49 71 7 0 6 0.00 M M 1.5 12 350 M M 0 19 260
9 64 53 59 -5 6 0 0.07 M M 2.9 13 240 M M 7 18 19 220
10 64 52 58 -6 7 0 0.07 M M 2.8 13 320 M M 8 1 16 340
11 71 48 60 -4 5 0 0.00 M M 4.8 18 340 M M 1 26 360
12 82 41 62 -1 3 0 0.00 M M 0.8 6 80 M M 0 8 50
13 72 42 57 -6 8 0 0.00 M M 2.5 12 140 M M 3 1 15 150
14 73 48 61 -2 4 0 T M M 3.4 10 170 M M 6 1 16 170
15 82 48 65 3 0 0 0.00 M M 2.5 13 140 M M 3 12 19 130
16 73 49 61 -1 4 0 T M M 1.5 7 350 M M 4 1 12 20
17 85 56 71 9 0 6 0.00 M M 2.0 9 300 M M 4 8 15 320
18 94 50 72 10 0 7 0.00 M M 1.0 7 320 M M 0 1 8 310
19 97 48 73 12 0 8 0.00 M M 0.5 7 280 M M 0 8 9 320
20 84 51 68 7 0 3 0.00 M M 5.7 17 150 M M 0 8 28 160
21 71 48 60 -1 5 0 0.00 M M 1.2 10 300 M M 4 14 310
22 62 54 58 -2 7 0 0.78 M M 2.3 13 330 M M 9 123 17 350
23 77 53 65 5 0 0 0.00 M M 2.3 13 330 M M 4 12 18 340
24 81 47 64 4 1 0 0.00 M M 1.5 14 340 M M 0 17 340
25 59 39 49 -10 16 0 0.04 M M 2.0 10 340 M M 4 1 17 360
26 67 36 52 -7 13 0 0.00 M M 0.9 8 310 M M 3 12 10 310
27 67 33 50 -9 15 0 0.00 M M 1.3 10 340 M M 0 16 330
28 71 34 53 -5 12 0 0.00 M M 0.7 8 290 M M 0 9 290
29 79 32 56 -2 9 0 0.00 M M 1.2 7 270 M M 0 8 160
30 77 35 56 -2 9 0 0.00 M M 0.5 6 290 M M 0 7 350
31 78 37 58 1 7 0 0.00 M M 0.4 8 280 M M 0 10 280
================================================================================
SM 2447 1427 134 65 0.96 M 57.3 M 64
================================================================================
AV 78.9 46.0 1.8 FASTST M M 2 MAX(MPH)
MISC ----> 18 340 28 160
================================================================================
NOTES:
# LAST OF SEVERAL OCCURRENCES
COLUMN 17 PEAK WIND IN M.P.H.
PRELIMINARY LOCAL CLIMATOLOGICAL DATA (WS FORM: F-6) , PAGE 2
STATION: UKIAH CA
MONTH: OCTOBER
YEAR: 2023
LATITUDE: 39 7 N
LONGITUDE: 123 12 W
[TEMPERATURE DATA] [PRECIPITATION DATA] SYMBOLS USED IN COLUMN 16
AVERAGE MONTHLY: 62.5 TOTAL FOR MONTH: 0.96 1 = FOG OR MIST
DPTR FM NORMAL: 0.5 DPTR FM NORMAL: -0.82 2 = FOG REDUCING VISIBILITY
HIGHEST: 97 ON 19 GRTST 24HR 0.78 ON 22-22 TO 1/4 MILE OR LESS
LOWEST: 32 ON 29 3 = THUNDER
SNOW, ICE PELLETS, HAIL 4 = ICE PELLETS
TOTAL MONTH: M 5 = HAIL
GRTST 24HR M ON M 6 = FREEZING RAIN OR DRIZZLE
GRTST DEPTH: M ON M 7 = DUSTSTORM OR SANDSTORM:
VSBY 1/2 MILE OR LESS
8 = SMOKE OR HAZE
[NO. OF DAYS WITH] [WEATHER - DAYS WITH] 9 = BLOWING SNOW
X = TORNADO
MAX 32 OR BELOW: 0 0.01 INCH OR MORE: 4
MAX 90 OR ABOVE: 7 0.10 INCH OR MORE: 1
MIN 32 OR BELOW: 1 0.50 INCH OR MORE: 1
MIN 0 OR BELOW: 0 1.00 INCH OR MORE: 0
[HDD (BASE 65) ]
TOTAL THIS MO. 134 CLEAR (SCALE 0-3) 20
DPTR FM NORMAL 4 PTCLDY (SCALE 4-7) 10
TOTAL FM JUL 1 146 CLOUDY (SCALE 8-10) 1
DPTR FM NORMAL -6
[CDD (BASE 65) ]
TOTAL THIS MO. 65
DPTR FM NORMAL 26 [PRESSURE DATA]
TOTAL FM JAN 1 1189 HIGHEST SLP 30.24 ON 30
DPTR FM NORMAL 184 LOWEST SLP 29.71 ON 22
[REMARKS]
#FINAL-10-23#