748
CXUS53 KSGF 010630
CF6UNO
PRELIMINARY LOCAL CLIMATOLOGICAL DATA (WS FORM: F-6)
STATION: WEST PLAINS MO
MONTH: NOVEMBER
YEAR: 2020
LATITUDE: 36 52 N
LONGITUDE: 91 55 W
TEMPERATURE IN F: :PCPN: SNOW: WIND :SUNSHINE: SKY :PK WND
================================================================================
1 2 3 4 5 6A 6B 7 8 9 10 11 12 13 14 15 16 17 18
12Z AVG MX 2MIN
DY MAX MIN AVG DEP HDD CDD WTR SNW DPTH SPD SPD DIR MIN PSBL S-S WX SPD DR
================================================================================
1 58 32 45 -7 20 0 0.00 M M 8.2 20 320 M M 0 32 320
2 59 27 43 -9 22 0 0.00 M M 4.0 12 200 M M 0 17 200
3 74 43 59 7 6 0 0.00 M M 6.9 13 250 M M 0 18 280
4 75 40 58 7 7 0 0.00 M M 5.8 14 220 M M 0 8 21 200
5 73 47 60 9 5 0 0.00 M M 4.1 12 170 M M 0 15 190
6 72 44 58 7 7 0 0.00 M M 4.0 13 170 M M 0 17 180
7 74 43 59 9 6 0 0.00 M M 4.6 15 130 M M 2 1 23 130
8 69 56 63 13 2 0 0.00 M M 7.0 13 170 M M 8 1 20 160
9 70 65 68 18 0 3 0.01 M M 8.7 16 160 M M 8 1 22 170
10 76 44 60 11 5 0 0.02 M M 12.0 26 280 M M 9 1 37 220
11 60 36 48 -1 17 0 0.00 M M 5.4 13 20 M M 3 17 40
12 61 33 47 -1 18 0 0.00 M M 4.6 13 190 M M 1 19 110
13 57 36 47 -1 18 0 0.02 M M 6.1 15 350 M M 1 26 340
14 68 43 56 8 9 0 0.87 M M 9.0 30 300 M M 9 13 49 290
15 56 35 46 -1 19 0 0.01 M M 11.0 24 280 M M 1 36 300
16 66 32 49 2 16 0 0.00 M M 7.6 18 270 M M 0 30 230
17 61 36 49 3 16 0 0.00 M M 4.3 12 30 M M 0 16 20
18 61 35 48 2 17 0 0.00 M M 8.9 16 160 M M 0 25 180
19 69 46 58 13 7 0 0.00 M M 11.9 25 200 M M 0 37 190
20 74 50 62 17 3 0 0.00 M M 6.6 14 180 M M 4 21 220
21 58 49 54 10 11 0 0.63 M M 6.2 16 310 M M 10 123 26 290
22 49 34 42 -2 23 0 0.13 M M 7.2 16 330 M M 8 1 23 340
23 54 30 42 -2 23 0 0.00 M M 3.9 10 160 M M 1 12 15 120
24 56 42 49 6 16 0 0.97 M M 8.8 16 150 M M 5 13 23 160
25 53 43 48 5 17 0 0.19 M M 10.1 21 260 M M 10 1 32 270
26 58 32 45 3 20 0 0.00 M M 3.5 9 280 M M 2 1 M M
27 61 36 49 7 16 0 0.00 M M 5.2 14 340 M M 2 1 21 350
28 56 29 43 1 22 0 0.00 M M 1.9 9 90 M M 0 18 14 70
29 49 32 41 0 24 0 0.01 M M 6.8 23 340 M M 6 8 34 350
30 40 24 32 -9 33 0 T M M 11.5 24 340 M M 3 37 340
================================================================================
SM 1867 1174 425 3 2.86 M 205.8 M 93
================================================================================
AV 62.2 39.1 6.9 FASTST M M 3 MAX(MPH)
MISC ----> 30 300 49 290
================================================================================
NOTES:
# LAST OF SEVERAL OCCURRENCES
COLUMN 17 PEAK WIND IN M.P.H.
PRELIMINARY LOCAL CLIMATOLOGICAL DATA (WS FORM: F-6) , PAGE 2
STATION: WEST PLAINS MO
MONTH: NOVEMBER
YEAR: 2020
LATITUDE: 36 52 N
LONGITUDE: 91 55 W
[TEMPERATURE DATA] [PRECIPITATION DATA] SYMBOLS USED IN COLUMN 16
AVERAGE MONTHLY: 50.7 TOTAL FOR MONTH: 2.86 1 = FOG OR MIST
DPTR FM NORMAL: 3.9 DPTR FM NORMAL: -1.72 2 = FOG REDUCING VISIBILITY
HIGHEST: 76 ON 10 GRTST 24HR 1.16 ON 24-25 TO 1/4 MILE OR LESS
LOWEST: 24 ON 30 3 = THUNDER
SNOW, ICE PELLETS, HAIL 4 = ICE PELLETS
TOTAL MONTH: M 5 = HAIL
GRTST 24HR M ON M 6 = FREEZING RAIN OR DRIZZLE
GRTST DEPTH: M ON M 7 = DUSTSTORM OR SANDSTORM:
VSBY 1/2 MILE OR LESS
8 = SMOKE OR HAZE
[NO. OF DAYS WITH] [WEATHER - DAYS WITH] 9 = BLOWING SNOW
X = TORNADO
MAX 32 OR BELOW: 0 0.01 INCH OR MORE: 10
MAX 90 OR ABOVE: 0 0.10 INCH OR MORE: 5
MIN 32 OR BELOW: 8 0.50 INCH OR MORE: 3
MIN 0 OR BELOW: 0 1.00 INCH OR MORE: 0
[HDD (BASE 65) ]
TOTAL THIS MO. 425 CLEAR (SCALE 0-3) 20
DPTR FM NORMAL -124 PTCLDY (SCALE 4-7) 6
TOTAL FM JUL 1 762 CLOUDY (SCALE 8-10) 4
DPTR FM NORMAL -91
[CDD (BASE 65) ]
TOTAL THIS MO. 3
DPTR FM NORMAL 1 [PRESSURE DATA]
TOTAL FM JAN 1 1415 HIGHEST SLP M ON M
DPTR FM NORMAL 61 LOWEST SLP 29.57 ON 14
[REMARKS]
#FINAL-11-20#