000
CXUS53 KSGF 010800
CF6UNO
PRELIMINARY LOCAL CLIMATOLOGICAL DATA (WS FORM: F-6)
STATION: WEST PLAINS MO
MONTH: APRIL
YEAR: 2020
LATITUDE: 36 52 N
LONGITUDE: 91 55 W
TEMPERATURE IN F: :PCPN: SNOW: WIND :SUNSHINE: SKY :PK WND
================================================================================
1 2 3 4 5 6A 6B 7 8 9 10 11 12 13 14 15 16 17 18
12Z AVG MX 2MIN
DY MAX MIN AVG DEP HDD CDD WTR SNW DPTH SPD SPD DIR MIN PSBL S-S WX SPD DR
================================================================================
1 69 41 55 2 10 0 0.00 M M 5.1 10 120 M M 0 17 130
2 71 49 60 7 5 0 0.02 M M 9.4 22 170 M M 0 3 32 160
3 68 43 56 2 9 0 0.10 M M 6.5 16 320 M M 8 23 320
4 47 39 43 -11 22 0 0.03 M M 6.8 13 10 M M 10 1 19 360
5 64 44 54 0 11 0 0.01 M M 1.7 8 100 M M 9 1 11 100
6 73 49 61 6 4 0 0.00 M M 6.7 16 200 M M 5 1 23 190
7 81 61 71 16 0 6 0.00 M M 8.1 17 220 M M 3 26 270
8 88 60 74 19 0 9 T M M 8.2 29 10 M M 1 123 44 10
9 66 45 56 0 9 0 0.00 M M 9.8 20 310 M M 1 28 360
10 58 32 45 -11 20 0 0.00 M M 5.5 16 10 M M 0 23 350
11 68 43 56 0 9 0 0.03 M M 8.6 18 180 M M 6 28 180
12 65 38 52 -4 13 0 0.73 M M 8.1 25 320 M M 10 13 38 300
13 50 34 42 -15 23 0 T M M 11.7 25 320 M M 7 40 310
14 52 33 43 -14 22 0 0.00 M M 3.5 16 330 M M 7 24 310
15 62 33 48 -9 17 0 0.00 M M 8.4 21 260 M M 2 33 260
16 66 36 51 -7 14 0 0.00 M M 8.8 22 170 M M 1 30 170
17 58 38 48 -10 17 0 0.02 M M 7.8 16 340 M M 9 18 24 350
18 62 28 45 -13 20 0 0.00 M M 6.6 13 190 M M 0 20 150
19 62 45 54 -4 11 0 0.22 M M 3.4 10 60 M M 5 13 15 80
20 72 43 58 -1 7 0 0.29 M M 4.5 30 310 M M 3 123 49 320
21 74 47 61 2 4 0 0.00 M M 7.0 17 280 M M 0 32 270
22 62 50 56 -3 9 0 0.59 M M 8.6 17 110 M M 8 13 30 140
23 67 48 58 -2 7 0 0.26 M M 6.9 18 340 M M 8 1 30 330
24 70 45 58 -2 7 0 0.08 M M 5.8 14 180 M M 5 1 20 190
25 61 46 54 -6 11 0 0.50 M M 12.3 28 320 M M 7 1 48 320
26 71 39 55 -5 10 0 T M M 4.2 15 360 M M 1 23 350
27 70 50 60 -1 5 0 0.01 M M 6.4 18 180 M M 6 27 170
28 79 57 68 7 0 3 0.98 M M 8.6 26 280 M M 7 138 44 350
29 60 52 56 -5 9 0 T M M 9.5 24 310 M M 8 36 300
30 73 46 60 -1 5 0 0.00 M M 7.9 20 320 M M 1 8 28 330
================================================================================
SM 1989 1314 310 18 3.87 M 216.4 M 138
================================================================================
AV 66.3 43.8 7.2 FASTST M M 5 MAX(MPH)
MISC ----> # 30 310 # 49 320
================================================================================
NOTES:
# LAST OF SEVERAL OCCURRENCES
COLUMN 17 PEAK WIND IN M.P.H.
PRELIMINARY LOCAL CLIMATOLOGICAL DATA (WS FORM: F-6) , PAGE 2
STATION: WEST PLAINS MO
MONTH: APRIL
YEAR: 2020
LATITUDE: 36 52 N
LONGITUDE: 91 55 W
[TEMPERATURE DATA] [PRECIPITATION DATA] SYMBOLS USED IN COLUMN 16
AVERAGE MONTHLY: 55.1 TOTAL FOR MONTH: 3.87 1 = FOG OR MIST
DPTR FM NORMAL: -2.3 DPTR FM NORMAL: -0.61 2 = FOG REDUCING VISIBILITY
HIGHEST: 88 ON 8 GRTST 24HR 0.98 ON 28-28 TO 1/4 MILE OR LESS
LOWEST: 28 ON 18 3 = THUNDER
SNOW, ICE PELLETS, HAIL 4 = ICE PELLETS
TOTAL MONTH: M 5 = HAIL
GRTST 24HR M ON M 6 = FREEZING RAIN OR DRIZZLE
GRTST DEPTH: M ON M 7 = DUSTSTORM OR SANDSTORM:
VSBY 1/2 MILE OR LESS
8 = SMOKE OR HAZE
[NO. OF DAYS WITH] [WEATHER - DAYS WITH] 9 = BLOWING SNOW
X = TORNADO
MAX 32 OR BELOW: 0 0.01 INCH OR MORE: 15
MAX 90 OR ABOVE: 0 0.10 INCH OR MORE: 8
MIN 32 OR BELOW: 2 0.50 INCH OR MORE: 4
MIN 0 OR BELOW: 0 1.00 INCH OR MORE: 0
[HDD (BASE 65) ]
TOTAL THIS MO. 310 CLEAR (SCALE 0-3) 13
DPTR FM NORMAL 58 PTCLDY (SCALE 4-7) 12
TOTAL FM JUL 1 3942 CLOUDY (SCALE 8-10) 5
DPTR FM NORMAL -320
[CDD (BASE 65) ]
TOTAL THIS MO. 18
DPTR FM NORMAL -6 [PRESSURE DATA]
TOTAL FM JAN 1 28 HIGHEST SLP M ON M
DPTR FM NORMAL 0 LOWEST SLP 29.44 ON 12
[REMARKS]
#FINAL-04-20#