000
CXUS53 KUNR 010930
CF6UNR
PRELIMINARY LOCAL CLIMATOLOGICAL DATA (WS FORM: F-6)
STATION: EAST RAPID CITY SD
MONTH: APRIL
YEAR: 2022
LATITUDE: 44 4 N
LONGITUDE: 103 13 W
TEMPERATURE IN F: :PCPN: SNOW: WIND :SUNSHINE: SKY :PK WND
================================================================================
1 2 3 4 5 6A 6B 7 8 9 10 11 12 13 14 15 16 17 18
12Z AVG MX 2MIN
DY MAX MIN AVG DEP HDD CDD WTR SNW DPTH SPD SPD DIR MIN PSBL S-S WX SPD DR
================================================================================
1 49 33 41 0 24 0 0.08 T T 9.2 21 330 M M M 4 29 330
2 60 34 47 6 18 0 0.00 0.0 0 9.4 25 140 M M M 33 140
3 54 31 43 2 22 0 0.00 0.0 0 16.8 33 320 M M M 48 300
4 69 31 50 8 15 0 0.00 0.0 0 11.3 28 330 M M M 39 320
5 53 37 45 3 20 0 T T 0 20.7 36 310 M M M 54 320
6 42 31 37 -5 28 0 0.12 0.8 T 27.3 40 330 M M M 62 310
7 46 34 40 -2 25 0 T T 0 29.0 46 320 M M M 63 330
8 57 29 43 1 22 0 0.00 0.0 0 9.4 20 140 M M M 26 140
9 58 30 44 1 21 0 T 0.0 0 14.7 37 330 M M M 49 340
10 45 33 39 -4 26 0 T T 0 10.1 25 360 M M M 4 31 360
11 51 26 39 -4 26 0 T 0.0 0 6.5 15 20 M M M 21 10
12 39 16 28 -15 37 0 0.02 T 0 16.5 36 330 M M M 52 330
13 27 15 21 -23 44 0 0.00 0.0 0 18.2 34 300 M M M 52 300
14 38 17 28 -16 37 0 0.00 0.0 0 16.1 28 360 M M M 37 340
15 30 18 24 -20 41 0 0.00 0.0 0 10.9 21 10 M M M 26 350
16 45 16 31 -13 34 0 0.00 0.0 0 11.6 24 140 M M M 33 130
17 47 27 37 -8 28 0 0.00 0.0 0 17.6 32 350 M M M 49 350
18 52 22 37 -8 28 0 0.00 0.0 0 8.0 22 130 M M M 29 130
19 74 32 53 8 12 0 T 0.0 0 15.4 32 330 M M M 41 330
20 63 36 50 4 15 0 0.06 0.0 0 11.9 24 360 M M M 37 350
21 72 28 50 4 15 0 T 0.0 0 13.4 29 150 M M M 40 150
22 66 41 54 8 11 0 0.24 0.0 0 16.0 39 350 M M M 35 55 340
23 42 30 36 -10 29 0 0.26 1.1 T 28.0 46 320 M M M 4 71 330
24 43 31 37 -10 28 0 0.02 T T 25.2 47 320 M M M 76 320
25 50 30 40 -7 25 0 0.00 0.0 0 5.3 14 110 M M M 17 110
26 68 30 49 1 16 0 0.00 0.0 0 8.3 23 100 M M M 31 110
27 54 29 42 -6 23 0 0.00 0.0 0 4.7 14 20 M M M 17 20
28 64 36 50 2 15 0 T 0.0 0 5.9 15 120 M M M 20 120
29 51 37 44 -5 21 0 0.31 0.0 0 12.3 29 330 M M M 44 330
30 55 39 47 -2 18 0 T 0.0 0 20.6 39 330 M M M 54 330
================================================================================
SM 1564 879 724 0 1.11 1.9 430.3 M M
================================================================================
AV 52.1 29.3 14.3 FASTST M M M MAX(MPH)
MISC ----> 47 320 76 320
================================================================================
NOTES:
# LAST OF SEVERAL OCCURRENCES
COLUMN 17 PEAK WIND IN M.P.H.
PRELIMINARY LOCAL CLIMATOLOGICAL DATA (WS FORM: F-6) , PAGE 2
STATION: EAST RAPID CITY SD
MONTH: APRIL
YEAR: 2022
LATITUDE: 44 4 N
LONGITUDE: 103 13 W
[TEMPERATURE DATA] [PRECIPITATION DATA] SYMBOLS USED IN COLUMN 16
AVERAGE MONTHLY: 40.7 TOTAL FOR MONTH: 1.11 1 = FOG OR MIST
DPTR FM NORMAL: -3.8 DPTR FM NORMAL: -1.15 2 = FOG REDUCING VISIBILITY
HIGHEST: 74 ON 19 GRTST 24HR 0.31 ON 29-29 TO 1/4 MILE OR LESS
LOWEST: 15 ON 13 3 = THUNDER
SNOW, ICE PELLETS, HAIL 4 = ICE PELLETS
TOTAL MONTH: 1.9 INCHES 5 = HAIL
GRTST 24HR 1.1 ON 23-23 6 = FREEZING RAIN OR DRIZZLE
GRTST DEPTH: T 7 = DUSTSTORM OR SANDSTORM:
VSBY 1/2 MILE OR LESS
8 = SMOKE OR HAZE
[NO. OF DAYS WITH] [WEATHER - DAYS WITH] 9 = BLOWING SNOW
X = TORNADO
MAX 32 OR BELOW: 2 0.01 INCH OR MORE: 8
MAX 90 OR ABOVE: 0 0.10 INCH OR MORE: 4
MIN 32 OR BELOW: 20 0.50 INCH OR MORE: 0
MIN 0 OR BELOW: 0 1.00 INCH OR MORE: 0
[HDD (BASE 65) ]
TOTAL THIS MO. 724 CLEAR (SCALE 0-3) 0
DPTR FM NORMAL 108 PTCLDY (SCALE 4-7) 0
TOTAL FM JUL 1 5923 CLOUDY (SCALE 8-10) 30
DPTR FM NORMAL -511
[CDD (BASE 65) ]
TOTAL THIS MO. 0
DPTR FM NORMAL -1 [PRESSURE DATA]
TOTAL FM JAN 1 0 HIGHEST SLP M ON M
DPTR FM NORMAL -1 LOWEST SLP 28.97 ON 5
[REMARKS]
#FINAL-04-22#