000
CXUS53 KUNR 010945
CF6UNR
PRELIMINARY LOCAL CLIMATOLOGICAL DATA (WS FORM: F-6)
STATION: EAST RAPID CITY SD
MONTH: JUNE
YEAR: 2020
LATITUDE: 44 4 N
LONGITUDE: 103 13 W
TEMPERATURE IN F: :PCPN: SNOW: WIND :SUNSHINE: SKY :PK WND
================================================================================
1 2 3 4 5 6A 6B 7 8 9 10 11 12 13 14 15 16 17 18
12Z AVG MX 2MIN
DY MAX MIN AVG DEP HDD CDD WTR SNW DPTH SPD SPD DIR MIN PSBL S-S WX SPD DR
================================================================================
1 83 67 75 15 0 10 0.00 0.0 0 8.2 22 10 M M M 32 360
2 76 62 69 8 0 4 0.00 0.0 0 11.0 26 320 M M M 35 330
3 78 58 68 7 0 3 0.13 0.0 0 7.2 24 320 M M M 35 33 350
4 80 56 68 7 0 3 0.75 0.0 0 8.2 31 350 M M M 35 46 340
5 77 56 67 5 0 2 0.02 0.0 0 8.9 22 130 M M M 29 140
6 83 58 71 9 0 6 0.07 0.0 0 8.7 26 270 M M M 3 49 260
7 85 54 70 8 0 5 0.01 0.0 0 6.8 18 330 M M M 35 25 170
8 70 52 61 -1 4 0 0.16 0.0 0 10.5 28 330 M M M 39 330
9 64 51 58 -5 7 0 T 0.0 0 18.2 32 320 M M M 48 320
10 70 49 60 -3 5 0 0.00 0.0 0 10.0 22 10 M M M 33 10
11 81 54 68 4 0 3 0.00 0.0 0 6.8 14 140 M M M 21 140
12 88 57 73 9 0 8 0.00 0.0 0 6.0 16 100 M M M 22 90
13 90 59 75 11 0 10 0.00 0.0 0 13.6 30 200 M M M 45 200
14 93 63 78 14 0 13 0.00 0.0 0 8.0 23 330 M M M 35 330
15 78 59 69 4 0 4 0.00 0.0 0 9.3 21 140 M M M 29 130
16 96 58 77 12 0 12 0.06 0.0 0 9.6 31 300 M M M 35 45 300
17 78 53 66 0 0 1 0.03 0.0 0 12.1 26 360 M M M 3 38 300
18 70 53 62 -4 3 0 T 0.0 0 11.2 21 350 M M M 31 350
19 67 49 58 -8 7 0 T 0.0 0 7.5 17 140 M M M 26 170
20 78 51 65 -2 0 0 0.23 0.0 0 5.4 22 320 M M M 3 29 320
21 78 61 70 3 0 5 0.04 0.0 0 7.8 31 330 M M M 41 320
22 74 58 66 -1 0 1 0.02 0.0 0 9.9 24 20 M M M 35 350
23 80 55 68 0 0 3 0.00 0.0 0 7.0 21 20 M M M 28 20
24 89 59 74 6 0 9 0.00 0.0 0 5.0 13 20 M M M 16 20
25 82 66 74 6 0 9 T 0.0 0 9.7 25 360 M M M 3 35 350
26 83 63 73 4 0 8 0.02 0.0 0 7.6 16 190 M M M 22 180
27 92 60 76 7 0 11 0.00 0.0 0 7.2 18 130 M M M 29 150
28 84 60 72 3 0 7 0.18 0.0 0 9.8 25 360 M M M 35 37 350
29 94 60 77 7 0 12 0.06 0.0 0 8.4 24 330 M M M 3 33 330
30 77 58 68 -2 0 3 T 0.0 0 10.1 23 320 M M M 33 320
================================================================================
SM 2418 1719 26 152 1.78 0.0 269.7 M M
================================================================================
AV 80.6 57.3 9.0 FASTST M M 1 MAX(MPH)
MISC ----> # 32 320 # 49 260
================================================================================
NOTES:
# LAST OF SEVERAL OCCURRENCES
COLUMN 17 PEAK WIND IN M.P.H.
PRELIMINARY LOCAL CLIMATOLOGICAL DATA (WS FORM: F-6) , PAGE 2
STATION: EAST RAPID CITY SD
MONTH: JUNE
YEAR: 2020
LATITUDE: 44 4 N
LONGITUDE: 103 13 W
[TEMPERATURE DATA] [PRECIPITATION DATA] SYMBOLS USED IN COLUMN 16
AVERAGE MONTHLY: 69.0 TOTAL FOR MONTH: 1.78 1 = FOG OR MIST
DPTR FM NORMAL: 3.8 DPTR FM NORMAL: -1.38 2 = FOG REDUCING VISIBILITY
HIGHEST: 96 ON 16 GRTST 24HR 0.75 ON 4- 4 TO 1/4 MILE OR LESS
LOWEST: 49 ON 19,10 3 = THUNDER
SNOW, ICE PELLETS, HAIL 4 = ICE PELLETS
TOTAL MONTH: 0.0 INCH 5 = HAIL
GRTST 24HR 0.0 6 = FREEZING RAIN OR DRIZZLE
GRTST DEPTH: 0 7 = DUSTSTORM OR SANDSTORM:
VSBY 1/2 MILE OR LESS
8 = SMOKE OR HAZE
[NO. OF DAYS WITH] [WEATHER - DAYS WITH] 9 = BLOWING SNOW
X = TORNADO
MAX 32 OR BELOW: 0 0.01 INCH OR MORE: 14
MAX 90 OR ABOVE: 5 0.10 INCH OR MORE: 5
MIN 32 OR BELOW: 0 0.50 INCH OR MORE: 1
MIN 0 OR BELOW: 0 1.00 INCH OR MORE: 0
[HDD (BASE 65) ]
TOTAL THIS MO. 26 CLEAR (SCALE 0-3) 0
DPTR FM NORMAL -62 PTCLDY (SCALE 4-7) 0
TOTAL FM JUL 1 6760 CLOUDY (SCALE 8-10) 0
DPTR FM NORMAL -100
[CDD (BASE 65) ]
TOTAL THIS MO. 152
DPTR FM NORMAL 61 [PRESSURE DATA]
TOTAL FM JAN 1 162 HIGHEST SLP M ON M
DPTR FM NORMAL 53 LOWEST SLP 29.12 ON 7
[REMARKS]
#FINAL-06-20#