000
CXUS54 KCRP 011602
CF6VCT
PRELIMINARY LOCAL CLIMATOLOGICAL DATA (WS FORM: F-6)
STATION: VICTORIA
MONTH: JUNE
YEAR: 2020
LATITUDE: 28 51 N
LONGITUDE: 96 55 W
TEMPERATURE IN F: :PCPN: SNOW: WIND :SUNSHINE: SKY :PK WND
================================================================================
1 2 3 4 5 6A 6B 7 8 9 10 11 12 13 14 15 16 17 18
12Z AVG MX 2MIN
DY MAX MIN AVG DEP HDD CDD WTR SNW DPTH SPD SPD DIR MIN PSBL S-S WX SPD DR
================================================================================
1 80 72 76 -4 0 11 0.55 0.0 0 5.2 17 90 M M 8 138 22 80
2 91 73 82 2 0 17 0.00 0.0 0 8.0 20 150 M M 2 128 25 120
3 89 72 81 1 0 16 0.00 0.0 0 6.5 16 130 M M 3 13 20 120
4 93 73 83 2 0 18 0.00 0.0 0 5.6 18 150 M M 3 12 21 160
5 94 73 84 3 0 19 0.00 0.0 0 4.5 14 120 M M 2 1 17 130
6 97 72 85 4 0 20 0.00 0.0 0 5.4 13 20 M M 2 1 16 10
7 98 76 87 6 0 22 0.00 0.0 0 4.9 12 350 M M 1 18 16 320
8 98 76 87 6 0 22 0.00 0.0 0 8.4 21 150 M M 2 18 24 170
9 96 79 88 7 0 23 0.00 0.0 0 9.2 20 170 M M 2 18 23 170
10 95 68 82 0 0 17 0.00 0.0 0 9.2 23 40 M M 3 18 28 30
11 95 62 79 -3 0 14 0.00 0.0 0 6.7 15 40 M M 0 20 50
12 93 64 79 -3 0 14 0.00 0.0 0 7.4 16 20 M M 0 21 60
13 94 62 78 -4 0 13 0.00 0.0 0 8.0 18 80 M M 0 24 50
14 95 64 80 -2 0 15 0.00 0.0 0 7.4 24 80 M M 2 28 80
15 95 72 84 2 0 19 0.00 0.0 0 8.7 21 140 M M 3 138 25 140
16 96 72 84 2 0 19 0.00 0.0 0 8.9 20 110 M M 1 1 25 120
17 96 70 83 1 0 18 0.00 0.0 0 10.0 22 110 M M 2 1 27 120
18 95 72 84 2 0 19 T 0.0 0 10.6 25 150 M M 4 138 30 150
19 94 77 86 4 0 21 T 0.0 0 12.2 25 150 M M 3 138 31 140
20 97 76 87 5 0 22 0.11 0.0 0 8.8 23 140 M M 3 26 140
21 93 76 85 2 0 20 0.50 0.0 0 11.2 26 160 M M 2 138 32 160
22 91 77 84 1 0 19 0.02 0.0 0 13.4 28 150 M M 5 1 34 150
23 91 77 84 1 0 19 0.00 0.0 0 9.2 23 160 M M 5 1 26 150
24 90 74 82 -1 0 17 2.29 0.0 0 5.6 30 260 M M 5 13 38 260
25 94 77 86 3 0 21 0.01 0.0 0 7.3 22 150 M M 6 13 28 170
26 87 76 82 -1 0 17 0.59 0.0 0 5.7 21 250 M M 9 18 26 210
27 92 81 87 4 0 22 0.00 0.0 0 11.7 22 160 M M 7 18 27 140
28 90 80 85 2 0 20 0.33 0.0 0 14.7 28 150 M M 8 13 32 160
29 93 81 87 4 0 22 0.00 0.0 0 17.1 29 160 M M 7 8 38 140
30 94 80 87 4 0 22 0.00 0.0 0 14.9 24 170 M M 7 18 30 170
================================================================================
SM 2796 2204 0 558 4.40 0.0 266.4 M 107
================================================================================
AV 93.2 73.5 8.9 FASTST M M 4 MAX(MPH)
MISC ----> # 30 260 # 38 260
================================================================================
NOTES:
# LAST OF SEVERAL OCCURRENCES
COLUMN 17 PEAK WIND IN M.P.H.
PRELIMINARY LOCAL CLIMATOLOGICAL DATA (WS FORM: F-6) , PAGE 2
STATION: VICTORIA
MONTH: JUNE
YEAR: 2020
LATITUDE: 28 51 N
LONGITUDE: 96 55 W
[TEMPERATURE DATA] [PRECIPITATION DATA] SYMBOLS USED IN COLUMN 16
AVERAGE MONTHLY: 83.3 TOTAL FOR MONTH: 4.40 1 = FOG OR MIST
DPTR FM NORMAL: 1.3 DPTR FM NORMAL: -0.06 2 = FOG REDUCING VISIBILITY
HIGHEST: 98 ON 8, 7 GRTST 24HR 2.29 ON 24-24 TO 1/4 MILE OR LESS
LOWEST: 62 ON 13,11 3 = THUNDER
SNOW, ICE PELLETS, HAIL 4 = ICE PELLETS
TOTAL MONTH: 0.0 INCH 5 = HAIL
GRTST 24HR 0.0 6 = FREEZING RAIN OR DRIZZLE
GRTST DEPTH: 0 7 = DUSTSTORM OR SANDSTORM:
VSBY 1/2 MILE OR LESS
8 = SMOKE OR HAZE
[NO. OF DAYS WITH] [WEATHER - DAYS WITH] 9 = BLOWING SNOW
X = TORNADO
MAX 32 OR BELOW: 0 0.01 INCH OR MORE: 8
MAX 90 OR ABOVE: 27 0.10 INCH OR MORE: 6
MIN 32 OR BELOW: 0 0.50 INCH OR MORE: 4
MIN 0 OR BELOW: 0 1.00 INCH OR MORE: 1
[HDD (BASE 65) ]
TOTAL THIS MO. 0 CLEAR (SCALE 0-3) 18
DPTR FM NORMAL 0 PTCLDY (SCALE 4-7) 11
TOTAL FM JUL 1 915 CLOUDY (SCALE 8-10) 1
DPTR FM NORMAL -334
[CDD (BASE 65) ]
TOTAL THIS MO. 558
DPTR FM NORMAL 50 [PRESSURE DATA]
TOTAL FM JAN 1 1603 HIGHEST SLP 30.24 ON 11
DPTR FM NORMAL 436 LOWEST SLP 29.61 ON 8
[REMARKS]
#FINAL-06-20#