000
CXUS53 KGJT 011143
CLAVEL
CLIMATE REPORT
NATIONAL WEATHER SERVICE GRAND JUNCTION CO
443 AM MST SUN JAN 01 2023
...................................
...THE VERNAL UT CLIMATE SUMMARY FOR THE YEAR OF 2022...
CLIMATE NORMAL PERIOD 1991 TO 2020
CLIMATE RECORD PERIOD 9999 TO 9999
WEATHER OBSERVED NORMAL DEPART LAST YEAR`S
VALUE DATE(S) VALUE FROM VALUE DATE(S)
NORMAL
................................................................
TEMPERATURE (F)
RECORD
HIGH MM MM
LOW MM MM
HIGHEST 100 07/09 MM MM 104 07/09
LOWEST -17 12/18 MM MM -6 01/04
AVG. MAXIMUM 62.0 61.2 0.8 63.1
AVG. MINIMUM 33.8 34.4 -0.6 35.0
MEAN 47.9 47.8 0.1 49.0
DAYS MAX >= 90 66 41.8 24.2 60
DAYS MAX <= 32 44 47.9 -3.9 41
DAYS MIN <= 32 168 173.3 -5.3 168
DAYS MIN <= 0 13 14.2 -1.2 9
PRECIPITATION (INCHES)
RECORD
MAXIMUM MM MM
MINIMUM MM MM
TOTALS 5.74 8.63 -2.89 9.60
DAILY AVG. T 0.02 -0.02 0.03
DAYS >= .01 46 67.8 -21.8 57
DAYS >= .10 22 23.8 -1.8 27
DAYS >= .50 0 2.5 -2.5 3
DAYS >= 1.00 0 0.3 -0.3 1
GREATEST
24 HR. TOTAL 0.53 MM 1.58
STORM TOTAL 0.43 1.21
(MM/DD(HH)) MM
SNOWFALL (INCHES)
RECORDS
TOTAL MM MM
24 HR TOTAL MM
SNOW DEPTH MM MM
TOTALS MM MM MM MM
LIQUID EQUIV MM MM MM MM
SINCE 7/1 MM MM MM MM
LIQUID 7/1 MM MM MM MM
SNOWDEPTH AVG. MM MM
DAYS >= TRACE MM MM MM MM
DAYS >= 1.0 MM MM MM MM
GREATEST
SNOW DEPTH MM MM MM
24 HR TOTAL MM MM
STORM TOTAL MM MM
(MM/DD(HH)) MM
DEGREE DAYS
HEATING TOTAL 7061 6910 151 6657
SINCE 7/1 3099 2864 235 2601
COOLING TOTAL 968 670 298 960
SINCE 1/1 968 670 298 960
FREEZE DATES
RECORD
EARLIEST MM
LATEST MM
EARLIEST 10/23
LATEST 05/13
................................................................
WIND (MPH)
AVERAGE WIND SPEED 5.0
RESULTANT WIND SPEED/DIRECTION 1/280
HIGHEST WIND SPEED/DIRECTION 39/200 DATE 05/19
HIGHEST GUST SPEED/DIRECTION 59/260 DATE 05/19
SKY COVER
POSSIBLE SUNSHINE (PERCENT) MM
AVERAGE SKY COVER 0.21
NUMBER OF DAYS FAIR 273
NUMBER OF DAYS PC 64
NUMBER OF DAYS CLOUDY 22
AVERAGE RH (PERCENT) 52
WEATHER CONDITIONS. NUMBER OF DAYS WITH
THUNDERSTORM 35 MIXED PRECIP 1
HEAVY RAIN 13 RAIN 24
LIGHT RAIN 81 FREEZING RAIN 1
LT FREEZING RAIN 0 HAIL 0
HEAVY SNOW 3 SNOW 10
LIGHT SNOW 38 SLEET 0
FOG 60 FOG W/VIS <= 1/4 MILE 19
HAZE 28
- INDICATES NEGATIVE NUMBERS.
R INDICATES RECORD WAS SET OR TIED.
MM INDICATES DATA IS MISSING.
T INDICATES TRACE AMOUNT.
$$