000
CXUS55 KVEF 010910
CF6VGT
PRELIMINARY LOCAL CLIMATOLOGICAL DATA (WS FORM: F-6)
STATION: NORTH_LAS_VEGAS NV
MONTH: AUGUST
YEAR: 2022
LATITUDE: 36 12 N
LONGITUDE: 115 12 W
TEMPERATURE IN F: :PCPN: SNOW: WIND :SUNSHINE: SKY :PK WND
================================================================================
1 2 3 4 5 6A 6B 7 8 9 10 11 12 13 14 15 16 17 18
12Z AVG MX 2MIN
DY MAX MIN AVG DEP HDD CDD WTR SNW DPTH SPD SPD DIR MIN PSBL S-S WX SPD DR
================================================================================
1 99 79 89 -3 0 24 0.00 M M 7.0 24 140 M M 0 28 150
2 104 83 94 2 0 29 T M M 5.3 14 340 M M 0 19 340
3 107 87 97 6 0 32 0.00 M M 5.1 16 170 M M 0 21 180
4 95 81 88 -3 0 23 T M M 10.0 28 170 M M 2 3 39 180
5 96 76 86 -5 0 21 T M M 9.0 24 240 M M 5 8 32 230
6 103 81 92 1 0 27 0.00 M M 7.6 21 310 M M 0 27 310
7 105 83 94 3 0 29 0.00 M M 4.3 12 240 M M 0 19 110
8 104 86 95 4 0 30 0.00 M M 7.2 21 140 M M 0 25 140
9 98 85 92 1 0 27 T M M 9.0 20 120 M M 0 25 110
10 96 82 89 -2 0 24 0.00 M M 6.2 17 150 M M 0 21 140
11 100 79 90 -1 0 25 0.81 M M 7.1 39 80 M M 1 3 64 70
12 98 79 89 -1 0 24 T M M 5.6 26 100 M M 1 3 37 90
13 91 79 85 -5 0 20 0.00 M M 2.9 9 170 M M 1 12 170
14 97 82 90 0 0 25 0.00 M M 5.4 26 70 M M 0 3 36 60
15 97 80 89 -1 0 24 0.00 M M 7.1 36 320 M M 1 3 46 310
16 102 81 92 2 0 27 0.00 M M 6.8 23 310 M M 0 33 320
17 105 84 95 5 0 30 0.00 M M 5.2 22 190 M M 1 27 190
18 101 79 90 0 0 25 0.03 M M 7.0 25 330 M M 2 3 32 330
19 102 79 91 1 0 26 0.00 M M 5.4 13 330 M M 0 18 320
20 100 82 91 2 0 26 0.00 M M 6.4 21 260 M M 0 26 270
21 105 85 95 6 0 30 0.00 M M 6.7 24 60 M M 0 35 70
22 106 83 95 6 0 30 0.00 M M 5.7 13 60 M M 0 17 170
23 108 81 95 6 0 30 0.00 M M 4.6 16 160 M M 0 24 150
24 104 85 95 6 0 30 0.00 M M 9.5 29 260 M M 1 8 37 260
25 99 81 90 1 0 25 0.00 M M 6.2 17 340 M M 0 22 330
26 104 83 94 6 0 29 0.00 M M 4.8 15 330 M M 0 25 300
27 106 82 94 6 0 29 0.00 M M 7.0 22 190 M M 0 32 200
28 104 80 92 4 0 27 0.00 M M 9.2 22 110 M M 0 31 170
29 104 82 93 5 0 28 0.00 M M 3.6 14 160 M M 0 22 170
30 110 86 98 10 0 33 0.00 M M 4.6 13 270 M M 0 19 290
31 111 87 99 12 0 34 0.00 M M 7.1 16 330 M M 0 22 340
================================================================================
SM 3161 2542 0 843 0.84 M 198.6 M 15
================================================================================
AV102.0 82.0 6.4 FASTST M M 0 MAX(MPH)
MISC ----> 39 80 64 70
================================================================================
NOTES:
# LAST OF SEVERAL OCCURRENCES
COLUMN 17 PEAK WIND IN M.P.H.
PRELIMINARY LOCAL CLIMATOLOGICAL DATA (WS FORM: F-6) , PAGE 2
STATION: NORTH_LAS_VEGAS NV
MONTH: AUGUST
YEAR: 2022
LATITUDE: 36 12 N
LONGITUDE: 115 12 W
[TEMPERATURE DATA] [PRECIPITATION DATA] SYMBOLS USED IN COLUMN 16
AVERAGE MONTHLY: 92.0 TOTAL FOR MONTH: 0.84 1 = FOG OR MIST
DPTR FM NORMAL: 2.2 DPTR FM NORMAL: 0.62 2 = FOG REDUCING VISIBILITY
HIGHEST: 111 ON 31 GRTST 24HR 0.81 ON 11-11 TO 1/4 MILE OR LESS
LOWEST: 76 ON 5 3 = THUNDER
SNOW, ICE PELLETS, HAIL 4 = ICE PELLETS
TOTAL MONTH: M 5 = HAIL
GRTST 24HR M ON M 6 = FREEZING RAIN OR DRIZZLE
GRTST DEPTH: M ON M 7 = DUSTSTORM OR SANDSTORM:
VSBY 1/2 MILE OR LESS
8 = SMOKE OR HAZE
[NO. OF DAYS WITH] [WEATHER - DAYS WITH] 9 = BLOWING SNOW
X = TORNADO
MAX 32 OR BELOW: 0 0.01 INCH OR MORE: 2
MAX 90 OR ABOVE: 31 0.10 INCH OR MORE: 1
MIN 32 OR BELOW: 0 0.50 INCH OR MORE: 1
MIN 0 OR BELOW: 0 1.00 INCH OR MORE: 0
[HDD (BASE 65) ]
TOTAL THIS MO. 0 CLEAR (SCALE 0-3) 30
DPTR FM NORMAL 0 PTCLDY (SCALE 4-7) 1
TOTAL FM JUL 1 0 CLOUDY (SCALE 8-10) 0
DPTR FM NORMAL 0
[CDD (BASE 65) ]
TOTAL THIS MO. 843
DPTR FM NORMAL 74 [PRESSURE DATA]
TOTAL FM JAN 1 3182 HIGHEST SLP M ON M
DPTR FM NORMAL 466 LOWEST SLP 29.62 ON 27
[REMARKS]
#FINAL-08-22#