000
CXUS56 KLOX 011155
CF6VNY
PRELIMINARY LOCAL CLIMATOLOGICAL DATA (WS FORM: F-6)
STATION: VAN NUYS AIRPORT CA
MONTH: OCTOBER
YEAR: 2022
LATITUDE: 34 13 N
LONGITUDE: 118 29 W
TEMPERATURE IN F: :PCPN: SNOW: WIND :SUNSHINE: SKY :PK WND
================================================================================
1 2 3 4 5 6A 6B 7 8 9 10 11 12 13 14 15 16 17 18
12Z AVG MX 2MIN
DY MAX MIN AVG DEP HDD CDD WTR SNW DPTH SPD SPD DIR MIN PSBL S-S WX SPD DR
================================================================================
1 82 65 74 1 0 9 0.00 M M 5.6 13 150 M M 4 17 150
2 88 65 77 4 0 12 0.00 M M 3.5 10 140 M M 4 13 150
3 90 63 77 5 0 12 0.00 M M 2.4 12 140 M M 0 16 140
4 92 64 78 6 0 13 0.00 M M 3.8 12 110 M M 0 15 130
5 90 64 77 5 0 12 0.00 M M 4.3 13 150 M M 0 8 16 150
6 87 67 77 5 0 12 0.00 M M 4.3 12 140 M M 5 8 17 140
7 92 65 79 7 0 14 0.00 M M 4.2 14 150 M M 3 18 18 130
8 93 65 79 8 0 14 0.00 M M 3.8 13 130 M M 0 8 16 150
9 88 64 76 5 0 11 0.00 M M 4.9 12 140 M M 2 18 16 130
10 85 63 74 3 0 9 0.00 M M 4.3 10 30 M M 3 18 13 120
11 84 64 74 3 0 9 T M M 4.6 18 130 M M 6 38 23 130
12 87 66 77 7 0 12 0.00 M M 4.9 17 160 M M 4 38 21 150
13 83 65 74 4 0 9 0.00 M M 4.3 12 140 M M 6 8 18 80
14 77 65 71 1 0 6 0.00 M M 4.2 14 170 M M 8 8 18 160
15 72 65 69 -1 0 4 0.00 M M 5.2 13 100 M M 10 8 16 100
16 76 61 69 -1 0 4 0.00 M M 2.9 12 140 M M 3 16 110
17 88 58 73 3 0 8 0.00 M M 2.2 12 140 M M 0 15 140
18 96 62 79 10 0 14 0.00 M M 3.5 15 160 M M 0 8 17 160
19 96 63 80 11 0 15 0.00 M M 2.9 12 170 M M 0 14 240
20 93 67 80 11 0 15 0.00 M M 3.4 14 150 M M 0 17 150
21 84 62 73 4 0 8 0.00 M M 5.1 13 150 M M 1 18 16 150
22 73 62 68 0 0 3 T M M 7.8 18 170 M M 9 8 23 170
23 78 59 69 1 0 4 0.01 M M 9.2 21 10 M M 1 27 350
24 80 57 69 1 0 4 0.00 M M 8.2 26 360 M M 0 32 360
25 81 52 67 -1 0 2 0.00 M M 2.8 14 170 M M 0 16 160
26 78 53 66 -2 0 1 0.00 M M 3.4 13 120 M M 0 18 130
27 81 53 67 -1 0 2 0.00 M M 2.2 12 140 M M 1 14 160
28 81 53 67 0 0 2 0.00 M M 2.1 10 150 M M 0 8 14 160
29 87 52 70 3 0 5 0.00 M M 4.4 16 360 M M 0 22 350
30 88 54 71 4 0 6 0.00 M M 3.0 12 140 M M 0 17 120
31 85 54 70 3 0 5 0.00 M M 2.5 13 160 M M 0 14 160
================================================================================
SM 2635 1892 0 256 0.01 M 129.9 M 70
================================================================================
AV 85.0 61.0 4.2 FASTST M M 2 MAX(MPH)
MISC ----> 26 360 32 360
================================================================================
NOTES:
# LAST OF SEVERAL OCCURRENCES
COLUMN 17 PEAK WIND IN M.P.H.
PRELIMINARY LOCAL CLIMATOLOGICAL DATA (WS FORM: F-6) , PAGE 2
STATION: VAN NUYS AIRPORT CA
MONTH: OCTOBER
YEAR: 2022
LATITUDE: 34 13 N
LONGITUDE: 118 29 W
[TEMPERATURE DATA] [PRECIPITATION DATA] SYMBOLS USED IN COLUMN 16
AVERAGE MONTHLY: 73.0 TOTAL FOR MONTH: 0.01 1 = FOG OR MIST
DPTR FM NORMAL: 3.2 DPTR FM NORMAL: -0.47 2 = FOG REDUCING VISIBILITY
HIGHEST: 96 ON 19,18 GRTST 24HR 0.01 ON 22-23 TO 1/4 MILE OR LESS
LOWEST: 52 ON 29,25 3 = THUNDER
SNOW, ICE PELLETS, HAIL 4 = ICE PELLETS
TOTAL MONTH: M 5 = HAIL
GRTST 24HR M ON M 6 = FREEZING RAIN OR DRIZZLE
GRTST DEPTH: M ON M 7 = DUSTSTORM OR SANDSTORM:
VSBY 1/2 MILE OR LESS
8 = SMOKE OR HAZE
[NO. OF DAYS WITH] [WEATHER - DAYS WITH] 9 = BLOWING SNOW
X = TORNADO
MAX 32 OR BELOW: 0 0.01 INCH OR MORE: 1
MAX 90 OR ABOVE: 8 0.10 INCH OR MORE: 0
MIN 32 OR BELOW: 0 0.50 INCH OR MORE: 0
MIN 0 OR BELOW: 0 1.00 INCH OR MORE: 0
[HDD (BASE 65) ]
TOTAL THIS MO. 0 CLEAR (SCALE 0-3) 21
DPTR FM NORMAL -25 PTCLDY (SCALE 4-7) 8
TOTAL FM JUL 1 0 CLOUDY (SCALE 8-10) 2
DPTR FM NORMAL -26
[CDD (BASE 65) ]
TOTAL THIS MO. 256
DPTR FM NORMAL 83 [PRESSURE DATA]
TOTAL FM JAN 1 2603 HIGHEST SLP M ON M
DPTR FM NORMAL 814 LOWEST SLP 29.70 ON 22
[REMARKS]
#FINAL-10-22#