000
CXUS56 KLOX 011255
CF6VNY
PRELIMINARY LOCAL CLIMATOLOGICAL DATA (WS FORM: F-6)
STATION: VAN NUYS AIRPORT CA
MONTH: DECEMBER
YEAR: 2021
LATITUDE: 34 13 N
LONGITUDE: 118 29 W
TEMPERATURE IN F: :PCPN: SNOW: WIND :SUNSHINE: SKY :PK WND
================================================================================
1 2 3 4 5 6A 6B 7 8 9 10 11 12 13 14 15 16 17 18
12Z AVG MX 2MIN
DY MAX MIN AVG DEP HDD CDD WTR SNW DPTH SPD SPD DIR MIN PSBL S-S WX SPD DR
================================================================================
1 89 52 71 13 0 6 0.00 M M 1.6 12 150 M M 0 15 160
2 74 48 61 4 4 0 0.00 M M 2.9 12 120 M M 1 18 16 80
3 70 50 60 3 5 0 0.00 M M 2.1 8 130 M M 5 18 9 130
4 70 51 61 4 4 0 0.00 M M 1.4 6 340 M M 4 18 10 320
5 73 44 59 2 6 0 0.00 M M 2.8 10 120 M M 2 128 14 130
6 75 45 60 4 5 0 0.00 M M 3.6 10 160 M M 2 18 15 140
7 65 52 59 3 6 0 0.03 M M 2.9 8 180 M M 7 18 14 230
8 69 46 58 2 7 0 0.00 M M 2.9 13 160 M M 1 18 15 150
9 57 47 52 -4 13 0 0.05 M M 4.9 20 340 M M 7 18 27 330
10 62 46 54 -2 11 0 0.00 M M 4.9 13 350 M M 0 16 350
11 68 41 55 -1 10 0 0.00 M M 2.7 12 350 M M 0 16 350
12 67 38 53 -3 12 0 0.00 M M 1.8 9 170 M M 0 11 140
13 57 43 50 -6 15 0 0.06 M M 5.7 16 130 M M 8 1 22 150
14 58 41 50 -6 15 0 1.26 M M 9.0 26 170 M M 7 18 35 150
15 58 37 48 -8 17 0 0.00 M M 2.7 14 160 M M 0 8 15 160
16 55 36 46 -10 19 0 0.04 M M 1.0 8 130 M M 5 18 11 140
17 66 41 54 -2 11 0 0.00 M M 13.4 24 360 M M 2 12 33 350
18 68 46 57 1 8 0 0.00 M M 11.6 20 350 M M 0 26 360
19 69 38 54 -2 11 0 0.00 M M 1.6 9 150 M M 0 13 150
20 68 37 53 -3 12 0 0.00 M M 2.3 13 360 M M 0 18 16 10
21 71 49 60 4 5 0 0.00 M M 2.6 12 20 M M 0 16 10
22 65 46 56 0 9 0 T M M 0.8 9 310 M M 3 11 310
23 59 52 56 0 9 0 1.94 M M 5.8 21 150 M M 10 1 27 150
24 61 49 55 -1 10 0 0.35 M M 3.8 15 180 M M 6 1 17 180
25 56 49 53 -3 12 0 0.32 M M 6.6 17 160 M M 10 1 22 160
26 58 42 50 -6 15 0 0.00 M M 1.8 12 160 M M 2 14 180
27 53 39 46 -10 19 0 0.12 M M 2.9 12 150 M M 6 1 15 150
28 56 41 49 -7 16 0 0.00 M M 2.3 13 160 M M 4 17 150
29 52 44 48 -8 17 0 0.79 M M 7.6 16 120 M M 9 1 21 130
30 54 49 52 -4 13 0 2.92 M M 6.6 16 110 M M 10 1 22 120
31 62 44 53 -4 12 0 0.00 M M 7.2 22 360 M M 3 12 27 360
================================================================================
SM 1985 1383 328 6 7.88 M 129.8 M 114
================================================================================
AV 64.0 44.6 4.2 FASTST M M 4 MAX(MPH)
MISC ----> 26 170 35 150
================================================================================
NOTES:
# LAST OF SEVERAL OCCURRENCES
COLUMN 17 PEAK WIND IN M.P.H.
PRELIMINARY LOCAL CLIMATOLOGICAL DATA (WS FORM: F-6) , PAGE 2
STATION: VAN NUYS AIRPORT CA
MONTH: DECEMBER
YEAR: 2021
LATITUDE: 34 13 N
LONGITUDE: 118 29 W
[TEMPERATURE DATA] [PRECIPITATION DATA] SYMBOLS USED IN COLUMN 16
AVERAGE MONTHLY: 54.3 TOTAL FOR MONTH: 7.88 1 = FOG OR MIST
DPTR FM NORMAL: -1.8 DPTR FM NORMAL: 5.93 2 = FOG REDUCING VISIBILITY
HIGHEST: 89 ON 1 GRTST 24HR 3.57 ON 29-30 TO 1/4 MILE OR LESS
LOWEST: 36 ON 16 3 = THUNDER
SNOW, ICE PELLETS, HAIL 4 = ICE PELLETS
TOTAL MONTH: M 5 = HAIL
GRTST 24HR M ON M 6 = FREEZING RAIN OR DRIZZLE
GRTST DEPTH: M ON M 7 = DUSTSTORM OR SANDSTORM:
VSBY 1/2 MILE OR LESS
8 = SMOKE OR HAZE
[NO. OF DAYS WITH] [WEATHER - DAYS WITH] 9 = BLOWING SNOW
X = TORNADO
MAX 32 OR BELOW: 0 0.01 INCH OR MORE: 11
MAX 90 OR ABOVE: 0 0.10 INCH OR MORE: 7
MIN 32 OR BELOW: 0 0.50 INCH OR MORE: 4
MIN 0 OR BELOW: 0 1.00 INCH OR MORE: 3
[HDD (BASE 65) ]
TOTAL THIS MO. 328 CLEAR (SCALE 0-3) 16
DPTR FM NORMAL 48 PTCLDY (SCALE 4-7) 11
TOTAL FM JUL 1 385 CLOUDY (SCALE 8-10) 4
DPTR FM NORMAL -52
[CDD (BASE 65) ]
TOTAL THIS MO. 6
DPTR FM NORMAL 1 [PRESSURE DATA]
TOTAL FM JAN 1 2214 HIGHEST SLP 30.24 ON 15
DPTR FM NORMAL 377 LOWEST SLP 29.65 ON 31
[REMARKS]
#FINAL-12-21#