000
CXUS52 KFFC 011110
CF6VPC
PRELIMINARY LOCAL CLIMATOLOGICAL DATA (WS FORM: F-6)
STATION: CARTERSVILLE
MONTH: DECEMBER
YEAR: 2020
LATITUDE: 34 7 N
LONGITUDE: 84 51 W
TEMPERATURE IN F: :PCPN: SNOW: WIND :SUNSHINE: SKY :PK WND
================================================================================
1 2 3 4 5 6A 6B 7 8 9 10 11 12 13 14 15 16 17 18
12Z AVG MX 2MIN
DY MAX MIN AVG DEP HDD CDD WTR SNW DPTH SPD SPD DIR MIN PSBL S-S WX SPD DR
================================================================================
1 43 27 35 -11 30 0 0.00 M M 1.8 8 330 M M 2 12 350
2 53 24 39 -7 26 0 0.00 M M 2.0 12 360 M M 0 17 360
3 59 24 42 -3 23 0 0.00 M M 2.2 13 170 M M 4 1 17 170
4 54 39 47 2 18 0 0.44 M M 3.5 9 120 M M 8 1 16 320
5 57 36 47 2 18 0 0.00 0.0 M 0.8 7 340 M M 2 1 14 340
6 58 30 44 0 21 0 0.00 0.0 M 0.3 5 210 M M 2 1 9 200
7 49 34 42 -2 23 0 0.00 M M 3.2 15 350 M M 8 22 340
8 49 28 39 -5 26 0 0.00 M M 2.3 13 350 M M 0 8 18 340
9 62 25 44 0 21 0 0.00 M M 0.5 6 230 M M 0 9 200
10 69 33 51 8 14 0 0.00 M M 0.2 5 20 M M 0 7 190
11 67 37 52 9 13 0 0.00 M M 2.7 12 150 M M 0 16 160
12 68 48 58 15 7 0 0.06 M M 4.4 17 170 M M 9 1 26 180
13 67 45 56 13 9 0 0.52 M M 1.2 7 50 M M 7 12 9 80
14 65 38 52 9 13 0 0.72 M M 6.8 16 360 M M 8 1 28 350
15 53 30 42 0 23 0 0.00 M M 4.6 14 110 M M 3 1 23 120
16 47 40 44 2 21 0 0.26 M M 3.9 14 110 M M 10 1 22 110
17 43 29 36 -6 29 0 0.00 M M 1.6 8 360 M M 7 11 230
18 51 27 39 -3 26 0 0.00 M M 2.0 10 350 M M 0 18 15 360
19 55 25 40 -2 25 0 0.00 M M 2.6 13 120 M M 2 18 140
20 57 38 48 6 17 0 0.00 M M 1.5 9 140 M M 9 1 12 130
21 60 38 49 7 16 0 0.00 0.0 M 1.2 8 210 M M 5 1 12 240
22 61 32 47 6 18 0 0.00 M M 2.6 15 10 M M 0 19 360
23 61 29 45 4 20 0 T M M 4.8 15 140 M M 2 21 150
24 57 31 44 3 21 0 1.38 T M 3.3 14 130 M M 10 1 20 140
25 33 24 29 -12 36 0 0.00 M M 2.1 8 240 M M 2 18 200
26 47 19 33 -8 32 0 0.00 M M 0.8 7 200 M M 0 10 180
27 59 23 41 0 24 0 0.00 M M 1.8 13 160 M M 0 15 170
28 56 29 43 2 22 0 0.00 M M 0.5 5 30 M M 5 1 6 130
29 61 35 48 7 17 0 0.00 M M 1.5 9 10 M M 4 128 13 360
30 55 46 51 10 14 0 0.00 M M 7.6 15 120 M M 7 22 120
31 59 47 53 12 12 0 0.12 M M 3.9 9 90 M M 10 18 13 90
================================================================================
SM 1735 1010 635 0 3.50 T 78.2 M 126
================================================================================
AV 56.0 32.6 2.5 FASTST M M 4 MAX(MPH)
MISC ----> 17 170 28 350
================================================================================
NOTES:
# LAST OF SEVERAL OCCURRENCES
COLUMN 17 PEAK WIND IN M.P.H.
PRELIMINARY LOCAL CLIMATOLOGICAL DATA (WS FORM: F-6) , PAGE 2
STATION: CARTERSVILLE
MONTH: DECEMBER
YEAR: 2020
LATITUDE: 34 7 N
LONGITUDE: 84 51 W
[TEMPERATURE DATA] [PRECIPITATION DATA] SYMBOLS USED IN COLUMN 16
AVERAGE MONTHLY: 44.3 TOTAL FOR MONTH: 3.50 1 = FOG OR MIST
DPTR FM NORMAL: 1.6 DPTR FM NORMAL: -0.74 2 = FOG REDUCING VISIBILITY
HIGHEST: 69 ON 10 GRTST 24HR 1.38 ON 24-24 TO 1/4 MILE OR LESS
LOWEST: 19 ON 26 3 = THUNDER
SNOW, ICE PELLETS, HAIL 4 = ICE PELLETS
TOTAL MONTH: T 5 = HAIL
GRTST 24HR T ON 24-24 6 = FREEZING RAIN OR DRIZZLE
GRTST DEPTH: M ON M 7 = DUSTSTORM OR SANDSTORM:
VSBY 1/2 MILE OR LESS
8 = SMOKE OR HAZE
[NO. OF DAYS WITH] [WEATHER - DAYS WITH] 9 = BLOWING SNOW
X = TORNADO
MAX 32 OR BELOW: 0 0.01 INCH OR MORE: 7
MAX 90 OR ABOVE: 0 0.10 INCH OR MORE: 6
MIN 32 OR BELOW: 17 0.50 INCH OR MORE: 3
MIN 0 OR BELOW: 0 1.00 INCH OR MORE: 1
[HDD (BASE 65) ]
TOTAL THIS MO. 635 CLEAR (SCALE 0-3) 16
DPTR FM NORMAL -58 PTCLDY (SCALE 4-7) 10
TOTAL FM JUL 1 998 CLOUDY (SCALE 8-10) 5
DPTR FM NORMAL -304
[CDD (BASE 65) ]
TOTAL THIS MO. 0
DPTR FM NORMAL 0 [PRESSURE DATA]
TOTAL FM JAN 1 1971 HIGHEST SLP 30.45 ON 29
DPTR FM NORMAL 457 LOWEST SLP 29.60 ON 14
[REMARKS]
#FINAL-12-20#