000
CXUS51 KBTV 010700
CF6VSF
PRELIMINARY LOCAL CLIMATOLOGICAL DATA (WS FORM: F-6)
STATION: SPRINGFIELD VT
MONTH: AUGUST
YEAR: 2020
LATITUDE: 43 19 N
LONGITUDE: 72 31 W
TEMPERATURE IN F: :PCPN: SNOW: WIND :SUNSHINE: SKY :PK WND
================================================================================
1 2 3 4 5 6A 6B 7 8 9 10 11 12 13 14 15 16 17 18
12Z AVG MX 2MIN
DY MAX MIN AVG DEP HDD CDD WTR SNW DPTH SPD SPD DIR MIN PSBL S-S WX SPD DR
================================================================================
1 87 56 72 3 0 7 0.00 M M 1.6 9 40 M M 1 12 40
2 79 61 70 2 0 5 0.11 M M 2.5 15 160 M M 8 22 160
3 84 65 75 7 0 10 T M M 6.5 20 270 M M 4 1 28 260
4 75 64 70 2 0 5 1.29 M M 4.9 18 270 M M 8 1 31 150
5 82 55 69 1 0 4 0.00 M M 5.8 18 250 M M 2 1 27 250
6 79 51 65 -3 0 0 0.00 M M 1.7 12 260 M M 1 12 19 270
7 80 51 66 -2 0 1 0.01 M M 0.8 9 120 M M 4 13 170
8 79 63 71 3 0 6 1.95 M M 1.9 13 200 M M 7 13 20 210
9 87 63 75 7 0 10 0.00 M M 2.0 14 260 M M 7 1 20 230
10 89 64 77 9 0 12 T M M 2.5 13 300 M M 4 123 17 300
11 91 63 77 9 0 12 0.03 M M 3.4 16 180 M M 1 1 22 180
12 87 63 75 7 0 10 0.00 M M 3.4 13 290 M M 1 19 270
13 86 58 72 4 0 7 0.00 M M 1.0 7 40 M M 3 1 10 80
14 85 57 71 3 0 6 0.00 M M 1.7 9 330 M M 3 1 13 340
15 78 56 67 -1 0 2 0.00 M M 3.3 14 110 M M 3 18 110
16 73 57 65 -2 0 0 0.00 M M 1.5 12 110 M M 8 1 16 110
17 80 57 69 2 0 4 0.02 M M 1.8 9 250 M M 5 13 250
18 80 57 69 2 0 4 0.21 M M 4.0 18 310 M M 6 1 27 310
19 74 51 63 -4 2 0 0.02 M M 2.1 24 300 M M 5 1 35 280
20 75 47 61 -6 4 0 0.00 M M 2.9 14 270 M M 3 1 21 280
21 86 49 68 1 0 3 0.35 M M 2.6 28 310 M M 3 13 35 320
22 83 60 72 5 0 7 0.08 M M 2.7 15 270 M M 6 13 20 280
23 88 58 73 7 0 8 0.24 M M 1.7 18 310 M M 5 13 29 320
24 87 62 75 9 0 10 0.02 M M 1.5 10 150 M M 6 13 14 140
25 83 62 73 7 0 8 0.05 M M 4.6 20 280 M M 5 13 28 280
26 69 49 59 -7 6 0 0.00 M M 4.9 20 260 M M 0 25 270
27 58 45 52 -14 13 0 0.21 M M 0.1 5 360 M M 7 1 6 250
28 75 56 66 0 0 1 T M M 3.4 16 270 M M 5 23 280
29 66 56 61 -4 4 0 0.72 M M 1.0 10 260 M M 9 1 14 260
30 68 48 58 -7 7 0 T M M 6.2 17 310 M M 6 23 300
31 73 43 58 -7 7 0 0.00 M M 1.7 9 190 M M 3 12 13 170
================================================================================
SM 2466 1747 43 142 5.31 M 85.7 M 139
================================================================================
AV 79.5 56.4 2.8 FASTST M M 4 MAX(MPH)
MISC ----> 28 310 # 35 280
================================================================================
NOTES:
# LAST OF SEVERAL OCCURRENCES
COLUMN 17 PEAK WIND IN M.P.H.
PRELIMINARY LOCAL CLIMATOLOGICAL DATA (WS FORM: F-6) , PAGE 2
STATION: SPRINGFIELD VT
MONTH: AUGUST
YEAR: 2020
LATITUDE: 43 19 N
LONGITUDE: 72 31 W
[TEMPERATURE DATA] [PRECIPITATION DATA] SYMBOLS USED IN COLUMN 16
AVERAGE MONTHLY: 68.0 TOTAL FOR MONTH: 5.31 1 = FOG OR MIST
DPTR FM NORMAL: 0.8 DPTR FM NORMAL: 1.53 2 = FOG REDUCING VISIBILITY
HIGHEST: 91 ON 11 GRTST 24HR 1.95 ON 7- 8 TO 1/4 MILE OR LESS
LOWEST: 43 ON 31 3 = THUNDER
SNOW, ICE PELLETS, HAIL 4 = ICE PELLETS
TOTAL MONTH: M 5 = HAIL
GRTST 24HR M ON M 6 = FREEZING RAIN OR DRIZZLE
GRTST DEPTH: M ON M 7 = DUSTSTORM OR SANDSTORM:
VSBY 1/2 MILE OR LESS
8 = SMOKE OR HAZE
[NO. OF DAYS WITH] [WEATHER - DAYS WITH] 9 = BLOWING SNOW
X = TORNADO
MAX 32 OR BELOW: 0 0.01 INCH OR MORE: 15
MAX 90 OR ABOVE: 1 0.10 INCH OR MORE: 8
MIN 32 OR BELOW: 0 0.50 INCH OR MORE: 3
MIN 0 OR BELOW: 0 1.00 INCH OR MORE: 2
[HDD (BASE 65) ]
TOTAL THIS MO. 43 CLEAR (SCALE 0-3) 9
DPTR FM NORMAL 5 PTCLDY (SCALE 4-7) 21
TOTAL FM JUL 1 43 CLOUDY (SCALE 8-10) 1
DPTR FM NORMAL -12
[CDD (BASE 65) ]
TOTAL THIS MO. 142
DPTR FM NORMAL 36 [PRESSURE DATA]
TOTAL FM JAN 1 582 HIGHEST SLP M ON M
DPTR FM NORMAL 261 LOWEST SLP 29.41 ON 29
[REMARKS]
#FINAL-08-20#