000
CXUS55 KLBF 011410
CF6VTN
PRELIMINARY LOCAL CLIMATOLOGICAL DATA (WS FORM: F-6)
STATION: VALENTINE
MONTH: SEPTEMBER
YEAR: 2021
LATITUDE: 42 52 N
LONGITUDE: 100 33 W
TEMPERATURE IN F: :PCPN: SNOW: WIND :SUNSHINE: SKY :PK WND
================================================================================
1 2 3 4 5 6A 6B 7 8 9 10 11 12 13 14 15 16 17 18
12Z AVG MX 2MIN
DY MAX MIN AVG DEP HDD CDD WTR SNW DPTH SPD SPD DIR MIN PSBL S-S WX SPD DR
================================================================================
1 83 63 73 3 0 8 0.00 0.0 0 13.8 23 160 M M 6 30 160
2 80 65 73 3 0 8 2.31 0.0 0 12.8 33 150 M M 7 13 46 160
3 80 65 73 4 0 8 T 0.0 0 8.6 15 350 M M 5 18 22 340
4 82 54 68 -1 0 3 0.00 0.0 0 3.3 9 70 M M 0 12 20
5 89 53 71 2 0 6 0.00 0.0 0 5.0 12 360 M M 0 1 17 350
6 96 54 75 7 0 10 0.00 0.0 0 5.3 14 240 M M 0 22 300
7 81 54 68 0 0 3 0.00 0.0 0 10.0 21 350 M M 0 30 360
8 83 46 65 -3 0 0 0.00 0.0 0 6.0 15 40 M M 0 19 40
9 87 47 67 0 0 2 0.00 0.0 0 6.6 20 170 M M 0 24 170
10 93 56 75 8 0 10 0.00 0.0 0 6.9 14 110 M M 0 18 120
11 87 59 73 7 0 8 0.02 0.0 0 7.7 18 30 M M 2 1238 25 40
12 79 57 68 2 0 3 0.33 0.0 0 8.1 22 220 M M 1 3 29 210
13 79 57 68 2 0 3 0.11 0.0 0 7.3 16 320 M M 5 123 21 310
14 80 55 68 3 0 3 0.16 0.0 0 6.1 20 280 M M 2 1 27 280
15 86 56 71 6 0 6 0.03 0.0 0 16.1 36 190 M M 1 45 190
16 94 60 77 13 0 12 0.40 0.0 0 14.7 28 200 M M 1 3 40 200
17 71 50 61 -3 4 0 0.00 0.0 0 10.2 23 360 M M 2 8 34 360
18 90 57 74 11 0 9 0.00 0.0 0 15.0 28 190 M M 0 36 190
19 92 66 79 16 0 14 0.00 0.0 0 13.8 33 190 M M 0 8 47 190
20 70 51 61 -1 4 0 0.13 0.0 0 14.3 30 330 M M 6 1 45 340
21 70 46 58 -4 7 0 0.00 0.0 0 7.8 17 330 M M 4 22 330
22 82 43 63 1 2 0 0.00 0.0 0 7.7 18 180 M M 0 27 180
23 86 44 65 4 0 0 0.00 0.0 0 5.5 14 340 M M 0 17 320
24 71 43 57 -3 8 0 0.01 0.0 0 9.3 21 330 M M 3 32 350
25 87 40 64 4 1 0 0.00 0.0 0 5.7 16 250 M M 0 22 260
26 94 49 72 13 0 7 0.00 0.0 M 7.1 16 210 M M 0 23 200
27 96 47 72 13 0 7 0.00 0.0 0 9.5 20 160 M M 0 27 160
28 95 55 75 17 0 10 0.00 0.0 0 11.1 26 170 M M 0 36 170
29 74 52 63 5 2 0 0.41 0.0 0 10.1 20 320 M M 5 1 27 320
30 65 51 58 1 7 0 0.10 0.0 0 11.1 18 340 M M 10 1 28 320
================================================================================
SM 2502 1595 35 140 4.01 0.0 276.5 M 60
================================================================================
AV 83.4 53.2 9.2 FASTST M M 2 MAX(MPH)
MISC ----> 36 190 47 190
================================================================================
NOTES:
# LAST OF SEVERAL OCCURRENCES
COLUMN 17 PEAK WIND IN M.P.H.
PRELIMINARY LOCAL CLIMATOLOGICAL DATA (WS FORM: F-6) , PAGE 2
STATION: VALENTINE
MONTH: SEPTEMBER
YEAR: 2021
LATITUDE: 42 52 N
LONGITUDE: 100 33 W
[TEMPERATURE DATA] [PRECIPITATION DATA] SYMBOLS USED IN COLUMN 16
AVERAGE MONTHLY: 68.3 TOTAL FOR MONTH: 4.01 1 = FOG OR MIST
DPTR FM NORMAL: 4.1 DPTR FM NORMAL: 2.29 2 = FOG REDUCING VISIBILITY
HIGHEST: 96 ON 27, 6 GRTST 24HR 2.31 ON 2- 2 TO 1/4 MILE OR LESS
LOWEST: 40 ON 25 3 = THUNDER
SNOW, ICE PELLETS, HAIL 4 = ICE PELLETS
TOTAL MONTH: 0.0 INCH 5 = HAIL
GRTST 24HR 0.0 6 = FREEZING RAIN OR DRIZZLE
GRTST DEPTH: 0 7 = DUSTSTORM OR SANDSTORM:
VSBY 1/2 MILE OR LESS
8 = SMOKE OR HAZE
[NO. OF DAYS WITH] [WEATHER - DAYS WITH] 9 = BLOWING SNOW
X = TORNADO
MAX 32 OR BELOW: 0 0.01 INCH OR MORE: 11
MAX 90 OR ABOVE: 8 0.10 INCH OR MORE: 8
MIN 32 OR BELOW: 0 0.50 INCH OR MORE: 1
MIN 0 OR BELOW: 0 1.00 INCH OR MORE: 1
[HDD (BASE 65) ]
TOTAL THIS MO. 35 CLEAR (SCALE 0-3) 22
DPTR FM NORMAL -91 PTCLDY (SCALE 4-7) 7
TOTAL FM JUL 1 35 CLOUDY (SCALE 8-10) 1
DPTR FM NORMAL -111
[CDD (BASE 65) ]
TOTAL THIS MO. 140
DPTR FM NORMAL 39 [PRESSURE DATA]
TOTAL FM JAN 1 1275 HIGHEST SLP 30.42 ON 21
DPTR FM NORMAL 355 LOWEST SLP 29.53 ON 19
[REMARKS]
#FINAL-09-21#