000
CXUS53 KLBF 010745
CLMVTN
CLIMATE REPORT
NATIONAL WEATHER SERVICE NORTH PLATTE NE
245 AM CDT FRI SEP 01 2023
...................................
...THE VALENTINE CLIMATE SUMMARY FOR THE MONTH OF AUGUST 2023...
CLIMATE NORMAL PERIOD 1991 TO 2020
CLIMATE RECORD PERIOD 1885 TO 2023
WEATHER OBSERVED NORMAL DEPART LAST YEAR`S
VALUE DATE(S) VALUE FROM VALUE DATE(S)
NORMAL
................................................................
TEMPERATURE (F)
RECORD
HIGH 109 08/02/2022
LOW 34 08/28/1988
08/30/1935
HIGHEST 104 08/21 101 3 109 08/02
LOWEST 50 08/15 44 6 45 08/30
08/26
AVG. MAXIMUM 87.9 88.4 -0.5 90.3
AVG. MINIMUM 60.1 58.7 1.4 60.6
MEAN 74.0 73.6 0.4 75.5
DAYS MAX >= 90 11 12.4 -1.4 18
DAYS MAX <= 32 0 0.0 0.0 0
DAYS MIN <= 32 0 0.0 0.0 0
DAYS MIN <= 0 0 0.0 0.0 0
PRECIPITATION (INCHES)
RECORD
MAXIMUM 6.71 1966
MINIMUM 0.06 1947
TOTALS 3.21 2.04 1.17 1.78
DAILY AVG. 0.10 0.07 0.03 0.06
DAYS >= .01 11 8.1 2.9 9
DAYS >= .10 3 4.5 -1.5 5
DAYS >= .50 2 1.3 0.7 1
DAYS >= 1.00 1 0.4 0.6 0
GREATEST
24 HR. TOTAL 2.45 08/12 TO 08/13 0.71 08/04 TO 08/04
SNOWFALL (INCHES)
RECORDS
TOTAL 0.0 2002
TOTALS 0.0 0.0 0.0 0.0
SINCE 7/1 0.0 0.0 0.0 MM
SNOWDEPTH AVG. 0 0
DAYS >= 1.0 0 0.0 0.0 0
GREATEST
SNOW DEPTH 0 0 MM
24 HR TOTAL MM
DEGREE DAYS
HEATING TOTAL 3 14 -11 0
SINCE 7/1 14 15 -1 MM
COOLING TOTAL 290 279 11 332
SINCE 1/1 750 819 -69 MM
................................................................
WIND (MPH)
AVERAGE WIND SPEED 9.1
HIGHEST WIND SPEED/DIRECTION 38/010 DATE 08/13
HIGHEST GUST SPEED/DIRECTION 57/010 DATE 08/13
SKY COVER
POSSIBLE SUNSHINE (PERCENT) MM
AVERAGE SKY COVER 0.16
NUMBER OF DAYS FAIR 24
NUMBER OF DAYS PC 7
NUMBER OF DAYS CLOUDY 0
AVERAGE RH (PERCENT) 61
WEATHER CONDITIONS. NUMBER OF DAYS WITH
THUNDERSTORM 11 MIXED PRECIP 0
HEAVY RAIN 3 RAIN 3
LIGHT RAIN 12 FREEZING RAIN 0
LT FREEZING RAIN 0 HAIL 0
HEAVY SNOW 0 SNOW 0
LIGHT SNOW 0 SLEET 0
FOG 11 FOG W/VIS <= 1/4 MILE 0
HAZE 3
- INDICATES NEGATIVE NUMBERS.
R INDICATES RECORD WAS SET OR TIED.
MM INDICATES DATA IS MISSING.
T INDICATES TRACE AMOUNT.
$$