000
CXUS54 KTSA 010850
CF6XNA
PRELIMINARY LOCAL CLIMATOLOGICAL DATA (WS FORM: F-6)
STATION: HIGHFILL ARKANSAS
MONTH: MAY
YEAR: 2023
LATITUDE: 36 16 N
LONGITUDE: 94 19 W
TEMPERATURE IN F: :PCPN: SNOW: WIND :SUNSHINE: SKY :PK WND
================================================================================
1 2 3 4 5 6A 6B 7 8 9 10 11 12 13 14 15 16 17 18
12Z AVG MX 2MIN
DY MAX MIN AVG DEP HDD CDD WTR SNW DPTH SPD SPD DIR MIN PSBL S-S WX SPD DR
================================================================================
1 66 42 54 -8 11 0 0.00 0.0 M 10.2 24 330 M M 0 34 330
2 69 43 56 -6 9 0 0.00 0.0 M 8.2 20 340 M M 0 26 330
3 76 38 57 -6 8 0 0.00 0.0 M 2.6 9 20 M M 0 14 10
4 63 46 55 -8 10 0 0.44 0.0 M 5.6 16 140 M M 7 1 21 130
5 73 53 63 0 2 0 0.00 0.0 M 9.3 18 160 M M 7 22 170
6 88 65 77 13 0 12 0.00 0.0 M 12.4 23 180 M M 2 1 33 210
7 84 67 76 12 0 11 0.00 0.0 M 10.5 22 180 M M 3 31 220
8 85 65 75 11 0 10 0.00 0.0 M 8.9 18 170 M M 1 3 26 180
9 87 61 74 10 0 9 0.07 0.0 M 8.5 30 10 M M 4 13 39 350
10 82 62 72 7 0 7 0.31 0.0 M 6.7 24 80 M M 4 13 39 80
11 78 65 72 7 0 7 0.44 0.0 M 7.7 14 150 M M 7 1 21 150
12 82 68 75 10 0 10 0.09 0.0 M 10.6 20 180 M M 4 3 27 190
13 85 63 74 9 0 9 0.43 0.0 M 7.1 17 300 M M 2 13 29 320
14 83 66 75 9 0 10 0.62 0.0 M 4.1 18 80 M M 3 13 26 80
15 81 67 74 8 0 9 0.07 0.0 M 4.6 18 220 M M 7 13 26 220
16 69 60 65 -1 0 0 0.01 0.0 M 6.7 13 310 M M 10 1 19 300
17 73 60 67 0 0 2 0.00 0.0 M 4.2 9 10 M M 8 1 17 40
18 80 56 68 1 0 3 0.00 0.0 M 3.2 10 150 M M 3 1 17 90
19 72 56 64 -3 1 0 1.66 0.0 M 8.2 22 360 M M 6 13 30 350
20 72 51 62 -5 3 0 0.00 0.0 M 8.1 15 350 M M 1 1 22 70
21 76 50 63 -5 2 0 0.00 0.0 M 2.7 10 120 M M 1 17 110
22 79 52 66 -2 0 1 0.00 0.0 M 2.6 8 80 M M 0 15 110
23 79 56 68 0 0 3 0.00 0.0 M 3.9 10 70 M M 0 22 60
24 81 61 71 2 0 6 0.00 0.0 M 5.0 16 80 M M 1 3 24 80
25 83 57 70 1 0 5 0.00 0.0 M 4.6 15 100 M M 1 1 22 50
26 82 57 70 1 0 5 0.00 0.0 M 4.3 14 50 M M 1 8 22 80
27 82 52 67 -3 0 2 0.00 0.0 M 3.6 10 50 M M 0 15 80
28 83 52 68 -2 0 3 0.00 0.0 M 2.5 9 20 M M 0 17 60
29 84 56 70 0 0 5 0.00 0.0 M 2.8 10 200 M M 2 15 230
30 85 60 73 3 0 8 0.00 0.0 M 3.0 18 80 M M 2 3 24 80
31 86 61 74 3 0 9 0.00 0.0 M 3.9 14 170 M M 1 18 170
================================================================================
SM 2448 1768 46 146 4.14 0.0 186.3 M 88
================================================================================
AV 79.0 57.0 6.0 FASTST M M 3 MAX(MPH)
MISC ----> 30 10 # 39 350
================================================================================
NOTES:
# LAST OF SEVERAL OCCURRENCES
COLUMN 17 PEAK WIND IN M.P.H.
PRELIMINARY LOCAL CLIMATOLOGICAL DATA (WS FORM: F-6) , PAGE 2
STATION: HIGHFILL ARKANSAS
MONTH: MAY
YEAR: 2023
LATITUDE: 36 16 N
LONGITUDE: 94 19 W
[TEMPERATURE DATA] [PRECIPITATION DATA] SYMBOLS USED IN COLUMN 16
AVERAGE MONTHLY: 68.0 TOTAL FOR MONTH: 4.14 1 = FOG OR MIST
DPTR FM NORMAL: 1.7 DPTR FM NORMAL: -1.78 2 = FOG REDUCING VISIBILITY
HIGHEST: 88 ON 6 GRTST 24HR 1.66 ON 19-19 TO 1/4 MILE OR LESS
LOWEST: 38 ON 3 3 = THUNDER
SNOW, ICE PELLETS, HAIL 4 = ICE PELLETS
TOTAL MONTH: 0.0 INCH 5 = HAIL
GRTST 24HR 0.0 6 = FREEZING RAIN OR DRIZZLE
GRTST DEPTH: M ON M 7 = DUSTSTORM OR SANDSTORM:
VSBY 1/2 MILE OR LESS
8 = SMOKE OR HAZE
[NO. OF DAYS WITH] [WEATHER - DAYS WITH] 9 = BLOWING SNOW
X = TORNADO
MAX 32 OR BELOW: 0 0.01 INCH OR MORE: 10
MAX 90 OR ABOVE: 0 0.10 INCH OR MORE: 6
MIN 32 OR BELOW: 0 0.50 INCH OR MORE: 2
MIN 0 OR BELOW: 0 1.00 INCH OR MORE: 1
[HDD (BASE 65) ]
TOTAL THIS MO. 46 CLEAR (SCALE 0-3) 21
DPTR FM NORMAL -26 PTCLDY (SCALE 4-7) 9
TOTAL FM JUL 1 3562 CLOUDY (SCALE 8-10) 1
DPTR FM NORMAL -293
[CDD (BASE 65) ]
TOTAL THIS MO. 146
DPTR FM NORMAL 32 [PRESSURE DATA]
TOTAL FM JAN 1 168 HIGHEST SLP M ON M
DPTR FM NORMAL 18 LOWEST SLP 29.76 ON 11
[REMARKS]
#FINAL-05-23#