000
CXUS54 KTSA 010840
CF6XNA
PRELIMINARY LOCAL CLIMATOLOGICAL DATA (WS FORM: F-6)
STATION: HIGHFILL ARKANSAS
MONTH: JULY
YEAR: 2020
LATITUDE: 36 16 N
LONGITUDE: 94 19 W
TEMPERATURE IN F: :PCPN: SNOW: WIND :SUNSHINE: SKY :PK WND
================================================================================
1 2 3 4 5 6A 6B 7 8 9 10 11 12 13 14 15 16 17 18
12Z AVG MX 2MIN
DY MAX MIN AVG DEP HDD CDD WTR SNW DPTH SPD SPD DIR MIN PSBL S-S WX SPD DR
================================================================================
1 93 73 83 7 0 18 0.00 0.0 0 9.1 18 170 M M 3 25 190
2 95 68 82 6 0 17 0.12 0.0 0 5.6 38 360 M M 2 138 50 360
3 93 66 80 4 0 15 T 0.0 0 4.0 15 20 M M 1 3 20 290
4 85 69 77 1 0 12 0.96 0.0 0 5.2 23 110 M M 6 138 36 120
5 87 68 78 1 0 13 0.05 0.0 0 5.5 26 130 M M 1 13 36 120
6 91 69 80 3 0 15 0.00 0.0 0 5.7 16 150 M M 0 1 24 120
7 91 69 80 3 0 15 0.00 0.0 0 3.4 15 130 M M 1 19 130
8 91 70 81 4 0 16 0.00 0.0 0 4.7 9 180 M M 1 16 90
9 81 66 74 -3 0 9 0.45 0.0 0 5.5 39 330 M M 2 13 58 320
10 88 65 77 0 0 12 0.00 0.0 0 2.3 15 190 M M 2 1 17 180
11 93 68 81 4 0 16 T 0.0 0 8.9 35 180 M M 1 13 62 200
12 91 67 79 2 0 14 T 0.0 0 6.9 22 270 M M 2 31 270
13 82 64 73 -4 0 8 0.00 0.0 0 5.2 16 130 M M 2 22 130
14 94 70 82 5 0 17 0.00 0.0 0 8.7 21 160 M M 1 28 180
15 92 74 83 6 0 18 T 0.0 0 7.4 21 170 M M 0 27 170
16 92 73 83 5 0 18 0.01 0.0 0 5.2 18 340 M M 2 3 24 340
17 95 75 85 7 0 20 T 0.0 0 8.0 18 160 M M 1 3 24 130
18 92 72 82 4 0 17 0.00 0.0 0 10.0 20 170 M M 1 40 180
19 94 73 84 6 0 19 0.01 0.0 0 6.2 15 220 M M 1 22 230
20 92 69 81 3 0 16 0.00 0.0 0 5.3 13 190 M M 0 20 200
21 92 74 83 5 0 18 0.41 0.0 0 7.3 18 210 M M 2 13 28 200
22 92 71 82 4 0 17 0.75 0.0 0 4.9 24 140 M M 3 13 34 140
23 91 68 80 2 0 15 0.00 0.0 0 4.0 15 130 M M 2 18 120
24 94 71 83 5 0 18 0.00 0.0 0 5.2 15 150 M M 1 22 90
25 90 72 81 3 0 16 0.00 0.0 0 7.1 15 160 M M 2 19 160
26 91 71 81 3 0 16 0.00 0.0 0 5.6 13 230 M M 1 20 190
27 88 72 80 2 0 15 0.00 0.0 0 5.9 16 310 M M 1 22 310
28 87 72 80 2 0 15 0.02 0.0 0 3.8 14 80 M M 6 3 19 80
29 85 73 79 1 0 14 0.27 0.0 0 6.7 22 220 M M 8 1 29 230
30 87 68 78 0 0 13 0.51 0.0 0 9.2 25 300 M M 2 13 38 310
31 74 63 69 -9 0 4 0.21 0.0 0 9.7 21 340 M M 8 13 30 340
================================================================================
SM 2783 2163 0 466 3.77 0.0 192.2 M 66
================================================================================
AV 89.8 69.8 6.2 FASTST M M 2 MAX(MPH)
MISC ----> # 39 330 # 62 200
================================================================================
NOTES:
# LAST OF SEVERAL OCCURRENCES
COLUMN 17 PEAK WIND IN M.P.H.
PRELIMINARY LOCAL CLIMATOLOGICAL DATA (WS FORM: F-6) , PAGE 2
STATION: HIGHFILL ARKANSAS
MONTH: JULY
YEAR: 2020
LATITUDE: 36 16 N
LONGITUDE: 94 19 W
[TEMPERATURE DATA] [PRECIPITATION DATA] SYMBOLS USED IN COLUMN 16
AVERAGE MONTHLY: 79.8 TOTAL FOR MONTH: 3.77 1 = FOG OR MIST
DPTR FM NORMAL: 2.5 DPTR FM NORMAL: 0.35 2 = FOG REDUCING VISIBILITY
HIGHEST: 95 ON 17, 2 GRTST 24HR 0.96 ON 4- 4 TO 1/4 MILE OR LESS
LOWEST: 63 ON 31 3 = THUNDER
SNOW, ICE PELLETS, HAIL 4 = ICE PELLETS
TOTAL MONTH: 0.0 INCH 5 = HAIL
GRTST 24HR 0.0 6 = FREEZING RAIN OR DRIZZLE
GRTST DEPTH: 0 7 = DUSTSTORM OR SANDSTORM:
VSBY 1/2 MILE OR LESS
8 = SMOKE OR HAZE
[NO. OF DAYS WITH] [WEATHER - DAYS WITH] 9 = BLOWING SNOW
X = TORNADO
MAX 32 OR BELOW: 0 0.01 INCH OR MORE: 12
MAX 90 OR ABOVE: 21 0.10 INCH OR MORE: 8
MIN 32 OR BELOW: 0 0.50 INCH OR MORE: 3
MIN 0 OR BELOW: 0 1.00 INCH OR MORE: 0
[HDD (BASE 65) ]
TOTAL THIS MO. 0 CLEAR (SCALE 0-3) 27
DPTR FM NORMAL 0 PTCLDY (SCALE 4-7) 4
TOTAL FM JUL 1 0 CLOUDY (SCALE 8-10) 0
DPTR FM NORMAL 0
[CDD (BASE 65) ]
TOTAL THIS MO. 466
DPTR FM NORMAL 85 [PRESSURE DATA]
TOTAL FM JAN 1 906 HIGHEST SLP M ON M
DPTR FM NORMAL 197 LOWEST SLP 29.75 ON 11
[REMARKS]
#FINAL-07-20#